{"id":328,"date":"2023-05-30T16:03:35","date_gmt":"2023-05-30T20:03:35","guid":{"rendered":"https:\/\/www.manaus.am.gov.br\/semulsp\/?page_id=328"},"modified":"2023-07-26T14:20:41","modified_gmt":"2023-07-26T18:20:41","slug":"coleta-no-centro","status":"publish","type":"page","link":"https:\/\/www.manaus.am.gov.br\/semulsp\/servicos-semulsp\/coleta-no-centro\/","title":{"rendered":"Coleta no Centro"},"content":{"rendered":"\n<p>Com a implanta\u00e7\u00e3o da coleta diferenciada no Centro de Manaus, organizando a coleta na \u00e1rea comercial com carros coletores menores, aptos a percorrerem as ruas mais estreitas e um trabalho de sensibiliza\u00e7\u00e3o, junto ao com\u00e9rcio em geral e aos catadores, a Prefeitura aumentou a quantidade de res\u00edduos destinados \u00e0 reciclagem e implantou quatro pontos fixos de coleta seletiva no Centro de Manaus, que est\u00e3o localizados:<\/p>\n\n\n\n<p>&#8211; Rua Miranda Le\u00e3o, em frente da Loja J. Galv\u00e3o;<br>&#8211; Rua S\u00e9rgio Pessoa, ao lado da Igreja dos Rem\u00e9dios;<br>&#8211; Rua dos Bar\u00e9s c\/ Rua Bar\u00e3o de S\u00e3o Domingos;<br>&#8211; Rua Miranda Le\u00e3o com Rua Leovigildo Coelho.<\/p>\n\n\n\n<p>Os quatro mini coletores percorrem as ruas Marechal Deodoro, Guilherme Moreira, Dr. Moreira, Marc\u00edlio Dias, Avenida Sete de Setembro, Avenida Get\u00falio Vargas, Avenida Eduardo Ribeiro, Floriano Peixoto, Saldanha Marinho, Lobo D\u2018Almada, Joaquim Sarmento, Rua da Instala\u00e7\u00e3o, Rui Barbosa, Rua Barroso e Henrique Martins, coletando os res\u00edduos na porta dos estabelecimentos.<\/p>\n","protected":false},"excerpt":{"rendered":"","protected":false},"author":27,"featured_media":0,"parent":493,"menu_order":0,"comment_status":"closed","ping_status":"closed","template":"templates\/turismo.php","meta":{"footnotes":""},"acf":[],"yoast_head":"<!-- This site is optimized with the Yoast SEO plugin v23.0 - https:\/\/yoast.com\/wordpress\/plugins\/seo\/ -->\n<title>Coleta no Centro - SEMULSP<\/title>\n<meta name=\"robots\" content=\"noindex, follow\" \/>\n<meta property=\"og:locale\" content=\"pt_BR\" \/>\n<meta property=\"og:type\" content=\"article\" \/>\n<meta property=\"og:title\" content=\"Coleta no Centro - SEMULSP\" \/>\n<meta property=\"og:url\" content=\"https:\/\/www.manaus.am.gov.br\/semulsp\/servicos-semulsp\/coleta-no-centro\/\" \/>\n<meta property=\"og:site_name\" content=\"SEMULSP\" \/>\n<meta property=\"article:publisher\" content=\"https:\/\/www.facebook.com\/semulspmanaus\" \/>\n<meta property=\"article:modified_time\" content=\"2023-07-26T18:20:41+00:00\" \/>\n<meta property=\"og:image\" content=\"https:\/\/www.manaus.am.gov.br\/semulsp\/wp-content\/uploads\/sites\/23\/2024\/07\/thumb-default-2.png\" \/>\n\t<meta property=\"og:image:width\" content=\"966\" \/>\n\t<meta property=\"og:image:height\" content=\"520\" \/>\n\t<meta property=\"og:image:type\" content=\"image\/png\" \/>\n<meta name=\"twitter:card\" content=\"summary_large_image\" \/>\n<meta name=\"twitter:label1\" content=\"Est. reading time\" \/>\n\t<meta name=\"twitter:data1\" content=\"1 minuto\" \/>\n<script type=\"application\/ld+json\" class=\"yoast-schema-graph\">{\"@context\":\"https:\/\/schema.org\",\"@graph\":[{\"@type\":\"WebPage\",\"@id\":\"https:\/\/www.manaus.am.gov.br\/semulsp\/servicos-semulsp\/coleta-no-centro\/\",\"url\":\"https:\/\/www.manaus.am.gov.br\/semulsp\/servicos-semulsp\/coleta-no-centro\/\",\"name\":\"Coleta no Centro - SEMULSP\",\"isPartOf\":{\"@id\":\"https:\/\/www.manaus.am.gov.br\/semulsp\/#website\"},\"datePublished\":\"2023-05-30T20:03:35+00:00\",\"dateModified\":\"2023-07-26T18:20:41+00:00\",\"breadcrumb\":{\"@id\":\"https:\/\/www.manaus.am.gov.br\/semulsp\/servicos-semulsp\/coleta-no-centro\/#breadcrumb\"},\"inLanguage\":\"pt-BR\",\"potentialAction\":[{\"@type\":\"ReadAction\",\"target\":[\"https:\/\/www.manaus.am.gov.br\/semulsp\/servicos-semulsp\/coleta-no-centro\/\"]}]},{\"@type\":\"BreadcrumbList\",\"@id\":\"https:\/\/www.manaus.am.gov.br\/semulsp\/servicos-semulsp\/coleta-no-centro\/#breadcrumb\",\"itemListElement\":[{\"@type\":\"ListItem\",\"position\":1,\"name\":\"Home\",\"item\":\"https:\/\/www.manaus.am.gov.br\/semulsp\/\"},{\"@type\":\"ListItem\",\"position\":2,\"name\":\"Servi\u00e7os SEMULSP\",\"item\":\"https:\/\/www.manaus.am.gov.br\/semulsp\/servicos-semulsp\/\"},{\"@type\":\"ListItem\",\"position\":3,\"name\":\"Coleta no Centro\"}]},{\"@type\":\"WebSite\",\"@id\":\"https:\/\/www.manaus.am.gov.br\/semulsp\/#website\",\"url\":\"https:\/\/www.manaus.am.gov.br\/semulsp\/\",\"name\":\"SEMULSP\",\"description\":\"Prefeitura de Manaus\",\"publisher\":{\"@id\":\"https:\/\/www.manaus.am.gov.br\/semulsp\/#organization\"},\"alternateName\":\"Secretaria Municipal de Limpeza P\u00fablica\",\"potentialAction\":[{\"@type\":\"SearchAction\",\"target\":{\"@type\":\"EntryPoint\",\"urlTemplate\":\"https:\/\/www.manaus.am.gov.br\/semulsp\/?s={search_term_string}\"},\"query-input\":\"required name=search_term_string\"}],\"inLanguage\":\"pt-BR\"},{\"@type\":\"Organization\",\"@id\":\"https:\/\/www.manaus.am.gov.br\/semulsp\/#organization\",\"name\":\"SEMULSP\",\"alternateName\":\"Secretaria Municipal de Limpeza P\u00fablica\",\"url\":\"https:\/\/www.manaus.am.gov.br\/semulsp\/\",\"logo\":{\"@type\":\"ImageObject\",\"inLanguage\":\"pt-BR\",\"@id\":\"https:\/\/www.manaus.am.gov.br\/semulsp\/#\/schema\/logo\/image\/\",\"url\":\"https:\/\/www.manaus.am.gov.br\/semulsp\/wp-content\/uploads\/sites\/23\/2023\/05\/cropped-favicon.png\",\"contentUrl\":\"https:\/\/www.manaus.am.gov.br\/semulsp\/wp-content\/uploads\/sites\/23\/2023\/05\/cropped-favicon.png\",\"width\":512,\"height\":512,\"caption\":\"SEMULSP\"},\"image\":{\"@id\":\"https:\/\/www.manaus.am.gov.br\/semulsp\/#\/schema\/logo\/image\/\"},\"sameAs\":[\"https:\/\/www.facebook.com\/semulspmanaus\",\"https:\/\/www.instagram.com\/semulspmanaus\/\"]}]}<\/script>\n<!-- \/ Yoast SEO plugin. -->","yoast_head_json":{"title":"Coleta no Centro - SEMULSP","robots":{"index":"noindex","follow":"follow"},"og_locale":"pt_BR","og_type":"article","og_title":"Coleta no Centro - SEMULSP","og_url":"https:\/\/www.manaus.am.gov.br\/semulsp\/servicos-semulsp\/coleta-no-centro\/","og_site_name":"SEMULSP","article_publisher":"https:\/\/www.facebook.com\/semulspmanaus","article_modified_time":"2023-07-26T18:20:41+00:00","og_image":[{"width":966,"height":520,"url":"https:\/\/www.manaus.am.gov.br\/semulsp\/wp-content\/uploads\/sites\/23\/2024\/07\/thumb-default-2.png","type":"image\/png"}],"twitter_card":"summary_large_image","twitter_misc":{"Est. reading time":"1 minuto"},"schema":{"@context":"https:\/\/schema.org","@graph":[{"@type":"WebPage","@id":"https:\/\/www.manaus.am.gov.br\/semulsp\/servicos-semulsp\/coleta-no-centro\/","url":"https:\/\/www.manaus.am.gov.br\/semulsp\/servicos-semulsp\/coleta-no-centro\/","name":"Coleta no Centro - SEMULSP","isPartOf":{"@id":"https:\/\/www.manaus.am.gov.br\/semulsp\/#website"},"datePublished":"2023-05-30T20:03:35+00:00","dateModified":"2023-07-26T18:20:41+00:00","breadcrumb":{"@id":"https:\/\/www.manaus.am.gov.br\/semulsp\/servicos-semulsp\/coleta-no-centro\/#breadcrumb"},"inLanguage":"pt-BR","potentialAction":[{"@type":"ReadAction","target":["https:\/\/www.manaus.am.gov.br\/semulsp\/servicos-semulsp\/coleta-no-centro\/"]}]},{"@type":"BreadcrumbList","@id":"https:\/\/www.manaus.am.gov.br\/semulsp\/servicos-semulsp\/coleta-no-centro\/#breadcrumb","itemListElement":[{"@type":"ListItem","position":1,"name":"Home","item":"https:\/\/www.manaus.am.gov.br\/semulsp\/"},{"@type":"ListItem","position":2,"name":"Servi\u00e7os SEMULSP","item":"https:\/\/www.manaus.am.gov.br\/semulsp\/servicos-semulsp\/"},{"@type":"ListItem","position":3,"name":"Coleta no Centro"}]},{"@type":"WebSite","@id":"https:\/\/www.manaus.am.gov.br\/semulsp\/#website","url":"https:\/\/www.manaus.am.gov.br\/semulsp\/","name":"SEMULSP","description":"Prefeitura de Manaus","publisher":{"@id":"https:\/\/www.manaus.am.gov.br\/semulsp\/#organization"},"alternateName":"Secretaria Municipal de Limpeza P\u00fablica","potentialAction":[{"@type":"SearchAction","target":{"@type":"EntryPoint","urlTemplate":"https:\/\/www.manaus.am.gov.br\/semulsp\/?s={search_term_string}"},"query-input":"required name=search_term_string"}],"inLanguage":"pt-BR"},{"@type":"Organization","@id":"https:\/\/www.manaus.am.gov.br\/semulsp\/#organization","name":"SEMULSP","alternateName":"Secretaria Municipal de Limpeza P\u00fablica","url":"https:\/\/www.manaus.am.gov.br\/semulsp\/","logo":{"@type":"ImageObject","inLanguage":"pt-BR","@id":"https:\/\/www.manaus.am.gov.br\/semulsp\/#\/schema\/logo\/image\/","url":"https:\/\/www.manaus.am.gov.br\/semulsp\/wp-content\/uploads\/sites\/23\/2023\/05\/cropped-favicon.png","contentUrl":"https:\/\/www.manaus.am.gov.br\/semulsp\/wp-content\/uploads\/sites\/23\/2023\/05\/cropped-favicon.png","width":512,"height":512,"caption":"SEMULSP"},"image":{"@id":"https:\/\/www.manaus.am.gov.br\/semulsp\/#\/schema\/logo\/image\/"},"sameAs":["https:\/\/www.facebook.com\/semulspmanaus","https:\/\/www.instagram.com\/semulspmanaus\/"]}]}},"_links":{"self":[{"href":"https:\/\/www.manaus.am.gov.br\/semulsp\/wp-json\/wp\/v2\/pages\/328"}],"collection":[{"href":"https:\/\/www.manaus.am.gov.br\/semulsp\/wp-json\/wp\/v2\/pages"}],"about":[{"href":"https:\/\/www.manaus.am.gov.br\/semulsp\/wp-json\/wp\/v2\/types\/page"}],"author":[{"embeddable":true,"href":"https:\/\/www.manaus.am.gov.br\/semulsp\/wp-json\/wp\/v2\/users\/27"}],"replies":[{"embeddable":true,"href":"https:\/\/www.manaus.am.gov.br\/semulsp\/wp-json\/wp\/v2\/comments?post=328"}],"version-history":[{"count":2,"href":"https:\/\/www.manaus.am.gov.br\/semulsp\/wp-json\/wp\/v2\/pages\/328\/revisions"}],"predecessor-version":[{"id":669,"href":"https:\/\/www.manaus.am.gov.br\/semulsp\/wp-json\/wp\/v2\/pages\/328\/revisions\/669"}],"up":[{"embeddable":true,"href":"https:\/\/www.manaus.am.gov.br\/semulsp\/wp-json\/wp\/v2\/pages\/493"}],"wp:attachment":[{"href":"https:\/\/www.manaus.am.gov.br\/semulsp\/wp-json\/wp\/v2\/media?parent=328"}],"curies":[{"name":"wp","href":"https:\/\/api.w.org\/{rel}","templated":true}]}}

<p>Com a implantação da coleta diferenciada no Centro de Manaus, organizando a coleta na área comercial com carros coletores menores, aptos a percorrerem as ruas mais estreitas e um trabalho de sensibilização, junto ao comércio em geral e aos catadores, a Prefeitura aumentou a quantidade de resíduos destinados à reciclagem e implantou quatro pontos fixos de coleta seletiva no Centro de Manaus, que estão localizados:</p>



<p>&#8211; Rua Miranda Leão, em frente da Loja J. Galvão;<br>&#8211; Rua Sérgio Pessoa, ao lado da Igreja dos Remédios;<br>&#8211; Rua dos Barés c/ Rua Barão de São Domingos;<br>&#8211; Rua Miranda Leão com Rua Leovigildo Coelho.</p>



<p>Os quatro mini coletores percorrem as ruas Marechal Deodoro, Guilherme Moreira, Dr. Moreira, Marcílio Dias, Avenida Sete de Setembro, Avenida Getúlio Vargas, Avenida Eduardo Ribeiro, Floriano Peixoto, Saldanha Marinho, Lobo D‘Almada, Joaquim Sarmento, Rua da Instalação, Rui Barbosa, Rua Barroso e Henrique Martins, coletando os resíduos na porta dos estabelecimentos.</p>

<!-- This site is optimized with the Yoast SEO plugin v23.0 - https://yoast.com/wordpress/plugins/seo/ -->
<title>Coleta no Centro - SEMULSP</title>
<meta name="robots" content="noindex, follow" />
<meta property="og:locale" content="pt_BR" />
<meta property="og:type" content="article" />
<meta property="og:title" content="Coleta no Centro - SEMULSP" />
<meta property="og:url" content="https://www.manaus.am.gov.br/semulsp/servicos-semulsp/coleta-no-centro/" />
<meta property="og:site_name" content="SEMULSP" />
<meta property="article:publisher" content="https://www.facebook.com/semulspmanaus" />
<meta property="article:modified_time" content="2023-07-26T18:20:41+00:00" />
<meta property="og:image" content="https://www.manaus.am.gov.br/semulsp/wp-content/uploads/sites/23/2024/07/thumb-default-2.png" />
	<meta property="og:image:width" content="966" />
	<meta property="og:image:height" content="520" />
	<meta property="og:image:type" content="image/png" />
<meta name="twitter:card" content="summary_large_image" />
<meta name="twitter:label1" content="Est. reading time" />
	<meta name="twitter:data1" content="1 minuto" />
<script type="application/ld+json" class="yoast-schema-graph">{"@context":"https://schema.org","@graph":[{"@type":"WebPage","@id":"https://www.manaus.am.gov.br/semulsp/servicos-semulsp/coleta-no-centro/","url":"https://www.manaus.am.gov.br/semulsp/servicos-semulsp/coleta-no-centro/","name":"Coleta no Centro - SEMULSP","isPartOf":{"@id":"https://www.manaus.am.gov.br/semulsp/#website"},"datePublished":"2023-05-30T20:03:35+00:00","dateModified":"2023-07-26T18:20:41+00:00","breadcrumb":{"@id":"https://www.manaus.am.gov.br/semulsp/servicos-semulsp/coleta-no-centro/#breadcrumb"},"inLanguage":"pt-BR","potentialAction":[{"@type":"ReadAction","target":["https://www.manaus.am.gov.br/semulsp/servicos-semulsp/coleta-no-centro/"]}]},{"@type":"BreadcrumbList","@id":"https://www.manaus.am.gov.br/semulsp/servicos-semulsp/coleta-no-centro/#breadcrumb","itemListElement":[{"@type":"ListItem","position":1,"name":"Home","item":"https://www.manaus.am.gov.br/semulsp/"},{"@type":"ListItem","position":2,"name":"Serviços SEMULSP","item":"https://www.manaus.am.gov.br/semulsp/servicos-semulsp/"},{"@type":"ListItem","position":3,"name":"Coleta no Centro"}]},{"@type":"WebSite","@id":"https://www.manaus.am.gov.br/semulsp/#website","url":"https://www.manaus.am.gov.br/semulsp/","name":"SEMULSP","description":"Prefeitura de Manaus","publisher":{"@id":"https://www.manaus.am.gov.br/semulsp/#organization"},"alternateName":"Secretaria Municipal de Limpeza Pública","potentialAction":[{"@type":"SearchAction","target":{"@type":"EntryPoint","urlTemplate":"https://www.manaus.am.gov.br/semulsp/?s={search_term_string}"},"query-input":"required name=search_term_string"}],"inLanguage":"pt-BR"},{"@type":"Organization","@id":"https://www.manaus.am.gov.br/semulsp/#organization","name":"SEMULSP","alternateName":"Secretaria Municipal de Limpeza Pública","url":"https://www.manaus.am.gov.br/semulsp/","logo":{"@type":"ImageObject","inLanguage":"pt-BR","@id":"https://www.manaus.am.gov.br/semulsp/#/schema/logo/image/","url":"https://www.manaus.am.gov.br/semulsp/wp-content/uploads/sites/23/2023/05/cropped-favicon.png","contentUrl":"https://www.manaus.am.gov.br/semulsp/wp-content/uploads/sites/23/2023/05/cropped-favicon.png","width":512,"height":512,"caption":"SEMULSP"},"image":{"@id":"https://www.manaus.am.gov.br/semulsp/#/schema/logo/image/"},"sameAs":["https://www.facebook.com/semulspmanaus","https://www.instagram.com/semulspmanaus/"]}]}</script>
<!-- / Yoast SEO plugin. -->

Serviços SEMULSP

Secretaria Municipal de Limpeza Pública
