{"id":288,"date":"2023-05-30T15:25:10","date_gmt":"2023-05-30T19:25:10","guid":{"rendered":"https:\/\/www.manaus.am.gov.br\/semulsp\/?page_id=288"},"modified":"2023-05-30T15:25:11","modified_gmt":"2023-05-30T19:25:11","slug":"compostagem","status":"publish","type":"page","link":"https:\/\/www.manaus.am.gov.br\/semulsp\/aterro-sanitario\/compostagem\/","title":{"rendered":"Compostagem"},"content":{"rendered":"\n<p>Dentre muitos servi\u00e7os e atividades pioneiras criadas pela SEMULSP, a Compostagem \u00e9 uma das mais importantes por reduzir a quantidade de res\u00edduos org\u00e2nicos no Aterro Sanit\u00e1rio.<\/p>\n\n\n\n<p>Implantado em 2005, o servi\u00e7o tem como objetivo aproveitar os restos de res\u00edduos animais e vegetais coletados na cidade para serem transformados em adubo org\u00e2nico e serem utilizados na jardinagem municipal.<\/p>\n","protected":false},"excerpt":{"rendered":"","protected":false},"author":27,"featured_media":0,"parent":273,"menu_order":2,"comment_status":"closed","ping_status":"closed","template":"templates\/turismo.php","meta":{"footnotes":""},"acf":[],"yoast_head":"<!-- This site is optimized with the Yoast SEO plugin v23.0 - https:\/\/yoast.com\/wordpress\/plugins\/seo\/ -->\n<title>Compostagem - SEMULSP<\/title>\n<meta name=\"robots\" content=\"noindex, follow\" \/>\n<meta property=\"og:locale\" content=\"pt_BR\" \/>\n<meta property=\"og:type\" content=\"article\" \/>\n<meta property=\"og:title\" content=\"Compostagem - SEMULSP\" \/>\n<meta property=\"og:url\" content=\"https:\/\/www.manaus.am.gov.br\/semulsp\/aterro-sanitario\/compostagem\/\" \/>\n<meta property=\"og:site_name\" content=\"SEMULSP\" \/>\n<meta property=\"article:publisher\" content=\"https:\/\/www.facebook.com\/semulspmanaus\" \/>\n<meta property=\"article:modified_time\" content=\"2023-05-30T19:25:11+00:00\" \/>\n<meta property=\"og:image\" content=\"https:\/\/www.manaus.am.gov.br\/semulsp\/wp-content\/uploads\/sites\/23\/2024\/07\/thumb-default-2.png\" \/>\n\t<meta property=\"og:image:width\" content=\"966\" \/>\n\t<meta property=\"og:image:height\" content=\"520\" \/>\n\t<meta property=\"og:image:type\" content=\"image\/png\" \/>\n<meta name=\"twitter:card\" content=\"summary_large_image\" \/>\n<meta name=\"twitter:label1\" content=\"Est. reading time\" \/>\n\t<meta name=\"twitter:data1\" content=\"1 minuto\" \/>\n<script type=\"application\/ld+json\" class=\"yoast-schema-graph\">{\"@context\":\"https:\/\/schema.org\",\"@graph\":[{\"@type\":\"WebPage\",\"@id\":\"https:\/\/www.manaus.am.gov.br\/semulsp\/aterro-sanitario\/compostagem\/\",\"url\":\"https:\/\/www.manaus.am.gov.br\/semulsp\/aterro-sanitario\/compostagem\/\",\"name\":\"Compostagem - SEMULSP\",\"isPartOf\":{\"@id\":\"https:\/\/www.manaus.am.gov.br\/semulsp\/#website\"},\"datePublished\":\"2023-05-30T19:25:10+00:00\",\"dateModified\":\"2023-05-30T19:25:11+00:00\",\"breadcrumb\":{\"@id\":\"https:\/\/www.manaus.am.gov.br\/semulsp\/aterro-sanitario\/compostagem\/#breadcrumb\"},\"inLanguage\":\"pt-BR\",\"potentialAction\":[{\"@type\":\"ReadAction\",\"target\":[\"https:\/\/www.manaus.am.gov.br\/semulsp\/aterro-sanitario\/compostagem\/\"]}]},{\"@type\":\"BreadcrumbList\",\"@id\":\"https:\/\/www.manaus.am.gov.br\/semulsp\/aterro-sanitario\/compostagem\/#breadcrumb\",\"itemListElement\":[{\"@type\":\"ListItem\",\"position\":1,\"name\":\"Home\",\"item\":\"https:\/\/www.manaus.am.gov.br\/semulsp\/\"},{\"@type\":\"ListItem\",\"position\":2,\"name\":\"Aterro Sanit\u00e1rio\",\"item\":\"https:\/\/www.manaus.am.gov.br\/semulsp\/aterro-sanitario\/\"},{\"@type\":\"ListItem\",\"position\":3,\"name\":\"Compostagem\"}]},{\"@type\":\"WebSite\",\"@id\":\"https:\/\/www.manaus.am.gov.br\/semulsp\/#website\",\"url\":\"https:\/\/www.manaus.am.gov.br\/semulsp\/\",\"name\":\"SEMULSP\",\"description\":\"Prefeitura de Manaus\",\"publisher\":{\"@id\":\"https:\/\/www.manaus.am.gov.br\/semulsp\/#organization\"},\"alternateName\":\"Secretaria Municipal de Limpeza P\u00fablica\",\"potentialAction\":[{\"@type\":\"SearchAction\",\"target\":{\"@type\":\"EntryPoint\",\"urlTemplate\":\"https:\/\/www.manaus.am.gov.br\/semulsp\/?s={search_term_string}\"},\"query-input\":\"required name=search_term_string\"}],\"inLanguage\":\"pt-BR\"},{\"@type\":\"Organization\",\"@id\":\"https:\/\/www.manaus.am.gov.br\/semulsp\/#organization\",\"name\":\"SEMULSP\",\"alternateName\":\"Secretaria Municipal de Limpeza P\u00fablica\",\"url\":\"https:\/\/www.manaus.am.gov.br\/semulsp\/\",\"logo\":{\"@type\":\"ImageObject\",\"inLanguage\":\"pt-BR\",\"@id\":\"https:\/\/www.manaus.am.gov.br\/semulsp\/#\/schema\/logo\/image\/\",\"url\":\"https:\/\/www.manaus.am.gov.br\/semulsp\/wp-content\/uploads\/sites\/23\/2023\/05\/cropped-favicon.png\",\"contentUrl\":\"https:\/\/www.manaus.am.gov.br\/semulsp\/wp-content\/uploads\/sites\/23\/2023\/05\/cropped-favicon.png\",\"width\":512,\"height\":512,\"caption\":\"SEMULSP\"},\"image\":{\"@id\":\"https:\/\/www.manaus.am.gov.br\/semulsp\/#\/schema\/logo\/image\/\"},\"sameAs\":[\"https:\/\/www.facebook.com\/semulspmanaus\",\"https:\/\/www.instagram.com\/semulspmanaus\/\"]}]}<\/script>\n<!-- \/ Yoast SEO plugin. -->","yoast_head_json":{"title":"Compostagem - SEMULSP","robots":{"index":"noindex","follow":"follow"},"og_locale":"pt_BR","og_type":"article","og_title":"Compostagem - SEMULSP","og_url":"https:\/\/www.manaus.am.gov.br\/semulsp\/aterro-sanitario\/compostagem\/","og_site_name":"SEMULSP","article_publisher":"https:\/\/www.facebook.com\/semulspmanaus","article_modified_time":"2023-05-30T19:25:11+00:00","og_image":[{"width":966,"height":520,"url":"https:\/\/www.manaus.am.gov.br\/semulsp\/wp-content\/uploads\/sites\/23\/2024\/07\/thumb-default-2.png","type":"image\/png"}],"twitter_card":"summary_large_image","twitter_misc":{"Est. reading time":"1 minuto"},"schema":{"@context":"https:\/\/schema.org","@graph":[{"@type":"WebPage","@id":"https:\/\/www.manaus.am.gov.br\/semulsp\/aterro-sanitario\/compostagem\/","url":"https:\/\/www.manaus.am.gov.br\/semulsp\/aterro-sanitario\/compostagem\/","name":"Compostagem - SEMULSP","isPartOf":{"@id":"https:\/\/www.manaus.am.gov.br\/semulsp\/#website"},"datePublished":"2023-05-30T19:25:10+00:00","dateModified":"2023-05-30T19:25:11+00:00","breadcrumb":{"@id":"https:\/\/www.manaus.am.gov.br\/semulsp\/aterro-sanitario\/compostagem\/#breadcrumb"},"inLanguage":"pt-BR","potentialAction":[{"@type":"ReadAction","target":["https:\/\/www.manaus.am.gov.br\/semulsp\/aterro-sanitario\/compostagem\/"]}]},{"@type":"BreadcrumbList","@id":"https:\/\/www.manaus.am.gov.br\/semulsp\/aterro-sanitario\/compostagem\/#breadcrumb","itemListElement":[{"@type":"ListItem","position":1,"name":"Home","item":"https:\/\/www.manaus.am.gov.br\/semulsp\/"},{"@type":"ListItem","position":2,"name":"Aterro Sanit\u00e1rio","item":"https:\/\/www.manaus.am.gov.br\/semulsp\/aterro-sanitario\/"},{"@type":"ListItem","position":3,"name":"Compostagem"}]},{"@type":"WebSite","@id":"https:\/\/www.manaus.am.gov.br\/semulsp\/#website","url":"https:\/\/www.manaus.am.gov.br\/semulsp\/","name":"SEMULSP","description":"Prefeitura de Manaus","publisher":{"@id":"https:\/\/www.manaus.am.gov.br\/semulsp\/#organization"},"alternateName":"Secretaria Municipal de Limpeza P\u00fablica","potentialAction":[{"@type":"SearchAction","target":{"@type":"EntryPoint","urlTemplate":"https:\/\/www.manaus.am.gov.br\/semulsp\/?s={search_term_string}"},"query-input":"required name=search_term_string"}],"inLanguage":"pt-BR"},{"@type":"Organization","@id":"https:\/\/www.manaus.am.gov.br\/semulsp\/#organization","name":"SEMULSP","alternateName":"Secretaria Municipal de Limpeza P\u00fablica","url":"https:\/\/www.manaus.am.gov.br\/semulsp\/","logo":{"@type":"ImageObject","inLanguage":"pt-BR","@id":"https:\/\/www.manaus.am.gov.br\/semulsp\/#\/schema\/logo\/image\/","url":"https:\/\/www.manaus.am.gov.br\/semulsp\/wp-content\/uploads\/sites\/23\/2023\/05\/cropped-favicon.png","contentUrl":"https:\/\/www.manaus.am.gov.br\/semulsp\/wp-content\/uploads\/sites\/23\/2023\/05\/cropped-favicon.png","width":512,"height":512,"caption":"SEMULSP"},"image":{"@id":"https:\/\/www.manaus.am.gov.br\/semulsp\/#\/schema\/logo\/image\/"},"sameAs":["https:\/\/www.facebook.com\/semulspmanaus","https:\/\/www.instagram.com\/semulspmanaus\/"]}]}},"_links":{"self":[{"href":"https:\/\/www.manaus.am.gov.br\/semulsp\/wp-json\/wp\/v2\/pages\/288"}],"collection":[{"href":"https:\/\/www.manaus.am.gov.br\/semulsp\/wp-json\/wp\/v2\/pages"}],"about":[{"href":"https:\/\/www.manaus.am.gov.br\/semulsp\/wp-json\/wp\/v2\/types\/page"}],"author":[{"embeddable":true,"href":"https:\/\/www.manaus.am.gov.br\/semulsp\/wp-json\/wp\/v2\/users\/27"}],"replies":[{"embeddable":true,"href":"https:\/\/www.manaus.am.gov.br\/semulsp\/wp-json\/wp\/v2\/comments?post=288"}],"version-history":[{"count":2,"href":"https:\/\/www.manaus.am.gov.br\/semulsp\/wp-json\/wp\/v2\/pages\/288\/revisions"}],"predecessor-version":[{"id":290,"href":"https:\/\/www.manaus.am.gov.br\/semulsp\/wp-json\/wp\/v2\/pages\/288\/revisions\/290"}],"up":[{"embeddable":true,"href":"https:\/\/www.manaus.am.gov.br\/semulsp\/wp-json\/wp\/v2\/pages\/273"}],"wp:attachment":[{"href":"https:\/\/www.manaus.am.gov.br\/semulsp\/wp-json\/wp\/v2\/media?parent=288"}],"curies":[{"name":"wp","href":"https:\/\/api.w.org\/{rel}","templated":true}]}}

<p>Dentre muitos serviços e atividades pioneiras criadas pela SEMULSP, a Compostagem é uma das mais importantes por reduzir a quantidade de resíduos orgânicos no Aterro Sanitário.</p>



<p>Implantado em 2005, o serviço tem como objetivo aproveitar os restos de resíduos animais e vegetais coletados na cidade para serem transformados em adubo orgânico e serem utilizados na jardinagem municipal.</p>

<!-- This site is optimized with the Yoast SEO plugin v23.0 - https://yoast.com/wordpress/plugins/seo/ -->
<title>Compostagem - SEMULSP</title>
<meta name="robots" content="noindex, follow" />
<meta property="og:locale" content="pt_BR" />
<meta property="og:type" content="article" />
<meta property="og:title" content="Compostagem - SEMULSP" />
<meta property="og:url" content="https://www.manaus.am.gov.br/semulsp/aterro-sanitario/compostagem/" />
<meta property="og:site_name" content="SEMULSP" />
<meta property="article:publisher" content="https://www.facebook.com/semulspmanaus" />
<meta property="article:modified_time" content="2023-05-30T19:25:11+00:00" />
<meta property="og:image" content="https://www.manaus.am.gov.br/semulsp/wp-content/uploads/sites/23/2024/07/thumb-default-2.png" />
	<meta property="og:image:width" content="966" />
	<meta property="og:image:height" content="520" />
	<meta property="og:image:type" content="image/png" />
<meta name="twitter:card" content="summary_large_image" />
<meta name="twitter:label1" content="Est. reading time" />
	<meta name="twitter:data1" content="1 minuto" />
<script type="application/ld+json" class="yoast-schema-graph">{"@context":"https://schema.org","@graph":[{"@type":"WebPage","@id":"https://www.manaus.am.gov.br/semulsp/aterro-sanitario/compostagem/","url":"https://www.manaus.am.gov.br/semulsp/aterro-sanitario/compostagem/","name":"Compostagem - SEMULSP","isPartOf":{"@id":"https://www.manaus.am.gov.br/semulsp/#website"},"datePublished":"2023-05-30T19:25:10+00:00","dateModified":"2023-05-30T19:25:11+00:00","breadcrumb":{"@id":"https://www.manaus.am.gov.br/semulsp/aterro-sanitario/compostagem/#breadcrumb"},"inLanguage":"pt-BR","potentialAction":[{"@type":"ReadAction","target":["https://www.manaus.am.gov.br/semulsp/aterro-sanitario/compostagem/"]}]},{"@type":"BreadcrumbList","@id":"https://www.manaus.am.gov.br/semulsp/aterro-sanitario/compostagem/#breadcrumb","itemListElement":[{"@type":"ListItem","position":1,"name":"Home","item":"https://www.manaus.am.gov.br/semulsp/"},{"@type":"ListItem","position":2,"name":"Aterro Sanitário","item":"https://www.manaus.am.gov.br/semulsp/aterro-sanitario/"},{"@type":"ListItem","position":3,"name":"Compostagem"}]},{"@type":"WebSite","@id":"https://www.manaus.am.gov.br/semulsp/#website","url":"https://www.manaus.am.gov.br/semulsp/","name":"SEMULSP","description":"Prefeitura de Manaus","publisher":{"@id":"https://www.manaus.am.gov.br/semulsp/#organization"},"alternateName":"Secretaria Municipal de Limpeza Pública","potentialAction":[{"@type":"SearchAction","target":{"@type":"EntryPoint","urlTemplate":"https://www.manaus.am.gov.br/semulsp/?s={search_term_string}"},"query-input":"required name=search_term_string"}],"inLanguage":"pt-BR"},{"@type":"Organization","@id":"https://www.manaus.am.gov.br/semulsp/#organization","name":"SEMULSP","alternateName":"Secretaria Municipal de Limpeza Pública","url":"https://www.manaus.am.gov.br/semulsp/","logo":{"@type":"ImageObject","inLanguage":"pt-BR","@id":"https://www.manaus.am.gov.br/semulsp/#/schema/logo/image/","url":"https://www.manaus.am.gov.br/semulsp/wp-content/uploads/sites/23/2023/05/cropped-favicon.png","contentUrl":"https://www.manaus.am.gov.br/semulsp/wp-content/uploads/sites/23/2023/05/cropped-favicon.png","width":512,"height":512,"caption":"SEMULSP"},"image":{"@id":"https://www.manaus.am.gov.br/semulsp/#/schema/logo/image/"},"sameAs":["https://www.facebook.com/semulspmanaus","https://www.instagram.com/semulspmanaus/"]}]}</script>
<!-- / Yoast SEO plugin. -->

Aterro Sanitário

Secretaria Municipal de Limpeza Pública
