{"id":263,"date":"2023-05-30T15:07:37","date_gmt":"2023-05-30T19:07:37","guid":{"rendered":"https:\/\/www.manaus.am.gov.br\/semulsp\/?page_id=263"},"modified":"2026-01-20T13:48:00","modified_gmt":"2026-01-20T17:48:00","slug":"coleta-seletiva-e-pontos-de-entrega","status":"publish","type":"page","link":"https:\/\/www.manaus.am.gov.br\/semulsp\/servicos-semulsp\/coleta-seletiva-e-pontos-de-entrega\/","title":{"rendered":"Coleta Seletiva e Pontos de Entrega"},"content":{"rendered":"\n<h2 class=\"wp-block-heading\">Localiza\u00e7\u00e3o dos PEV&#8217;s <\/h2>\n\n\n\n<p>A Coleta Seletiva \u00e9 um servi\u00e7o p\u00fablico de est\u00edmulo e suporte ao cidad\u00e3o que adota boas pr\u00e1ticas de gest\u00e3o dos seus res\u00edduos, incentivando-o a separar os itens que podem ser reaproveitados pelos fabricantes e doar, voluntariamente, aos Postos de Entrega Volunt\u00e1ria (PEVs).<\/p>\n\n\n\n<p>Este \u00e9 um servi\u00e7o essencial para a cidade, pois diminuiu a quantidade de res\u00edduos que v\u00e3o para o Aterro Sanit\u00e1rio, cria novos mercados da reciclagem e gera renda extra a muitos profissionais catadores.<\/p>\n\n\n\n<p>Os res\u00edduos recicl\u00e1veis oriundos da coleta seletiva porta a porta, PEV\u2019s, do Centro e Coleta agendada s\u00e3o encaminhados aos galp\u00f5es para o processo de triagem e comercializa\u00e7\u00e3o pelas Associa\u00e7\u00f5es e Cooperativas de catadores e materiais reutiliz\u00e1veis e recicl\u00e1veis que atuam neles.<\/p>\n\n\n\n<p>A cria\u00e7\u00e3o de novos PEVs \u00e9 uma exig\u00eancia da <a class=\"inline\" href=\"http:\/\/www.planalto.gov.br\/ccivil_03\/_ato2007-2010\/2010\/lei\/l12305.htm\">Lei N\u00ba 12.305<\/a>, de 2 de Agosto de 2010, que instituiu a Pol\u00edtica Nacional de Res\u00edduos S\u00f3lidos (PNRS) e prev\u00ea que a gest\u00e3o de res\u00edduos seja compartilhada entre todas as partes envolvidas na cadeia de consumo. Desta forma, a Prefeitura de Manaus participa ativamente da instala\u00e7\u00e3o da Log\u00edstica Reversa na cidade, tomando parte do grande movimento liderado pelos Minist\u00e9rios P\u00fablicos Federal, de Contas e do Estado, Associa\u00e7\u00f5es Comerciais, entidades representativas, entre outros \u00f3rg\u00e3os.<\/p>\n\n\n\n<p class=\"has-black-color has-text-color has-link-color wp-elements-cbe0730784013aed10678d220e83beba\"><strong>Os PEV\u2019s est\u00e3o localizados em:<\/strong><\/p>\n\n\n\n<div data-wp-interactive=\"\" class=\"wp-block-file\"><object data-wp-bind--hidden=\"!selectors.core.file.hasPdfPreview\" hidden class=\"wp-block-file__embed\" data=\"https:\/\/www.manaus.am.gov.br\/semulsp\/wp-content\/uploads\/sites\/23\/2025\/11\/Pontos-de-Entrega-Voluntaria.pdf\" type=\"application\/pdf\" style=\"width:100%;height:600px\" aria-label=\"Incorporado de Pontos de Entrega Volunt\u00e1ria.\"><\/object><a id=\"wp-block-file--media-bdc9ffc6-42b3-4298-8841-4bcfc7751fd7\" href=\"https:\/\/www.manaus.am.gov.br\/semulsp\/wp-content\/uploads\/sites\/23\/2025\/11\/Pontos-de-Entrega-Voluntaria.pdf\">Pontos de Entrega Volunt\u00e1ria<\/a><a href=\"https:\/\/www.manaus.am.gov.br\/semulsp\/wp-content\/uploads\/sites\/23\/2025\/11\/Pontos-de-Entrega-Voluntaria.pdf\" class=\"wp-block-file__button wp-element-button\" download aria-describedby=\"wp-block-file--media-bdc9ffc6-42b3-4298-8841-4bcfc7751fd7\">Baixar<\/a><\/div>\n","protected":false},"excerpt":{"rendered":"","protected":false},"author":27,"featured_media":0,"parent":493,"menu_order":0,"comment_status":"closed","ping_status":"closed","template":"templates\/turismo.php","meta":{"footnotes":""},"acf":[],"yoast_head":"<!-- This site is optimized with the Yoast SEO plugin v23.0 - https:\/\/yoast.com\/wordpress\/plugins\/seo\/ -->\n<title>Coleta Seletiva e Pontos de Entrega - SEMULSP<\/title>\n<meta name=\"robots\" content=\"noindex, follow\" \/>\n<meta property=\"og:locale\" content=\"pt_BR\" \/>\n<meta property=\"og:type\" content=\"article\" \/>\n<meta property=\"og:title\" content=\"Coleta Seletiva e Pontos de Entrega - SEMULSP\" \/>\n<meta property=\"og:url\" content=\"https:\/\/www.manaus.am.gov.br\/semulsp\/servicos-semulsp\/coleta-seletiva-e-pontos-de-entrega\/\" \/>\n<meta property=\"og:site_name\" content=\"SEMULSP\" \/>\n<meta property=\"article:publisher\" content=\"https:\/\/www.facebook.com\/semulspmanaus\" \/>\n<meta property=\"article:modified_time\" content=\"2026-01-20T17:48:00+00:00\" \/>\n<meta property=\"og:image\" content=\"https:\/\/www.manaus.am.gov.br\/semulsp\/wp-content\/uploads\/sites\/23\/2024\/07\/thumb-default-2.png\" \/>\n\t<meta property=\"og:image:width\" content=\"966\" \/>\n\t<meta property=\"og:image:height\" content=\"520\" \/>\n\t<meta property=\"og:image:type\" content=\"image\/png\" \/>\n<meta name=\"twitter:card\" content=\"summary_large_image\" \/>\n<meta name=\"twitter:label1\" content=\"Est. reading time\" \/>\n\t<meta name=\"twitter:data1\" content=\"2 minutos\" \/>\n<script type=\"application\/ld+json\" class=\"yoast-schema-graph\">{\"@context\":\"https:\/\/schema.org\",\"@graph\":[{\"@type\":\"WebPage\",\"@id\":\"https:\/\/www.manaus.am.gov.br\/semulsp\/servicos-semulsp\/coleta-seletiva-e-pontos-de-entrega\/\",\"url\":\"https:\/\/www.manaus.am.gov.br\/semulsp\/servicos-semulsp\/coleta-seletiva-e-pontos-de-entrega\/\",\"name\":\"Coleta Seletiva e Pontos de Entrega - SEMULSP\",\"isPartOf\":{\"@id\":\"https:\/\/www.manaus.am.gov.br\/semulsp\/#website\"},\"datePublished\":\"2023-05-30T19:07:37+00:00\",\"dateModified\":\"2026-01-20T17:48:00+00:00\",\"breadcrumb\":{\"@id\":\"https:\/\/www.manaus.am.gov.br\/semulsp\/servicos-semulsp\/coleta-seletiva-e-pontos-de-entrega\/#breadcrumb\"},\"inLanguage\":\"pt-BR\",\"potentialAction\":[{\"@type\":\"ReadAction\",\"target\":[\"https:\/\/www.manaus.am.gov.br\/semulsp\/servicos-semulsp\/coleta-seletiva-e-pontos-de-entrega\/\"]}]},{\"@type\":\"BreadcrumbList\",\"@id\":\"https:\/\/www.manaus.am.gov.br\/semulsp\/servicos-semulsp\/coleta-seletiva-e-pontos-de-entrega\/#breadcrumb\",\"itemListElement\":[{\"@type\":\"ListItem\",\"position\":1,\"name\":\"Home\",\"item\":\"https:\/\/www.manaus.am.gov.br\/semulsp\/\"},{\"@type\":\"ListItem\",\"position\":2,\"name\":\"Servi\u00e7os SEMULSP\",\"item\":\"https:\/\/www.manaus.am.gov.br\/semulsp\/servicos-semulsp\/\"},{\"@type\":\"ListItem\",\"position\":3,\"name\":\"Coleta Seletiva e Pontos de Entrega\"}]},{\"@type\":\"WebSite\",\"@id\":\"https:\/\/www.manaus.am.gov.br\/semulsp\/#website\",\"url\":\"https:\/\/www.manaus.am.gov.br\/semulsp\/\",\"name\":\"SEMULSP\",\"description\":\"Prefeitura de Manaus\",\"publisher\":{\"@id\":\"https:\/\/www.manaus.am.gov.br\/semulsp\/#organization\"},\"alternateName\":\"Secretaria Municipal de Limpeza P\u00fablica\",\"potentialAction\":[{\"@type\":\"SearchAction\",\"target\":{\"@type\":\"EntryPoint\",\"urlTemplate\":\"https:\/\/www.manaus.am.gov.br\/semulsp\/?s={search_term_string}\"},\"query-input\":\"required name=search_term_string\"}],\"inLanguage\":\"pt-BR\"},{\"@type\":\"Organization\",\"@id\":\"https:\/\/www.manaus.am.gov.br\/semulsp\/#organization\",\"name\":\"SEMULSP\",\"alternateName\":\"Secretaria Municipal de Limpeza P\u00fablica\",\"url\":\"https:\/\/www.manaus.am.gov.br\/semulsp\/\",\"logo\":{\"@type\":\"ImageObject\",\"inLanguage\":\"pt-BR\",\"@id\":\"https:\/\/www.manaus.am.gov.br\/semulsp\/#\/schema\/logo\/image\/\",\"url\":\"https:\/\/www.manaus.am.gov.br\/semulsp\/wp-content\/uploads\/sites\/23\/2023\/05\/cropped-favicon.png\",\"contentUrl\":\"https:\/\/www.manaus.am.gov.br\/semulsp\/wp-content\/uploads\/sites\/23\/2023\/05\/cropped-favicon.png\",\"width\":512,\"height\":512,\"caption\":\"SEMULSP\"},\"image\":{\"@id\":\"https:\/\/www.manaus.am.gov.br\/semulsp\/#\/schema\/logo\/image\/\"},\"sameAs\":[\"https:\/\/www.facebook.com\/semulspmanaus\",\"https:\/\/www.instagram.com\/semulspmanaus\/\"]}]}<\/script>\n<!-- \/ Yoast SEO plugin. -->","yoast_head_json":{"title":"Coleta Seletiva e Pontos de Entrega - SEMULSP","robots":{"index":"noindex","follow":"follow"},"og_locale":"pt_BR","og_type":"article","og_title":"Coleta Seletiva e Pontos de Entrega - SEMULSP","og_url":"https:\/\/www.manaus.am.gov.br\/semulsp\/servicos-semulsp\/coleta-seletiva-e-pontos-de-entrega\/","og_site_name":"SEMULSP","article_publisher":"https:\/\/www.facebook.com\/semulspmanaus","article_modified_time":"2026-01-20T17:48:00+00:00","og_image":[{"width":966,"height":520,"url":"https:\/\/www.manaus.am.gov.br\/semulsp\/wp-content\/uploads\/sites\/23\/2024\/07\/thumb-default-2.png","type":"image\/png"}],"twitter_card":"summary_large_image","twitter_misc":{"Est. reading time":"2 minutos"},"schema":{"@context":"https:\/\/schema.org","@graph":[{"@type":"WebPage","@id":"https:\/\/www.manaus.am.gov.br\/semulsp\/servicos-semulsp\/coleta-seletiva-e-pontos-de-entrega\/","url":"https:\/\/www.manaus.am.gov.br\/semulsp\/servicos-semulsp\/coleta-seletiva-e-pontos-de-entrega\/","name":"Coleta Seletiva e Pontos de Entrega - SEMULSP","isPartOf":{"@id":"https:\/\/www.manaus.am.gov.br\/semulsp\/#website"},"datePublished":"2023-05-30T19:07:37+00:00","dateModified":"2026-01-20T17:48:00+00:00","breadcrumb":{"@id":"https:\/\/www.manaus.am.gov.br\/semulsp\/servicos-semulsp\/coleta-seletiva-e-pontos-de-entrega\/#breadcrumb"},"inLanguage":"pt-BR","potentialAction":[{"@type":"ReadAction","target":["https:\/\/www.manaus.am.gov.br\/semulsp\/servicos-semulsp\/coleta-seletiva-e-pontos-de-entrega\/"]}]},{"@type":"BreadcrumbList","@id":"https:\/\/www.manaus.am.gov.br\/semulsp\/servicos-semulsp\/coleta-seletiva-e-pontos-de-entrega\/#breadcrumb","itemListElement":[{"@type":"ListItem","position":1,"name":"Home","item":"https:\/\/www.manaus.am.gov.br\/semulsp\/"},{"@type":"ListItem","position":2,"name":"Servi\u00e7os SEMULSP","item":"https:\/\/www.manaus.am.gov.br\/semulsp\/servicos-semulsp\/"},{"@type":"ListItem","position":3,"name":"Coleta Seletiva e Pontos de Entrega"}]},{"@type":"WebSite","@id":"https:\/\/www.manaus.am.gov.br\/semulsp\/#website","url":"https:\/\/www.manaus.am.gov.br\/semulsp\/","name":"SEMULSP","description":"Prefeitura de Manaus","publisher":{"@id":"https:\/\/www.manaus.am.gov.br\/semulsp\/#organization"},"alternateName":"Secretaria Municipal de Limpeza P\u00fablica","potentialAction":[{"@type":"SearchAction","target":{"@type":"EntryPoint","urlTemplate":"https:\/\/www.manaus.am.gov.br\/semulsp\/?s={search_term_string}"},"query-input":"required name=search_term_string"}],"inLanguage":"pt-BR"},{"@type":"Organization","@id":"https:\/\/www.manaus.am.gov.br\/semulsp\/#organization","name":"SEMULSP","alternateName":"Secretaria Municipal de Limpeza P\u00fablica","url":"https:\/\/www.manaus.am.gov.br\/semulsp\/","logo":{"@type":"ImageObject","inLanguage":"pt-BR","@id":"https:\/\/www.manaus.am.gov.br\/semulsp\/#\/schema\/logo\/image\/","url":"https:\/\/www.manaus.am.gov.br\/semulsp\/wp-content\/uploads\/sites\/23\/2023\/05\/cropped-favicon.png","contentUrl":"https:\/\/www.manaus.am.gov.br\/semulsp\/wp-content\/uploads\/sites\/23\/2023\/05\/cropped-favicon.png","width":512,"height":512,"caption":"SEMULSP"},"image":{"@id":"https:\/\/www.manaus.am.gov.br\/semulsp\/#\/schema\/logo\/image\/"},"sameAs":["https:\/\/www.facebook.com\/semulspmanaus","https:\/\/www.instagram.com\/semulspmanaus\/"]}]}},"_links":{"self":[{"href":"https:\/\/www.manaus.am.gov.br\/semulsp\/wp-json\/wp\/v2\/pages\/263"}],"collection":[{"href":"https:\/\/www.manaus.am.gov.br\/semulsp\/wp-json\/wp\/v2\/pages"}],"about":[{"href":"https:\/\/www.manaus.am.gov.br\/semulsp\/wp-json\/wp\/v2\/types\/page"}],"author":[{"embeddable":true,"href":"https:\/\/www.manaus.am.gov.br\/semulsp\/wp-json\/wp\/v2\/users\/27"}],"replies":[{"embeddable":true,"href":"https:\/\/www.manaus.am.gov.br\/semulsp\/wp-json\/wp\/v2\/comments?post=263"}],"version-history":[{"count":22,"href":"https:\/\/www.manaus.am.gov.br\/semulsp\/wp-json\/wp\/v2\/pages\/263\/revisions"}],"predecessor-version":[{"id":2811,"href":"https:\/\/www.manaus.am.gov.br\/semulsp\/wp-json\/wp\/v2\/pages\/263\/revisions\/2811"}],"up":[{"embeddable":true,"href":"https:\/\/www.manaus.am.gov.br\/semulsp\/wp-json\/wp\/v2\/pages\/493"}],"wp:attachment":[{"href":"https:\/\/www.manaus.am.gov.br\/semulsp\/wp-json\/wp\/v2\/media?parent=263"}],"curies":[{"name":"wp","href":"https:\/\/api.w.org\/{rel}","templated":true}]}}

<h2 class="wp-block-heading">Localização dos PEV&#8217;s </h2>



<p>A Coleta Seletiva é um serviço público de estímulo e suporte ao cidadão que adota boas práticas de gestão dos seus resíduos, incentivando-o a separar os itens que podem ser reaproveitados pelos fabricantes e doar, voluntariamente, aos Postos de Entrega Voluntária (PEVs).</p>



<p>Este é um serviço essencial para a cidade, pois diminuiu a quantidade de resíduos que vão para o Aterro Sanitário, cria novos mercados da reciclagem e gera renda extra a muitos profissionais catadores.</p>



<p>Os resíduos recicláveis oriundos da coleta seletiva porta a porta, PEV’s, do Centro e Coleta agendada são encaminhados aos galpões para o processo de triagem e comercialização pelas Associações e Cooperativas de catadores e materiais reutilizáveis e recicláveis que atuam neles.</p>



<p>A criação de novos PEVs é uma exigência da <a class="inline" href="http://www.planalto.gov.br/ccivil_03/_ato2007-2010/2010/lei/l12305.htm">Lei Nº 12.305</a>, de 2 de Agosto de 2010, que instituiu a Política Nacional de Resíduos Sólidos (PNRS) e prevê que a gestão de resíduos seja compartilhada entre todas as partes envolvidas na cadeia de consumo. Desta forma, a Prefeitura de Manaus participa ativamente da instalação da Logística Reversa na cidade, tomando parte do grande movimento liderado pelos Ministérios Públicos Federal, de Contas e do Estado, Associações Comerciais, entidades representativas, entre outros órgãos.</p>



<p class="has-black-color has-text-color has-link-color wp-elements-cbe0730784013aed10678d220e83beba"><strong>Os PEV’s estão localizados em:</strong></p>



<div data-wp-interactive="" class="wp-block-file"><object data-wp-bind--hidden="!selectors.core.file.hasPdfPreview" hidden class="wp-block-file__embed" data="https://www.manaus.am.gov.br/semulsp/wp-content/uploads/sites/23/2025/11/Pontos-de-Entrega-Voluntaria.pdf" type="application/pdf" style="width:100%;height:600px" aria-label="Incorporado de Pontos de Entrega Voluntária."></object><a id="wp-block-file--media-bdc9ffc6-42b3-4298-8841-4bcfc7751fd7" href="https://www.manaus.am.gov.br/semulsp/wp-content/uploads/sites/23/2025/11/Pontos-de-Entrega-Voluntaria.pdf">Pontos de Entrega Voluntária</a><a href="https://www.manaus.am.gov.br/semulsp/wp-content/uploads/sites/23/2025/11/Pontos-de-Entrega-Voluntaria.pdf" class="wp-block-file__button wp-element-button" download aria-describedby="wp-block-file--media-bdc9ffc6-42b3-4298-8841-4bcfc7751fd7">Baixar</a></div>

<!-- This site is optimized with the Yoast SEO plugin v23.0 - https://yoast.com/wordpress/plugins/seo/ -->
<title>Coleta Seletiva e Pontos de Entrega - SEMULSP</title>
<meta name="robots" content="noindex, follow" />
<meta property="og:locale" content="pt_BR" />
<meta property="og:type" content="article" />
<meta property="og:title" content="Coleta Seletiva e Pontos de Entrega - SEMULSP" />
<meta property="og:url" content="https://www.manaus.am.gov.br/semulsp/servicos-semulsp/coleta-seletiva-e-pontos-de-entrega/" />
<meta property="og:site_name" content="SEMULSP" />
<meta property="article:publisher" content="https://www.facebook.com/semulspmanaus" />
<meta property="article:modified_time" content="2026-01-20T17:48:00+00:00" />
<meta property="og:image" content="https://www.manaus.am.gov.br/semulsp/wp-content/uploads/sites/23/2024/07/thumb-default-2.png" />
	<meta property="og:image:width" content="966" />
	<meta property="og:image:height" content="520" />
	<meta property="og:image:type" content="image/png" />
<meta name="twitter:card" content="summary_large_image" />
<meta name="twitter:label1" content="Est. reading time" />
	<meta name="twitter:data1" content="2 minutos" />
<script type="application/ld+json" class="yoast-schema-graph">{"@context":"https://schema.org","@graph":[{"@type":"WebPage","@id":"https://www.manaus.am.gov.br/semulsp/servicos-semulsp/coleta-seletiva-e-pontos-de-entrega/","url":"https://www.manaus.am.gov.br/semulsp/servicos-semulsp/coleta-seletiva-e-pontos-de-entrega/","name":"Coleta Seletiva e Pontos de Entrega - SEMULSP","isPartOf":{"@id":"https://www.manaus.am.gov.br/semulsp/#website"},"datePublished":"2023-05-30T19:07:37+00:00","dateModified":"2026-01-20T17:48:00+00:00","breadcrumb":{"@id":"https://www.manaus.am.gov.br/semulsp/servicos-semulsp/coleta-seletiva-e-pontos-de-entrega/#breadcrumb"},"inLanguage":"pt-BR","potentialAction":[{"@type":"ReadAction","target":["https://www.manaus.am.gov.br/semulsp/servicos-semulsp/coleta-seletiva-e-pontos-de-entrega/"]}]},{"@type":"BreadcrumbList","@id":"https://www.manaus.am.gov.br/semulsp/servicos-semulsp/coleta-seletiva-e-pontos-de-entrega/#breadcrumb","itemListElement":[{"@type":"ListItem","position":1,"name":"Home","item":"https://www.manaus.am.gov.br/semulsp/"},{"@type":"ListItem","position":2,"name":"Serviços SEMULSP","item":"https://www.manaus.am.gov.br/semulsp/servicos-semulsp/"},{"@type":"ListItem","position":3,"name":"Coleta Seletiva e Pontos de Entrega"}]},{"@type":"WebSite","@id":"https://www.manaus.am.gov.br/semulsp/#website","url":"https://www.manaus.am.gov.br/semulsp/","name":"SEMULSP","description":"Prefeitura de Manaus","publisher":{"@id":"https://www.manaus.am.gov.br/semulsp/#organization"},"alternateName":"Secretaria Municipal de Limpeza Pública","potentialAction":[{"@type":"SearchAction","target":{"@type":"EntryPoint","urlTemplate":"https://www.manaus.am.gov.br/semulsp/?s={search_term_string}"},"query-input":"required name=search_term_string"}],"inLanguage":"pt-BR"},{"@type":"Organization","@id":"https://www.manaus.am.gov.br/semulsp/#organization","name":"SEMULSP","alternateName":"Secretaria Municipal de Limpeza Pública","url":"https://www.manaus.am.gov.br/semulsp/","logo":{"@type":"ImageObject","inLanguage":"pt-BR","@id":"https://www.manaus.am.gov.br/semulsp/#/schema/logo/image/","url":"https://www.manaus.am.gov.br/semulsp/wp-content/uploads/sites/23/2023/05/cropped-favicon.png","contentUrl":"https://www.manaus.am.gov.br/semulsp/wp-content/uploads/sites/23/2023/05/cropped-favicon.png","width":512,"height":512,"caption":"SEMULSP"},"image":{"@id":"https://www.manaus.am.gov.br/semulsp/#/schema/logo/image/"},"sameAs":["https://www.facebook.com/semulspmanaus","https://www.instagram.com/semulspmanaus/"]}]}</script>
<!-- / Yoast SEO plugin. -->

Serviços SEMULSP

Secretaria Municipal de Limpeza Pública
