{"id":245,"date":"2023-05-30T14:46:03","date_gmt":"2023-05-30T18:46:03","guid":{"rendered":"https:\/\/www.manaus.am.gov.br\/semulsp\/?page_id=245"},"modified":"2025-10-09T09:35:23","modified_gmt":"2025-10-09T13:35:23","slug":"fale-conosco","status":"publish","type":"page","link":"https:\/\/www.manaus.am.gov.br\/semulsp\/a-semulsp\/fale-conosco\/","title":{"rendered":"Fale Conosco"},"content":{"rendered":"\n<p><strong>Endere\u00e7o<\/strong><br>Avenida Brasil,1335 \u2013 Compensa, CEP: 69036-110<br>Hor\u00e1rio de funcionamento:<br>&#8211; Administrativo: Segunda \u00e0 sexta, das 07h \u00e0s 16h.<br>&#8211; Aterro: Segunda \u00e0 sexta, das 08h \u00e0s 17h.<\/p>\n\n\n\n<p><strong>E-mail (Protocolo Externo)<\/strong><br><a href=\"mailto:semulsp@pmm.am.gov.br\">semulsp@pmm.am.gov.br<\/a>; <a href=\"mailto:gabinete.semulsp@pmm.am.gov.br\">gabinete.semulsp@pmm.am.gov.br<\/a><\/p>\n\n\n\n<p><\/p>\n\n\n\n<p><strong>Ouvidoria<\/strong><br><a href=\"mailto:ouvidoria.semulsp@manaus.am.gov.br\">ouvidoria.semulsp@manaus.am.gov.br<\/a>; <a href=\"https:\/\/falabr.cgu.gov.br\/web\/home\">https:\/\/falabr.cgu.gov.br\/web\/home<\/a><\/p>\n\n\n\n<p><\/p>\n\n\n\n<p><strong>Gabinete Secret\u00e1rio<\/strong><br>(92) 98842-1272<\/p>\n\n\n\n<p><strong>Gabinete do Subsecret\u00e1rio de Gest\u00e3o<\/strong><br>(92) 98842-1272<\/p>\n\n\n\n<p><strong>Gabinete do Subsecret\u00e1rio Operacional<\/strong><br>(92) 98842-2527 (Whatsapp)<\/p>\n\n\n\n<p><strong>Departamento de Cemit\u00e9rios<\/strong><br>(92) 98842-1203<\/p>\n\n\n\n<p><strong>N\u00facleo de Gest\u00e3o de Pessoal<\/strong><br>(92) 98842-1204 (Whatsapp)<\/p>\n\n\n\n<p><strong>Disk-SEMULSP<\/strong><br>(92) 98842-1202 (WhatsApp) \u2013 (92) 98842-4738 (WhatsApp) \u2013 (92) 98842-1276 (WhatsApp) \u2013 (92) 98842-1277 (WhatsApp)<\/p>\n\n\n\n<p><strong>Coleta Agendada de Grandes Objetos<\/strong><br>(92) 98415-9563 (WhatsApp) \u2013 98459-5618 (WhatsApp)<\/p>\n\n\n\n<p><strong>Coleta Seletiva<\/strong><br>(92) 98842-1271 (WhatsApp)<\/p>\n","protected":false},"excerpt":{"rendered":"","protected":false},"author":27,"featured_media":0,"parent":221,"menu_order":3,"comment_status":"closed","ping_status":"closed","template":"templates\/turismo.php","meta":{"footnotes":""},"acf":[],"yoast_head":"<!-- This site is optimized with the Yoast SEO plugin v23.0 - https:\/\/yoast.com\/wordpress\/plugins\/seo\/ -->\n<title>Fale Conosco - SEMULSP<\/title>\n<meta name=\"robots\" content=\"noindex, follow\" \/>\n<meta property=\"og:locale\" content=\"pt_BR\" \/>\n<meta property=\"og:type\" content=\"article\" \/>\n<meta property=\"og:title\" content=\"Fale Conosco - SEMULSP\" \/>\n<meta property=\"og:url\" content=\"https:\/\/www.manaus.am.gov.br\/semulsp\/a-semulsp\/fale-conosco\/\" \/>\n<meta property=\"og:site_name\" content=\"SEMULSP\" \/>\n<meta property=\"article:publisher\" content=\"https:\/\/www.facebook.com\/semulspmanaus\" \/>\n<meta property=\"article:modified_time\" content=\"2025-10-09T13:35:23+00:00\" \/>\n<meta property=\"og:image\" content=\"https:\/\/www.manaus.am.gov.br\/semulsp\/wp-content\/uploads\/sites\/23\/2024\/07\/thumb-default-2.png\" \/>\n\t<meta property=\"og:image:width\" content=\"966\" \/>\n\t<meta property=\"og:image:height\" content=\"520\" \/>\n\t<meta property=\"og:image:type\" content=\"image\/png\" \/>\n<meta name=\"twitter:card\" content=\"summary_large_image\" \/>\n<meta name=\"twitter:label1\" content=\"Est. reading time\" \/>\n\t<meta name=\"twitter:data1\" content=\"1 minuto\" \/>\n<script type=\"application\/ld+json\" class=\"yoast-schema-graph\">{\"@context\":\"https:\/\/schema.org\",\"@graph\":[{\"@type\":\"WebPage\",\"@id\":\"https:\/\/www.manaus.am.gov.br\/semulsp\/a-semulsp\/fale-conosco\/\",\"url\":\"https:\/\/www.manaus.am.gov.br\/semulsp\/a-semulsp\/fale-conosco\/\",\"name\":\"Fale Conosco - SEMULSP\",\"isPartOf\":{\"@id\":\"https:\/\/www.manaus.am.gov.br\/semulsp\/#website\"},\"datePublished\":\"2023-05-30T18:46:03+00:00\",\"dateModified\":\"2025-10-09T13:35:23+00:00\",\"breadcrumb\":{\"@id\":\"https:\/\/www.manaus.am.gov.br\/semulsp\/a-semulsp\/fale-conosco\/#breadcrumb\"},\"inLanguage\":\"pt-BR\",\"potentialAction\":[{\"@type\":\"ReadAction\",\"target\":[\"https:\/\/www.manaus.am.gov.br\/semulsp\/a-semulsp\/fale-conosco\/\"]}]},{\"@type\":\"BreadcrumbList\",\"@id\":\"https:\/\/www.manaus.am.gov.br\/semulsp\/a-semulsp\/fale-conosco\/#breadcrumb\",\"itemListElement\":[{\"@type\":\"ListItem\",\"position\":1,\"name\":\"Home\",\"item\":\"https:\/\/www.manaus.am.gov.br\/semulsp\/\"},{\"@type\":\"ListItem\",\"position\":2,\"name\":\"A SEMULSP\",\"item\":\"https:\/\/www.manaus.am.gov.br\/semulsp\/a-semulsp\/\"},{\"@type\":\"ListItem\",\"position\":3,\"name\":\"Fale Conosco\"}]},{\"@type\":\"WebSite\",\"@id\":\"https:\/\/www.manaus.am.gov.br\/semulsp\/#website\",\"url\":\"https:\/\/www.manaus.am.gov.br\/semulsp\/\",\"name\":\"SEMULSP\",\"description\":\"Prefeitura de Manaus\",\"publisher\":{\"@id\":\"https:\/\/www.manaus.am.gov.br\/semulsp\/#organization\"},\"alternateName\":\"Secretaria Municipal de Limpeza P\u00fablica\",\"potentialAction\":[{\"@type\":\"SearchAction\",\"target\":{\"@type\":\"EntryPoint\",\"urlTemplate\":\"https:\/\/www.manaus.am.gov.br\/semulsp\/?s={search_term_string}\"},\"query-input\":\"required name=search_term_string\"}],\"inLanguage\":\"pt-BR\"},{\"@type\":\"Organization\",\"@id\":\"https:\/\/www.manaus.am.gov.br\/semulsp\/#organization\",\"name\":\"SEMULSP\",\"alternateName\":\"Secretaria Municipal de Limpeza P\u00fablica\",\"url\":\"https:\/\/www.manaus.am.gov.br\/semulsp\/\",\"logo\":{\"@type\":\"ImageObject\",\"inLanguage\":\"pt-BR\",\"@id\":\"https:\/\/www.manaus.am.gov.br\/semulsp\/#\/schema\/logo\/image\/\",\"url\":\"https:\/\/www.manaus.am.gov.br\/semulsp\/wp-content\/uploads\/sites\/23\/2023\/05\/cropped-favicon.png\",\"contentUrl\":\"https:\/\/www.manaus.am.gov.br\/semulsp\/wp-content\/uploads\/sites\/23\/2023\/05\/cropped-favicon.png\",\"width\":512,\"height\":512,\"caption\":\"SEMULSP\"},\"image\":{\"@id\":\"https:\/\/www.manaus.am.gov.br\/semulsp\/#\/schema\/logo\/image\/\"},\"sameAs\":[\"https:\/\/www.facebook.com\/semulspmanaus\",\"https:\/\/www.instagram.com\/semulspmanaus\/\"]}]}<\/script>\n<!-- \/ Yoast SEO plugin. -->","yoast_head_json":{"title":"Fale Conosco - SEMULSP","robots":{"index":"noindex","follow":"follow"},"og_locale":"pt_BR","og_type":"article","og_title":"Fale Conosco - SEMULSP","og_url":"https:\/\/www.manaus.am.gov.br\/semulsp\/a-semulsp\/fale-conosco\/","og_site_name":"SEMULSP","article_publisher":"https:\/\/www.facebook.com\/semulspmanaus","article_modified_time":"2025-10-09T13:35:23+00:00","og_image":[{"width":966,"height":520,"url":"https:\/\/www.manaus.am.gov.br\/semulsp\/wp-content\/uploads\/sites\/23\/2024\/07\/thumb-default-2.png","type":"image\/png"}],"twitter_card":"summary_large_image","twitter_misc":{"Est. reading time":"1 minuto"},"schema":{"@context":"https:\/\/schema.org","@graph":[{"@type":"WebPage","@id":"https:\/\/www.manaus.am.gov.br\/semulsp\/a-semulsp\/fale-conosco\/","url":"https:\/\/www.manaus.am.gov.br\/semulsp\/a-semulsp\/fale-conosco\/","name":"Fale Conosco - SEMULSP","isPartOf":{"@id":"https:\/\/www.manaus.am.gov.br\/semulsp\/#website"},"datePublished":"2023-05-30T18:46:03+00:00","dateModified":"2025-10-09T13:35:23+00:00","breadcrumb":{"@id":"https:\/\/www.manaus.am.gov.br\/semulsp\/a-semulsp\/fale-conosco\/#breadcrumb"},"inLanguage":"pt-BR","potentialAction":[{"@type":"ReadAction","target":["https:\/\/www.manaus.am.gov.br\/semulsp\/a-semulsp\/fale-conosco\/"]}]},{"@type":"BreadcrumbList","@id":"https:\/\/www.manaus.am.gov.br\/semulsp\/a-semulsp\/fale-conosco\/#breadcrumb","itemListElement":[{"@type":"ListItem","position":1,"name":"Home","item":"https:\/\/www.manaus.am.gov.br\/semulsp\/"},{"@type":"ListItem","position":2,"name":"A SEMULSP","item":"https:\/\/www.manaus.am.gov.br\/semulsp\/a-semulsp\/"},{"@type":"ListItem","position":3,"name":"Fale Conosco"}]},{"@type":"WebSite","@id":"https:\/\/www.manaus.am.gov.br\/semulsp\/#website","url":"https:\/\/www.manaus.am.gov.br\/semulsp\/","name":"SEMULSP","description":"Prefeitura de Manaus","publisher":{"@id":"https:\/\/www.manaus.am.gov.br\/semulsp\/#organization"},"alternateName":"Secretaria Municipal de Limpeza P\u00fablica","potentialAction":[{"@type":"SearchAction","target":{"@type":"EntryPoint","urlTemplate":"https:\/\/www.manaus.am.gov.br\/semulsp\/?s={search_term_string}"},"query-input":"required name=search_term_string"}],"inLanguage":"pt-BR"},{"@type":"Organization","@id":"https:\/\/www.manaus.am.gov.br\/semulsp\/#organization","name":"SEMULSP","alternateName":"Secretaria Municipal de Limpeza P\u00fablica","url":"https:\/\/www.manaus.am.gov.br\/semulsp\/","logo":{"@type":"ImageObject","inLanguage":"pt-BR","@id":"https:\/\/www.manaus.am.gov.br\/semulsp\/#\/schema\/logo\/image\/","url":"https:\/\/www.manaus.am.gov.br\/semulsp\/wp-content\/uploads\/sites\/23\/2023\/05\/cropped-favicon.png","contentUrl":"https:\/\/www.manaus.am.gov.br\/semulsp\/wp-content\/uploads\/sites\/23\/2023\/05\/cropped-favicon.png","width":512,"height":512,"caption":"SEMULSP"},"image":{"@id":"https:\/\/www.manaus.am.gov.br\/semulsp\/#\/schema\/logo\/image\/"},"sameAs":["https:\/\/www.facebook.com\/semulspmanaus","https:\/\/www.instagram.com\/semulspmanaus\/"]}]}},"_links":{"self":[{"href":"https:\/\/www.manaus.am.gov.br\/semulsp\/wp-json\/wp\/v2\/pages\/245"}],"collection":[{"href":"https:\/\/www.manaus.am.gov.br\/semulsp\/wp-json\/wp\/v2\/pages"}],"about":[{"href":"https:\/\/www.manaus.am.gov.br\/semulsp\/wp-json\/wp\/v2\/types\/page"}],"author":[{"embeddable":true,"href":"https:\/\/www.manaus.am.gov.br\/semulsp\/wp-json\/wp\/v2\/users\/27"}],"replies":[{"embeddable":true,"href":"https:\/\/www.manaus.am.gov.br\/semulsp\/wp-json\/wp\/v2\/comments?post=245"}],"version-history":[{"count":16,"href":"https:\/\/www.manaus.am.gov.br\/semulsp\/wp-json\/wp\/v2\/pages\/245\/revisions"}],"predecessor-version":[{"id":2516,"href":"https:\/\/www.manaus.am.gov.br\/semulsp\/wp-json\/wp\/v2\/pages\/245\/revisions\/2516"}],"up":[{"embeddable":true,"href":"https:\/\/www.manaus.am.gov.br\/semulsp\/wp-json\/wp\/v2\/pages\/221"}],"wp:attachment":[{"href":"https:\/\/www.manaus.am.gov.br\/semulsp\/wp-json\/wp\/v2\/media?parent=245"}],"curies":[{"name":"wp","href":"https:\/\/api.w.org\/{rel}","templated":true}]}}

<p><strong>Endereço</strong><br>Avenida Brasil,1335 – Compensa, CEP: 69036-110<br>Horário de funcionamento:<br>&#8211; Administrativo: Segunda à sexta, das 07h às 16h.<br>&#8211; Aterro: Segunda à sexta, das 08h às 17h.</p>



<p><strong>E-mail (Protocolo Externo)</strong><br><a href="mailto:semulsp@pmm.am.gov.br">semulsp@pmm.am.gov.br</a>; <a href="mailto:gabinete.semulsp@pmm.am.gov.br">gabinete.semulsp@pmm.am.gov.br</a></p>



<p></p>



<p><strong>Ouvidoria</strong><br><a href="mailto:ouvidoria.semulsp@manaus.am.gov.br">ouvidoria.semulsp@manaus.am.gov.br</a>; <a href="https://falabr.cgu.gov.br/web/home">https://falabr.cgu.gov.br/web/home</a></p>



<p></p>



<p><strong>Gabinete Secretário</strong><br>(92) 98842-1272</p>



<p><strong>Gabinete do Subsecretário de Gestão</strong><br>(92) 98842-1272</p>



<p><strong>Gabinete do Subsecretário Operacional</strong><br>(92) 98842-2527 (Whatsapp)</p>



<p><strong>Departamento de Cemitérios</strong><br>(92) 98842-1203</p>



<p><strong>Núcleo de Gestão de Pessoal</strong><br>(92) 98842-1204 (Whatsapp)</p>



<p><strong>Disk-SEMULSP</strong><br>(92) 98842-1202 (WhatsApp) – (92) 98842-4738 (WhatsApp) – (92) 98842-1276 (WhatsApp) – (92) 98842-1277 (WhatsApp)</p>



<p><strong>Coleta Agendada de Grandes Objetos</strong><br>(92) 98415-9563 (WhatsApp) – 98459-5618 (WhatsApp)</p>



<p><strong>Coleta Seletiva</strong><br>(92) 98842-1271 (WhatsApp)</p>

<!-- This site is optimized with the Yoast SEO plugin v23.0 - https://yoast.com/wordpress/plugins/seo/ -->
<title>Fale Conosco - SEMULSP</title>
<meta name="robots" content="noindex, follow" />
<meta property="og:locale" content="pt_BR" />
<meta property="og:type" content="article" />
<meta property="og:title" content="Fale Conosco - SEMULSP" />
<meta property="og:url" content="https://www.manaus.am.gov.br/semulsp/a-semulsp/fale-conosco/" />
<meta property="og:site_name" content="SEMULSP" />
<meta property="article:publisher" content="https://www.facebook.com/semulspmanaus" />
<meta property="article:modified_time" content="2025-10-09T13:35:23+00:00" />
<meta property="og:image" content="https://www.manaus.am.gov.br/semulsp/wp-content/uploads/sites/23/2024/07/thumb-default-2.png" />
	<meta property="og:image:width" content="966" />
	<meta property="og:image:height" content="520" />
	<meta property="og:image:type" content="image/png" />
<meta name="twitter:card" content="summary_large_image" />
<meta name="twitter:label1" content="Est. reading time" />
	<meta name="twitter:data1" content="1 minuto" />
<script type="application/ld+json" class="yoast-schema-graph">{"@context":"https://schema.org","@graph":[{"@type":"WebPage","@id":"https://www.manaus.am.gov.br/semulsp/a-semulsp/fale-conosco/","url":"https://www.manaus.am.gov.br/semulsp/a-semulsp/fale-conosco/","name":"Fale Conosco - SEMULSP","isPartOf":{"@id":"https://www.manaus.am.gov.br/semulsp/#website"},"datePublished":"2023-05-30T18:46:03+00:00","dateModified":"2025-10-09T13:35:23+00:00","breadcrumb":{"@id":"https://www.manaus.am.gov.br/semulsp/a-semulsp/fale-conosco/#breadcrumb"},"inLanguage":"pt-BR","potentialAction":[{"@type":"ReadAction","target":["https://www.manaus.am.gov.br/semulsp/a-semulsp/fale-conosco/"]}]},{"@type":"BreadcrumbList","@id":"https://www.manaus.am.gov.br/semulsp/a-semulsp/fale-conosco/#breadcrumb","itemListElement":[{"@type":"ListItem","position":1,"name":"Home","item":"https://www.manaus.am.gov.br/semulsp/"},{"@type":"ListItem","position":2,"name":"A SEMULSP","item":"https://www.manaus.am.gov.br/semulsp/a-semulsp/"},{"@type":"ListItem","position":3,"name":"Fale Conosco"}]},{"@type":"WebSite","@id":"https://www.manaus.am.gov.br/semulsp/#website","url":"https://www.manaus.am.gov.br/semulsp/","name":"SEMULSP","description":"Prefeitura de Manaus","publisher":{"@id":"https://www.manaus.am.gov.br/semulsp/#organization"},"alternateName":"Secretaria Municipal de Limpeza Pública","potentialAction":[{"@type":"SearchAction","target":{"@type":"EntryPoint","urlTemplate":"https://www.manaus.am.gov.br/semulsp/?s={search_term_string}"},"query-input":"required name=search_term_string"}],"inLanguage":"pt-BR"},{"@type":"Organization","@id":"https://www.manaus.am.gov.br/semulsp/#organization","name":"SEMULSP","alternateName":"Secretaria Municipal de Limpeza Pública","url":"https://www.manaus.am.gov.br/semulsp/","logo":{"@type":"ImageObject","inLanguage":"pt-BR","@id":"https://www.manaus.am.gov.br/semulsp/#/schema/logo/image/","url":"https://www.manaus.am.gov.br/semulsp/wp-content/uploads/sites/23/2023/05/cropped-favicon.png","contentUrl":"https://www.manaus.am.gov.br/semulsp/wp-content/uploads/sites/23/2023/05/cropped-favicon.png","width":512,"height":512,"caption":"SEMULSP"},"image":{"@id":"https://www.manaus.am.gov.br/semulsp/#/schema/logo/image/"},"sameAs":["https://www.facebook.com/semulspmanaus","https://www.instagram.com/semulspmanaus/"]}]}</script>
<!-- / Yoast SEO plugin. -->

Secretaria Municipal de Limpeza Pública
