{"id":202,"date":"2023-05-29T22:16:49","date_gmt":"2023-05-30T01:16:49","guid":{"rendered":"https:\/\/www.manaus.am.gov.br\/semulsp\/?page_id=202"},"modified":"2024-10-29T09:51:23","modified_gmt":"2024-10-29T13:51:23","slug":"home","status":"publish","type":"page","link":"https:\/\/www.manaus.am.gov.br\/semulsp\/","title":{"rendered":"Home"},"content":{"rendered":"","protected":false},"excerpt":{"rendered":"","protected":false},"author":27,"featured_media":0,"parent":0,"menu_order":0,"comment_status":"closed","ping_status":"closed","template":"templates\/home_novo_banner.php","meta":{"footnotes":""},"acf":[],"yoast_head":"<!-- This site is optimized with the Yoast SEO plugin v23.0 - https:\/\/yoast.com\/wordpress\/plugins\/seo\/ -->\n<title>Secretaria Municipal de Limpeza P\u00fablica \u2013 SEMULSP - Prefeitura de Manaus<\/title>\n<meta name=\"description\" content=\"Criada pela Lei N\u00b0 761, de 04 de maio de 2004, e tendo a \u00faltima altera\u00e7\u00e3o legislativa de sua estrutura definida pelo Decreto N\u00ba 2.583, de 23 de outubro de 2013,a Secretaria Municipal de Limpeza P\u00fablica \u2013 SEMULSP, \u00f3rg\u00e3o integrante da Administra\u00e7\u00e3o Direta do Poder Executivo, tem por finalidade:\" \/>\n<meta name=\"robots\" content=\"noindex, follow\" \/>\n<meta property=\"og:locale\" content=\"pt_BR\" \/>\n<meta property=\"og:type\" content=\"article\" \/>\n<meta property=\"og:title\" content=\"Secretaria Municipal de Limpeza P\u00fablica \u2013 SEMULSP - Prefeitura de Manaus\" \/>\n<meta property=\"og:description\" content=\"Criada pela Lei N\u00b0 761, de 04 de maio de 2004, e tendo a \u00faltima altera\u00e7\u00e3o legislativa de sua estrutura definida pelo Decreto N\u00ba 2.583, de 23 de outubro de 2013,a Secretaria Municipal de Limpeza P\u00fablica \u2013 SEMULSP, \u00f3rg\u00e3o integrante da Administra\u00e7\u00e3o Direta do Poder Executivo, tem por finalidade:\" \/>\n<meta property=\"og:url\" content=\"https:\/\/www.manaus.am.gov.br\/semulsp\/\" \/>\n<meta property=\"og:site_name\" content=\"SEMULSP\" \/>\n<meta property=\"article:publisher\" content=\"https:\/\/www.facebook.com\/semulspmanaus\" \/>\n<meta property=\"article:modified_time\" content=\"2024-10-29T13:51:23+00:00\" \/>\n<meta property=\"og:image\" content=\"https:\/\/www.manaus.am.gov.br\/semulsp\/wp-content\/uploads\/sites\/23\/2024\/07\/thumb-default-2.png\" \/>\n\t<meta property=\"og:image:width\" content=\"966\" \/>\n\t<meta property=\"og:image:height\" content=\"520\" \/>\n\t<meta property=\"og:image:type\" content=\"image\/png\" \/>\n<meta name=\"twitter:card\" content=\"summary_large_image\" \/>\n<script type=\"application\/ld+json\" class=\"yoast-schema-graph\">{\"@context\":\"https:\/\/schema.org\",\"@graph\":[{\"@type\":\"WebPage\",\"@id\":\"https:\/\/www.manaus.am.gov.br\/semulsp\/\",\"url\":\"https:\/\/www.manaus.am.gov.br\/semulsp\/\",\"name\":\"Secretaria Municipal de Limpeza P\u00fablica \u2013 SEMULSP - Prefeitura de Manaus\",\"isPartOf\":{\"@id\":\"https:\/\/www.manaus.am.gov.br\/semulsp\/#website\"},\"datePublished\":\"2023-05-30T01:16:49+00:00\",\"dateModified\":\"2024-10-29T13:51:23+00:00\",\"description\":\"Criada pela Lei N\u00b0 761, de 04 de maio de 2004, e tendo a \u00faltima altera\u00e7\u00e3o legislativa de sua estrutura definida pelo Decreto N\u00ba 2.583, de 23 de outubro de 2013,a Secretaria Municipal de Limpeza P\u00fablica \u2013 SEMULSP, \u00f3rg\u00e3o integrante da Administra\u00e7\u00e3o Direta do Poder Executivo, tem por finalidade:\",\"breadcrumb\":{\"@id\":\"https:\/\/www.manaus.am.gov.br\/semulsp\/#breadcrumb\"},\"inLanguage\":\"pt-BR\",\"potentialAction\":[{\"@type\":\"ReadAction\",\"target\":[\"https:\/\/www.manaus.am.gov.br\/semulsp\/\"]}]},{\"@type\":\"BreadcrumbList\",\"@id\":\"https:\/\/www.manaus.am.gov.br\/semulsp\/#breadcrumb\",\"itemListElement\":[{\"@type\":\"ListItem\",\"position\":1,\"name\":\"Home\",\"item\":\"https:\/\/www.manaus.am.gov.br\/semulsp\/\"},{\"@type\":\"ListItem\",\"position\":2,\"name\":\"Home\"}]},{\"@type\":\"WebSite\",\"@id\":\"https:\/\/www.manaus.am.gov.br\/semulsp\/#website\",\"url\":\"https:\/\/www.manaus.am.gov.br\/semulsp\/\",\"name\":\"SEMULSP\",\"description\":\"Prefeitura de Manaus\",\"publisher\":{\"@id\":\"https:\/\/www.manaus.am.gov.br\/semulsp\/#organization\"},\"alternateName\":\"Secretaria Municipal de Limpeza P\u00fablica\",\"potentialAction\":[{\"@type\":\"SearchAction\",\"target\":{\"@type\":\"EntryPoint\",\"urlTemplate\":\"https:\/\/www.manaus.am.gov.br\/semulsp\/?s={search_term_string}\"},\"query-input\":\"required name=search_term_string\"}],\"inLanguage\":\"pt-BR\"},{\"@type\":\"Organization\",\"@id\":\"https:\/\/www.manaus.am.gov.br\/semulsp\/#organization\",\"name\":\"SEMULSP\",\"alternateName\":\"Secretaria Municipal de Limpeza P\u00fablica\",\"url\":\"https:\/\/www.manaus.am.gov.br\/semulsp\/\",\"logo\":{\"@type\":\"ImageObject\",\"inLanguage\":\"pt-BR\",\"@id\":\"https:\/\/www.manaus.am.gov.br\/semulsp\/#\/schema\/logo\/image\/\",\"url\":\"https:\/\/www.manaus.am.gov.br\/semulsp\/wp-content\/uploads\/sites\/23\/2023\/05\/cropped-favicon.png\",\"contentUrl\":\"https:\/\/www.manaus.am.gov.br\/semulsp\/wp-content\/uploads\/sites\/23\/2023\/05\/cropped-favicon.png\",\"width\":512,\"height\":512,\"caption\":\"SEMULSP\"},\"image\":{\"@id\":\"https:\/\/www.manaus.am.gov.br\/semulsp\/#\/schema\/logo\/image\/\"},\"sameAs\":[\"https:\/\/www.facebook.com\/semulspmanaus\",\"https:\/\/www.instagram.com\/semulspmanaus\/\"]}]}<\/script>\n<!-- \/ Yoast SEO plugin. -->","yoast_head_json":{"title":"Secretaria Municipal de Limpeza P\u00fablica \u2013 SEMULSP - Prefeitura de Manaus","description":"Criada pela Lei N\u00b0 761, de 04 de maio de 2004, e tendo a \u00faltima altera\u00e7\u00e3o legislativa de sua estrutura definida pelo Decreto N\u00ba 2.583, de 23 de outubro de 2013,a Secretaria Municipal de Limpeza P\u00fablica \u2013 SEMULSP, \u00f3rg\u00e3o integrante da Administra\u00e7\u00e3o Direta do Poder Executivo, tem por finalidade:","robots":{"index":"noindex","follow":"follow"},"og_locale":"pt_BR","og_type":"article","og_title":"Secretaria Municipal de Limpeza P\u00fablica \u2013 SEMULSP - Prefeitura de Manaus","og_description":"Criada pela Lei N\u00b0 761, de 04 de maio de 2004, e tendo a \u00faltima altera\u00e7\u00e3o legislativa de sua estrutura definida pelo Decreto N\u00ba 2.583, de 23 de outubro de 2013,a Secretaria Municipal de Limpeza P\u00fablica \u2013 SEMULSP, \u00f3rg\u00e3o integrante da Administra\u00e7\u00e3o Direta do Poder Executivo, tem por finalidade:","og_url":"https:\/\/www.manaus.am.gov.br\/semulsp\/","og_site_name":"SEMULSP","article_publisher":"https:\/\/www.facebook.com\/semulspmanaus","article_modified_time":"2024-10-29T13:51:23+00:00","og_image":[{"width":966,"height":520,"url":"https:\/\/www.manaus.am.gov.br\/semulsp\/wp-content\/uploads\/sites\/23\/2024\/07\/thumb-default-2.png","type":"image\/png"}],"twitter_card":"summary_large_image","schema":{"@context":"https:\/\/schema.org","@graph":[{"@type":"WebPage","@id":"https:\/\/www.manaus.am.gov.br\/semulsp\/","url":"https:\/\/www.manaus.am.gov.br\/semulsp\/","name":"Secretaria Municipal de Limpeza P\u00fablica \u2013 SEMULSP - Prefeitura de Manaus","isPartOf":{"@id":"https:\/\/www.manaus.am.gov.br\/semulsp\/#website"},"datePublished":"2023-05-30T01:16:49+00:00","dateModified":"2024-10-29T13:51:23+00:00","description":"Criada pela Lei N\u00b0 761, de 04 de maio de 2004, e tendo a \u00faltima altera\u00e7\u00e3o legislativa de sua estrutura definida pelo Decreto N\u00ba 2.583, de 23 de outubro de 2013,a Secretaria Municipal de Limpeza P\u00fablica \u2013 SEMULSP, \u00f3rg\u00e3o integrante da Administra\u00e7\u00e3o Direta do Poder Executivo, tem por finalidade:","breadcrumb":{"@id":"https:\/\/www.manaus.am.gov.br\/semulsp\/#breadcrumb"},"inLanguage":"pt-BR","potentialAction":[{"@type":"ReadAction","target":["https:\/\/www.manaus.am.gov.br\/semulsp\/"]}]},{"@type":"BreadcrumbList","@id":"https:\/\/www.manaus.am.gov.br\/semulsp\/#breadcrumb","itemListElement":[{"@type":"ListItem","position":1,"name":"Home","item":"https:\/\/www.manaus.am.gov.br\/semulsp\/"},{"@type":"ListItem","position":2,"name":"Home"}]},{"@type":"WebSite","@id":"https:\/\/www.manaus.am.gov.br\/semulsp\/#website","url":"https:\/\/www.manaus.am.gov.br\/semulsp\/","name":"SEMULSP","description":"Prefeitura de Manaus","publisher":{"@id":"https:\/\/www.manaus.am.gov.br\/semulsp\/#organization"},"alternateName":"Secretaria Municipal de Limpeza P\u00fablica","potentialAction":[{"@type":"SearchAction","target":{"@type":"EntryPoint","urlTemplate":"https:\/\/www.manaus.am.gov.br\/semulsp\/?s={search_term_string}"},"query-input":"required name=search_term_string"}],"inLanguage":"pt-BR"},{"@type":"Organization","@id":"https:\/\/www.manaus.am.gov.br\/semulsp\/#organization","name":"SEMULSP","alternateName":"Secretaria Municipal de Limpeza P\u00fablica","url":"https:\/\/www.manaus.am.gov.br\/semulsp\/","logo":{"@type":"ImageObject","inLanguage":"pt-BR","@id":"https:\/\/www.manaus.am.gov.br\/semulsp\/#\/schema\/logo\/image\/","url":"https:\/\/www.manaus.am.gov.br\/semulsp\/wp-content\/uploads\/sites\/23\/2023\/05\/cropped-favicon.png","contentUrl":"https:\/\/www.manaus.am.gov.br\/semulsp\/wp-content\/uploads\/sites\/23\/2023\/05\/cropped-favicon.png","width":512,"height":512,"caption":"SEMULSP"},"image":{"@id":"https:\/\/www.manaus.am.gov.br\/semulsp\/#\/schema\/logo\/image\/"},"sameAs":["https:\/\/www.facebook.com\/semulspmanaus","https:\/\/www.instagram.com\/semulspmanaus\/"]}]}},"_links":{"self":[{"href":"https:\/\/www.manaus.am.gov.br\/semulsp\/wp-json\/wp\/v2\/pages\/202"}],"collection":[{"href":"https:\/\/www.manaus.am.gov.br\/semulsp\/wp-json\/wp\/v2\/pages"}],"about":[{"href":"https:\/\/www.manaus.am.gov.br\/semulsp\/wp-json\/wp\/v2\/types\/page"}],"author":[{"embeddable":true,"href":"https:\/\/www.manaus.am.gov.br\/semulsp\/wp-json\/wp\/v2\/users\/27"}],"replies":[{"embeddable":true,"href":"https:\/\/www.manaus.am.gov.br\/semulsp\/wp-json\/wp\/v2\/comments?post=202"}],"version-history":[{"count":3,"href":"https:\/\/www.manaus.am.gov.br\/semulsp\/wp-json\/wp\/v2\/pages\/202\/revisions"}],"predecessor-version":[{"id":370,"href":"https:\/\/www.manaus.am.gov.br\/semulsp\/wp-json\/wp\/v2\/pages\/202\/revisions\/370"}],"wp:attachment":[{"href":"https:\/\/www.manaus.am.gov.br\/semulsp\/wp-json\/wp\/v2\/media?parent=202"}],"curies":[{"name":"wp","href":"https:\/\/api.w.org\/{rel}","templated":true}]}}

<!-- This site is optimized with the Yoast SEO plugin v23.0 - https://yoast.com/wordpress/plugins/seo/ -->
<title>Secretaria Municipal de Limpeza Pública – SEMULSP - Prefeitura de Manaus</title>
<meta name="description" content="Criada pela Lei N° 761, de 04 de maio de 2004, e tendo a última alteração legislativa de sua estrutura definida pelo Decreto Nº 2.583, de 23 de outubro de 2013,a Secretaria Municipal de Limpeza Pública – SEMULSP, órgão integrante da Administração Direta do Poder Executivo, tem por finalidade:" />
<meta name="robots" content="noindex, follow" />
<meta property="og:locale" content="pt_BR" />
<meta property="og:type" content="article" />
<meta property="og:title" content="Secretaria Municipal de Limpeza Pública – SEMULSP - Prefeitura de Manaus" />
<meta property="og:description" content="Criada pela Lei N° 761, de 04 de maio de 2004, e tendo a última alteração legislativa de sua estrutura definida pelo Decreto Nº 2.583, de 23 de outubro de 2013,a Secretaria Municipal de Limpeza Pública – SEMULSP, órgão integrante da Administração Direta do Poder Executivo, tem por finalidade:" />
<meta property="og:url" content="https://www.manaus.am.gov.br/semulsp/" />
<meta property="og:site_name" content="SEMULSP" />
<meta property="article:publisher" content="https://www.facebook.com/semulspmanaus" />
<meta property="article:modified_time" content="2024-10-29T13:51:23+00:00" />
<meta property="og:image" content="https://www.manaus.am.gov.br/semulsp/wp-content/uploads/sites/23/2024/07/thumb-default-2.png" />
	<meta property="og:image:width" content="966" />
	<meta property="og:image:height" content="520" />
	<meta property="og:image:type" content="image/png" />
<meta name="twitter:card" content="summary_large_image" />
<script type="application/ld+json" class="yoast-schema-graph">{"@context":"https://schema.org","@graph":[{"@type":"WebPage","@id":"https://www.manaus.am.gov.br/semulsp/","url":"https://www.manaus.am.gov.br/semulsp/","name":"Secretaria Municipal de Limpeza Pública – SEMULSP - Prefeitura de Manaus","isPartOf":{"@id":"https://www.manaus.am.gov.br/semulsp/#website"},"datePublished":"2023-05-30T01:16:49+00:00","dateModified":"2024-10-29T13:51:23+00:00","description":"Criada pela Lei N° 761, de 04 de maio de 2004, e tendo a última alteração legislativa de sua estrutura definida pelo Decreto Nº 2.583, de 23 de outubro de 2013,a Secretaria Municipal de Limpeza Pública – SEMULSP, órgão integrante da Administração Direta do Poder Executivo, tem por finalidade:","breadcrumb":{"@id":"https://www.manaus.am.gov.br/semulsp/#breadcrumb"},"inLanguage":"pt-BR","potentialAction":[{"@type":"ReadAction","target":["https://www.manaus.am.gov.br/semulsp/"]}]},{"@type":"BreadcrumbList","@id":"https://www.manaus.am.gov.br/semulsp/#breadcrumb","itemListElement":[{"@type":"ListItem","position":1,"name":"Home","item":"https://www.manaus.am.gov.br/semulsp/"},{"@type":"ListItem","position":2,"name":"Home"}]},{"@type":"WebSite","@id":"https://www.manaus.am.gov.br/semulsp/#website","url":"https://www.manaus.am.gov.br/semulsp/","name":"SEMULSP","description":"Prefeitura de Manaus","publisher":{"@id":"https://www.manaus.am.gov.br/semulsp/#organization"},"alternateName":"Secretaria Municipal de Limpeza Pública","potentialAction":[{"@type":"SearchAction","target":{"@type":"EntryPoint","urlTemplate":"https://www.manaus.am.gov.br/semulsp/?s={search_term_string}"},"query-input":"required name=search_term_string"}],"inLanguage":"pt-BR"},{"@type":"Organization","@id":"https://www.manaus.am.gov.br/semulsp/#organization","name":"SEMULSP","alternateName":"Secretaria Municipal de Limpeza Pública","url":"https://www.manaus.am.gov.br/semulsp/","logo":{"@type":"ImageObject","inLanguage":"pt-BR","@id":"https://www.manaus.am.gov.br/semulsp/#/schema/logo/image/","url":"https://www.manaus.am.gov.br/semulsp/wp-content/uploads/sites/23/2023/05/cropped-favicon.png","contentUrl":"https://www.manaus.am.gov.br/semulsp/wp-content/uploads/sites/23/2023/05/cropped-favicon.png","width":512,"height":512,"caption":"SEMULSP"},"image":{"@id":"https://www.manaus.am.gov.br/semulsp/#/schema/logo/image/"},"sameAs":["https://www.facebook.com/semulspmanaus","https://www.instagram.com/semulspmanaus/"]}]}</script>
<!-- / Yoast SEO plugin. -->

Secretaria Municipal de Limpeza Pública – SEMULSP - Prefeitura de Manaus

Criada pela Lei N° 761, de 04 de maio de 2004, e tendo a última alteração legislativa de sua estrutura definida pelo Decreto Nº 2.583, de 23 de outubro de 2013,a Secretaria Municipal de Limpeza Pública – SEMULSP, órgão integrante da Administração Direta do Poder Executivo, tem por finalidade:

Secretaria Municipal de Limpeza Pública
