{"id":780,"date":"2023-04-20T17:26:03","date_gmt":"2023-04-20T21:26:03","guid":{"rendered":"https:\/\/www.manaus.am.gov.br\/semtepi\/?page_id=780"},"modified":"2023-04-24T14:36:17","modified_gmt":"2023-04-24T18:36:17","slug":"editais-2019","status":"publish","type":"page","link":"https:\/\/www.manaus.am.gov.br\/semtepi\/editais-2019\/","title":{"rendered":"EDITAIS 2019"},"content":{"rendered":"\n<h2 class=\"wp-block-heading\">EDITAL 002\/2019 \u2013 SEMTEPI<\/h2>\n\n\n\n<h3 class=\"wp-block-heading\"><a href=\"https:\/\/www.manaus.am.gov.br\/semtepi\/wp-content\/uploads\/sites\/20\/2023\/04\/DIVULGACAO-DO-RESULTADO-PRELIMINAR-DE-SELECAO-DO-EDITAL-SEMTEPI-002_2019.pdf\" target=\"_blank\" rel=\"noreferrer noopener\">DIVULGA\u00c7\u00c3O DO RESULTADO PRELIMINAR DE SELE\u00c7\u00c3O DO EDITAL SEMTEPI 002_2019<\/a><\/h3>\n\n\n\n<h3 class=\"wp-block-heading\"><a href=\"https:\/\/www.manaus.am.gov.br\/semtepi\/wp-content\/uploads\/sites\/20\/2023\/04\/EDITAL-DE-CHAMAMENTO-PUBLICO-No-002-SEMTEPI-2019-DOM.pdf\" target=\"_blank\" rel=\"noreferrer noopener\">EDITAL DE CHAMAMENTO PUBLICO N\u00ba 002 SEMTEPI 2019-DOM&nbsp;\u2013 ENCERRADO<\/a><\/h3>\n\n\n\n<p> <\/p>\n\n\n\n<h2 class=\"wp-block-heading\">EDITAL 001\/2019 \u2013 SEMTEPI<\/h2>\n\n\n\n<h3 class=\"wp-block-heading\"><a href=\"https:\/\/www.manaus.am.gov.br\/semtepi\/wp-content\/uploads\/sites\/20\/2023\/04\/DESPACHO-DE-HOMOLOGACAO-DO-EDITAL-001_2019_SEMTEPI.pdf\" target=\"_blank\" rel=\"noreferrer noopener\">DESPACHO DE HOMOLOGA\u00c7\u00c3O DO EDITAL 001_2019_SEMTEPI<\/a><\/h3>\n\n\n\n<h3 class=\"wp-block-heading\"><a href=\"https:\/\/www.manaus.am.gov.br\/semtepi\/wp-content\/uploads\/sites\/20\/2023\/04\/DIVULGACAO-DO-RESULTADO-DEFINITIVO-DO-EDITAL-001_2019_SEMTEPI.pdf\" target=\"_blank\" rel=\"noreferrer noopener\">DIVULGA\u00c7\u00c3O DO RESULTADO DEFINITIVO DO EDITAL 001_2019_SEMTEPI<\/a><\/h3>\n\n\n\n<h3 class=\"wp-block-heading\"><a href=\"https:\/\/www.manaus.am.gov.br\/semtepi\/wp-content\/uploads\/sites\/20\/2023\/04\/DIVULGACAO-DO-RESULADO-PRELIMINAR-2a-ETAPA_HABILITACAO_-EDITAL-001_2019_SEMTEPI.pdf\" target=\"_blank\" rel=\"noreferrer noopener\">DIVULGA\u00c7\u00c3O DO RESULADO PRELIMINAR 2\u00aa ETAPA_HABILITA\u00c7\u00c3O_ EDITAL 001_2019_SEMTEPI<\/a><\/h3>\n\n\n\n<h3 class=\"wp-block-heading\"><a href=\"https:\/\/www.manaus.am.gov.br\/semtepi\/wp-content\/uploads\/sites\/20\/2023\/04\/Gestao-da-Parceria-Editais-Fumipeq-SEMTEPI.pdf\" target=\"_blank\" rel=\"noreferrer noopener\">DIVULGA\u00c7\u00c3O DO RESULTADO PRELIMINAR 1\u00aa ETAPA AP\u00d3S INTERPOSI\u00c7\u00c3O DE RECURSO_Edital001_2019_SEMTEPI<\/a><\/h3>\n\n\n\n<h3 class=\"wp-block-heading\"><a href=\"https:\/\/www.manaus.am.gov.br\/semtepi\/wp-content\/uploads\/sites\/20\/2023\/04\/DIVULG-DO-RESULTADO-PRELIMINAR-1a-ETAPAS-APOS-INTERPOSICAO-DE-RECURSO_-Edital-001_2019_SEMTEPI.pdf\" target=\"_blank\" rel=\"noreferrer noopener\">DIVULGA\u00c7\u00c3O DO RESULADO PRELIMINAR 1\u00aa ETAPA DO EDITAL 001_2019_SEMTEPI<\/a><\/h3>\n\n\n\n<h3 class=\"wp-block-heading\"><a href=\"https:\/\/www.manaus.am.gov.br\/semtepi\/wp-content\/uploads\/sites\/20\/2023\/04\/DOM-4707-ERRATA-DOS-PRAZOS-DO-EDITAL-No-001-DA-SEMTEPI-2019.pdf\" target=\"_blank\" rel=\"noreferrer noopener\">DOM 4707 ERRATA DOS PRAZOS DO EDITAL N\u00ba 001 DA SEMTEPI 2019<\/a><\/h3>\n\n\n\n<h3 class=\"wp-block-heading\"><a href=\"https:\/\/www.manaus.am.gov.br\/semtepi\/wp-content\/uploads\/sites\/20\/2023\/04\/EDITAL-DE-CHAMAMENTO-PUBLICO-No-001-SEMTEPI-2019-1.pdf\" target=\"_blank\" rel=\"noreferrer noopener\">EDITAL DE CHAMAMENTO PUBLICO N\u00ba 001 SEMTEPI 2019&nbsp;\u2013 ENCERRADO<\/a><\/h3>\n\n\n\n<p> <\/p>\n\n\n\n<h2 class=\"wp-block-heading\">EDITAL 001\/2019 \u2013 FUMIPEQ<\/h2>\n\n\n\n<h3 class=\"wp-block-heading\"><a href=\"https:\/\/www.manaus.am.gov.br\/semtepi\/wp-content\/uploads\/sites\/20\/2023\/04\/DIVULGACAO-DO-RESULTADO-DEFINITIVO-E-DOS-RECURSOS-AO-EDITAL-001_FUMIPEQ-2019.pdf\" target=\"_blank\" rel=\"noreferrer noopener\">DIVULGA\u00c7\u00c3O DO RESULTADO DEFINITIVO E DOS RECURSOS AO EDITAL 001_FUMIPEQ 2019<\/a><\/h3>\n\n\n\n<h3 class=\"wp-block-heading\"><a href=\"https:\/\/www.manaus.am.gov.br\/semtepi\/wp-content\/uploads\/sites\/20\/2023\/04\/DESPACHO-DE-HOMOLOGACAO-DO-EDITAL-001_FUMIPEQ.pdf\" target=\"_blank\" rel=\"noreferrer noopener\">DESPACHO DE HOMOLOGA\u00c7\u00c3O DO EDITAL 001_FUMIPEQ<\/a><\/h3>\n\n\n\n<h3 class=\"wp-block-heading\"><a href=\"https:\/\/www.manaus.am.gov.br\/semtepi\/wp-content\/uploads\/sites\/20\/2023\/04\/EDITAL-DE-CHAMAMENTO-PUBLICO-No-001-FUMIPEQ-2019.pdf\">EDITAL DE CHAMAMENTO PUBLICO N\u00ba 001 FUMIPEQ 2019\u00a0\u2013 ENCERRADO<\/a><\/h3>\n\n\n\n<p> <\/p>\n\n\n\n<h2 class=\"wp-block-heading\">Resultado de Interposi\u00e7\u00e3o de Recursos e Resultado Final do Edital de Chamamento P\u00fablico N\u00b0 001 Fumipeq 2019:<\/h2>\n\n\n<div class=\"wp-block-image\">\n<figure class=\"aligncenter\"><a href=\"https:\/\/semtepi.manaus.am.gov.br\/wp-content\/uploads\/2019\/09\/Resultado-Fumipeq.jpg\"><img decoding=\"async\" src=\"https:\/\/semtepi.manaus.am.gov.br\/wp-content\/uploads\/2019\/09\/Resultado-Fumipeq.jpg\" alt=\"\" class=\"wp-image-12947\"\/><\/a><\/figure><\/div>\n\n\n<p>Resultado do Edital de Chamamento P\u00fablico N\u00ba 001 Fumipeq 2019:<\/p>\n\n\n<div class=\"wp-block-image\">\n<figure class=\"aligncenter\"><a href=\"https:\/\/semtepi.manaus.am.gov.br\/wp-content\/uploads\/2019\/08\/WhatsApp-Image-2019-08-25-at-09.39.06-1.jpeg\"><img decoding=\"async\" src=\"https:\/\/semtepi.manaus.am.gov.br\/wp-content\/uploads\/2019\/08\/WhatsApp-Image-2019-08-25-at-09.39.06-1.jpeg\" alt=\"\" class=\"wp-image-12739\"\/><\/a><\/figure><\/div>\n\n<div class=\"wp-block-image\">\n<figure class=\"aligncenter\"><a href=\"https:\/\/semtepi.manaus.am.gov.br\/wp-content\/uploads\/2019\/08\/WhatsApp-Image-2019-08-25-at-09.39.06.jpeg\"><img decoding=\"async\" src=\"https:\/\/semtepi.manaus.am.gov.br\/wp-content\/uploads\/2019\/08\/WhatsApp-Image-2019-08-25-at-09.39.06.jpeg\" alt=\"\" class=\"wp-image-12740\"\/><\/a><\/figure><\/div>\n\n<div class=\"wp-block-image\">\n<figure class=\"aligncenter\"><a href=\"https:\/\/semtepi.manaus.am.gov.br\/wp-content\/uploads\/2019\/08\/WhatsApp-Image-2019-08-25-at-09.39.05.jpeg\"><img decoding=\"async\" src=\"https:\/\/semtepi.manaus.am.gov.br\/wp-content\/uploads\/2019\/08\/WhatsApp-Image-2019-08-25-at-09.39.05.jpeg\" alt=\"\" class=\"wp-image-12741\"\/><\/a><\/figure><\/div>\n\n\n<h3 class=\"wp-block-heading\"><a href=\"https:\/\/www.manaus.am.gov.br\/semtepi\/wp-content\/uploads\/sites\/20\/2023\/04\/Anexos-do-Edital-no-001-FUMIPEQ-2019.docx\" target=\"_blank\" rel=\"noreferrer noopener\">Anexos do Edital n\u00ba 001 FUMIPEQ 2019<\/a><\/h3>\n\n\n\n<h3 class=\"wp-block-heading\"><a href=\"https:\/\/www.manaus.am.gov.br\/semtepi\/wp-content\/uploads\/sites\/20\/2023\/04\/Comissao-de-Selecao-Editais-Fumipeq-SEMTEPI.pdf\" target=\"_blank\" rel=\"noreferrer noopener\">Comiss\u00e3o de Sele\u00e7\u00e3o \u2013 Editais Fumipeq-SEMTEPI<\/a><\/h3>\n\n\n\n<h3 class=\"wp-block-heading\"><a href=\"https:\/\/www.manaus.am.gov.br\/semtepi\/wp-content\/uploads\/sites\/20\/2023\/04\/Comissao-de-Monitoramento-e-Avaliacao-Editais-Fumipeq-SEMTEPI.pdf\" target=\"_blank\" rel=\"noreferrer noopener\">Comiss\u00e3o de Monitoramento e Avalia\u00e7\u00e3o-Editais Fumipeq-SEMTEPI<\/a><\/h3>\n\n\n\n<h3 class=\"wp-block-heading\"><a href=\"https:\/\/www.manaus.am.gov.br\/semtepi\/wp-content\/uploads\/sites\/20\/2023\/04\/Gestao-da-Parceria-Editais-Fumipeq-SEMTEPI.pdf\" target=\"_blank\" rel=\"noreferrer noopener\">Gest\u00e3o da Parceria-Editais Fumipeq-SEMTEPI<\/a><\/h3>\n","protected":false},"excerpt":{"rendered":"","protected":false},"author":27,"featured_media":0,"parent":0,"menu_order":0,"comment_status":"closed","ping_status":"closed","template":"templates\/prefeitura.php","meta":{"footnotes":""},"acf":[],"yoast_head":"<!-- This site is optimized with the Yoast SEO plugin v23.0 - https:\/\/yoast.com\/wordpress\/plugins\/seo\/ -->\n<title>EDITAIS 2019 - SEMTEPI<\/title>\n<meta name=\"robots\" content=\"noindex, follow\" \/>\n<meta property=\"og:locale\" content=\"pt_BR\" \/>\n<meta property=\"og:type\" content=\"article\" \/>\n<meta property=\"og:title\" content=\"EDITAIS 2019 - SEMTEPI\" \/>\n<meta property=\"og:url\" content=\"https:\/\/www.manaus.am.gov.br\/semtepi\/editais-2019\/\" \/>\n<meta property=\"og:site_name\" content=\"SEMTEPI\" \/>\n<meta property=\"article:modified_time\" content=\"2023-04-24T18:36:17+00:00\" \/>\n<meta property=\"og:image\" content=\"https:\/\/semtepi.manaus.am.gov.br\/wp-content\/uploads\/2019\/09\/Resultado-Fumipeq.jpg\" \/>\n<meta name=\"twitter:card\" content=\"summary_large_image\" \/>\n<meta name=\"twitter:label1\" content=\"Est. reading time\" \/>\n\t<meta name=\"twitter:data1\" content=\"2 minutos\" \/>\n<script type=\"application\/ld+json\" class=\"yoast-schema-graph\">{\"@context\":\"https:\/\/schema.org\",\"@graph\":[{\"@type\":\"WebPage\",\"@id\":\"https:\/\/www.manaus.am.gov.br\/semtepi\/editais-2019\/\",\"url\":\"https:\/\/www.manaus.am.gov.br\/semtepi\/editais-2019\/\",\"name\":\"EDITAIS 2019 - SEMTEPI\",\"isPartOf\":{\"@id\":\"https:\/\/www.manaus.am.gov.br\/semtepi\/#website\"},\"primaryImageOfPage\":{\"@id\":\"https:\/\/www.manaus.am.gov.br\/semtepi\/editais-2019\/#primaryimage\"},\"image\":{\"@id\":\"https:\/\/www.manaus.am.gov.br\/semtepi\/editais-2019\/#primaryimage\"},\"thumbnailUrl\":\"https:\/\/semtepi.manaus.am.gov.br\/wp-content\/uploads\/2019\/09\/Resultado-Fumipeq.jpg\",\"datePublished\":\"2023-04-20T21:26:03+00:00\",\"dateModified\":\"2023-04-24T18:36:17+00:00\",\"breadcrumb\":{\"@id\":\"https:\/\/www.manaus.am.gov.br\/semtepi\/editais-2019\/#breadcrumb\"},\"inLanguage\":\"pt-BR\",\"potentialAction\":[{\"@type\":\"ReadAction\",\"target\":[\"https:\/\/www.manaus.am.gov.br\/semtepi\/editais-2019\/\"]}]},{\"@type\":\"ImageObject\",\"inLanguage\":\"pt-BR\",\"@id\":\"https:\/\/www.manaus.am.gov.br\/semtepi\/editais-2019\/#primaryimage\",\"url\":\"https:\/\/semtepi.manaus.am.gov.br\/wp-content\/uploads\/2019\/09\/Resultado-Fumipeq.jpg\",\"contentUrl\":\"https:\/\/semtepi.manaus.am.gov.br\/wp-content\/uploads\/2019\/09\/Resultado-Fumipeq.jpg\"},{\"@type\":\"BreadcrumbList\",\"@id\":\"https:\/\/www.manaus.am.gov.br\/semtepi\/editais-2019\/#breadcrumb\",\"itemListElement\":[{\"@type\":\"ListItem\",\"position\":1,\"name\":\"Home\",\"item\":\"https:\/\/www.manaus.am.gov.br\/semtepi\/\"},{\"@type\":\"ListItem\",\"position\":2,\"name\":\"EDITAIS 2019\"}]},{\"@type\":\"WebSite\",\"@id\":\"https:\/\/www.manaus.am.gov.br\/semtepi\/#website\",\"url\":\"https:\/\/www.manaus.am.gov.br\/semtepi\/\",\"name\":\"SEMTEPI\",\"description\":\"Prefeitura de Manaus\",\"publisher\":{\"@id\":\"https:\/\/www.manaus.am.gov.br\/semtepi\/#organization\"},\"alternateName\":\"Secretaria Municipal do Trabalho, Empreendedorismo e Inova\u00e7\u00e3o\",\"potentialAction\":[{\"@type\":\"SearchAction\",\"target\":{\"@type\":\"EntryPoint\",\"urlTemplate\":\"https:\/\/www.manaus.am.gov.br\/semtepi\/?s={search_term_string}\"},\"query-input\":\"required name=search_term_string\"}],\"inLanguage\":\"pt-BR\"},{\"@type\":\"Organization\",\"@id\":\"https:\/\/www.manaus.am.gov.br\/semtepi\/#organization\",\"name\":\"Prefeitura Municipal de Manaus\",\"alternateName\":\"Prefeitura de Manaus\",\"url\":\"https:\/\/www.manaus.am.gov.br\/semtepi\/\",\"logo\":{\"@type\":\"ImageObject\",\"inLanguage\":\"pt-BR\",\"@id\":\"https:\/\/www.manaus.am.gov.br\/semtepi\/#\/schema\/logo\/image\/\",\"url\":\"https:\/\/www.manaus.am.gov.br\/semtepi\/wp-content\/uploads\/sites\/20\/2024\/07\/favicon.png\",\"contentUrl\":\"https:\/\/www.manaus.am.gov.br\/semtepi\/wp-content\/uploads\/sites\/20\/2024\/07\/favicon.png\",\"width\":300,\"height\":300,\"caption\":\"Prefeitura Municipal de Manaus\"},\"image\":{\"@id\":\"https:\/\/www.manaus.am.gov.br\/semtepi\/#\/schema\/logo\/image\/\"}}]}<\/script>\n<!-- \/ Yoast SEO plugin. -->","yoast_head_json":{"title":"EDITAIS 2019 - SEMTEPI","robots":{"index":"noindex","follow":"follow"},"og_locale":"pt_BR","og_type":"article","og_title":"EDITAIS 2019 - SEMTEPI","og_url":"https:\/\/www.manaus.am.gov.br\/semtepi\/editais-2019\/","og_site_name":"SEMTEPI","article_modified_time":"2023-04-24T18:36:17+00:00","og_image":[{"url":"https:\/\/semtepi.manaus.am.gov.br\/wp-content\/uploads\/2019\/09\/Resultado-Fumipeq.jpg"}],"twitter_card":"summary_large_image","twitter_misc":{"Est. reading time":"2 minutos"},"schema":{"@context":"https:\/\/schema.org","@graph":[{"@type":"WebPage","@id":"https:\/\/www.manaus.am.gov.br\/semtepi\/editais-2019\/","url":"https:\/\/www.manaus.am.gov.br\/semtepi\/editais-2019\/","name":"EDITAIS 2019 - SEMTEPI","isPartOf":{"@id":"https:\/\/www.manaus.am.gov.br\/semtepi\/#website"},"primaryImageOfPage":{"@id":"https:\/\/www.manaus.am.gov.br\/semtepi\/editais-2019\/#primaryimage"},"image":{"@id":"https:\/\/www.manaus.am.gov.br\/semtepi\/editais-2019\/#primaryimage"},"thumbnailUrl":"https:\/\/semtepi.manaus.am.gov.br\/wp-content\/uploads\/2019\/09\/Resultado-Fumipeq.jpg","datePublished":"2023-04-20T21:26:03+00:00","dateModified":"2023-04-24T18:36:17+00:00","breadcrumb":{"@id":"https:\/\/www.manaus.am.gov.br\/semtepi\/editais-2019\/#breadcrumb"},"inLanguage":"pt-BR","potentialAction":[{"@type":"ReadAction","target":["https:\/\/www.manaus.am.gov.br\/semtepi\/editais-2019\/"]}]},{"@type":"ImageObject","inLanguage":"pt-BR","@id":"https:\/\/www.manaus.am.gov.br\/semtepi\/editais-2019\/#primaryimage","url":"https:\/\/semtepi.manaus.am.gov.br\/wp-content\/uploads\/2019\/09\/Resultado-Fumipeq.jpg","contentUrl":"https:\/\/semtepi.manaus.am.gov.br\/wp-content\/uploads\/2019\/09\/Resultado-Fumipeq.jpg"},{"@type":"BreadcrumbList","@id":"https:\/\/www.manaus.am.gov.br\/semtepi\/editais-2019\/#breadcrumb","itemListElement":[{"@type":"ListItem","position":1,"name":"Home","item":"https:\/\/www.manaus.am.gov.br\/semtepi\/"},{"@type":"ListItem","position":2,"name":"EDITAIS 2019"}]},{"@type":"WebSite","@id":"https:\/\/www.manaus.am.gov.br\/semtepi\/#website","url":"https:\/\/www.manaus.am.gov.br\/semtepi\/","name":"SEMTEPI","description":"Prefeitura de Manaus","publisher":{"@id":"https:\/\/www.manaus.am.gov.br\/semtepi\/#organization"},"alternateName":"Secretaria Municipal do Trabalho, Empreendedorismo e Inova\u00e7\u00e3o","potentialAction":[{"@type":"SearchAction","target":{"@type":"EntryPoint","urlTemplate":"https:\/\/www.manaus.am.gov.br\/semtepi\/?s={search_term_string}"},"query-input":"required name=search_term_string"}],"inLanguage":"pt-BR"},{"@type":"Organization","@id":"https:\/\/www.manaus.am.gov.br\/semtepi\/#organization","name":"Prefeitura Municipal de Manaus","alternateName":"Prefeitura de Manaus","url":"https:\/\/www.manaus.am.gov.br\/semtepi\/","logo":{"@type":"ImageObject","inLanguage":"pt-BR","@id":"https:\/\/www.manaus.am.gov.br\/semtepi\/#\/schema\/logo\/image\/","url":"https:\/\/www.manaus.am.gov.br\/semtepi\/wp-content\/uploads\/sites\/20\/2024\/07\/favicon.png","contentUrl":"https:\/\/www.manaus.am.gov.br\/semtepi\/wp-content\/uploads\/sites\/20\/2024\/07\/favicon.png","width":300,"height":300,"caption":"Prefeitura Municipal de Manaus"},"image":{"@id":"https:\/\/www.manaus.am.gov.br\/semtepi\/#\/schema\/logo\/image\/"}}]}},"_links":{"self":[{"href":"https:\/\/www.manaus.am.gov.br\/semtepi\/wp-json\/wp\/v2\/pages\/780"}],"collection":[{"href":"https:\/\/www.manaus.am.gov.br\/semtepi\/wp-json\/wp\/v2\/pages"}],"about":[{"href":"https:\/\/www.manaus.am.gov.br\/semtepi\/wp-json\/wp\/v2\/types\/page"}],"author":[{"embeddable":true,"href":"https:\/\/www.manaus.am.gov.br\/semtepi\/wp-json\/wp\/v2\/users\/27"}],"replies":[{"embeddable":true,"href":"https:\/\/www.manaus.am.gov.br\/semtepi\/wp-json\/wp\/v2\/comments?post=780"}],"version-history":[{"count":5,"href":"https:\/\/www.manaus.am.gov.br\/semtepi\/wp-json\/wp\/v2\/pages\/780\/revisions"}],"predecessor-version":[{"id":1595,"href":"https:\/\/www.manaus.am.gov.br\/semtepi\/wp-json\/wp\/v2\/pages\/780\/revisions\/1595"}],"wp:attachment":[{"href":"https:\/\/www.manaus.am.gov.br\/semtepi\/wp-json\/wp\/v2\/media?parent=780"}],"curies":[{"name":"wp","href":"https:\/\/api.w.org\/{rel}","templated":true}]}}