{"id":4173,"date":"2024-02-23T14:09:49","date_gmt":"2024-02-23T18:09:49","guid":{"rendered":"https:\/\/www.manaus.am.gov.br\/semtepi\/?page_id=4173"},"modified":"2025-09-04T11:36:26","modified_gmt":"2025-09-04T15:36:26","slug":"central-do-empreendedor","status":"publish","type":"page","link":"https:\/\/www.manaus.am.gov.br\/semtepi\/a-semtepi\/central-do-empreendedor\/","title":{"rendered":"Central do Empreendedor"},"content":{"rendered":"\n<p>Inaugurado em 2023, nas depend\u00eancias do Shopping Phelippe Daou, a Central do Empreendedor \u00e9 um espa\u00e7o destinado a pequenos empreendedores das zonas Norte e Leste de Manaus.<\/p>\n\n\n\n<p>O local est\u00e1 aberto para uso p\u00fablico na modalidade de coworking (escrit\u00f3rio compartilhado) e salas de reuni\u00f5es. O acesso \u00e9 gratuito e funciona mediante agendamento.<\/p>\n\n\n\n<p>O espa\u00e7o disp\u00f5e de salas de reuni\u00e3o com oito lugares, equipadas com televis\u00e3o, pontos de energia, acesso Wi-Fi, mesas e cadeiras. J\u00e1 o coworking possui 23 esta\u00e7\u00f5es de trabalho, com acesso \u00e0 internet e ambiente climatizado.<\/p>\n\n\n\n<h2 class=\"wp-block-heading\"><a href=\"https:\/\/minhaagendavirtual.com.br\/centraldoempreendedor\" target=\"_blank\" rel=\"noreferrer noopener\">Agendamentos Central do Empreendedor<\/a><\/h2>\n\n\n\n<p><\/p>\n\n\n\n<h2 class=\"wp-block-heading\">Casa do Trabalhador<\/h2>\n\n\n\n<p>O espa\u00e7o apresenta a nova estrutura do Sine Manaus, com capacidade de atendimento de grande porte e novos servi\u00e7os, incluindo suporte ao trabalhador, assist\u00eancia social e atendimento psicol\u00f3gico.<\/p>\n\n\n\n<p><strong>Para acessar o servi\u00e7o, n\u00e3o \u00e9 necess\u00e1rio fazer agendamento.<\/strong><\/p>\n\n\n\n<p><\/p>\n\n\n\n<p>AS SOLICITA\u00c7\u00d5ES DE USO DESTE RESPECTIVO ESPA\u00c7O DEVEM SER FEITAS COM 30 DIAS DE ANTECED\u00caNCIA.<\/p>\n","protected":false},"excerpt":{"rendered":"","protected":false},"author":27,"featured_media":0,"parent":172,"menu_order":0,"comment_status":"closed","ping_status":"closed","template":"templates\/turismo.php","meta":{"footnotes":""},"acf":[],"yoast_head":"<!-- This site is optimized with the Yoast SEO plugin v23.0 - https:\/\/yoast.com\/wordpress\/plugins\/seo\/ -->\n<title>Central do Empreendedor - SEMTEPI<\/title>\n<meta name=\"robots\" content=\"noindex, follow\" \/>\n<meta property=\"og:locale\" content=\"pt_BR\" \/>\n<meta property=\"og:type\" content=\"article\" \/>\n<meta property=\"og:title\" content=\"Central do Empreendedor - SEMTEPI\" \/>\n<meta property=\"og:url\" content=\"https:\/\/www.manaus.am.gov.br\/semtepi\/a-semtepi\/central-do-empreendedor\/\" \/>\n<meta property=\"og:site_name\" content=\"SEMTEPI\" \/>\n<meta property=\"article:modified_time\" content=\"2025-09-04T15:36:26+00:00\" \/>\n<meta property=\"og:image\" content=\"https:\/\/www.manaus.am.gov.br\/semtepi\/wp-content\/uploads\/sites\/20\/2024\/07\/thumb-default-2.png\" \/>\n\t<meta property=\"og:image:width\" content=\"966\" \/>\n\t<meta property=\"og:image:height\" content=\"520\" \/>\n\t<meta property=\"og:image:type\" content=\"image\/png\" \/>\n<meta name=\"twitter:card\" content=\"summary_large_image\" \/>\n<meta name=\"twitter:label1\" content=\"Est. reading time\" \/>\n\t<meta name=\"twitter:data1\" content=\"1 minuto\" \/>\n<script type=\"application\/ld+json\" class=\"yoast-schema-graph\">{\"@context\":\"https:\/\/schema.org\",\"@graph\":[{\"@type\":\"WebPage\",\"@id\":\"https:\/\/www.manaus.am.gov.br\/semtepi\/a-semtepi\/central-do-empreendedor\/\",\"url\":\"https:\/\/www.manaus.am.gov.br\/semtepi\/a-semtepi\/central-do-empreendedor\/\",\"name\":\"Central do Empreendedor - SEMTEPI\",\"isPartOf\":{\"@id\":\"https:\/\/www.manaus.am.gov.br\/semtepi\/#website\"},\"datePublished\":\"2024-02-23T18:09:49+00:00\",\"dateModified\":\"2025-09-04T15:36:26+00:00\",\"breadcrumb\":{\"@id\":\"https:\/\/www.manaus.am.gov.br\/semtepi\/a-semtepi\/central-do-empreendedor\/#breadcrumb\"},\"inLanguage\":\"pt-BR\",\"potentialAction\":[{\"@type\":\"ReadAction\",\"target\":[\"https:\/\/www.manaus.am.gov.br\/semtepi\/a-semtepi\/central-do-empreendedor\/\"]}]},{\"@type\":\"BreadcrumbList\",\"@id\":\"https:\/\/www.manaus.am.gov.br\/semtepi\/a-semtepi\/central-do-empreendedor\/#breadcrumb\",\"itemListElement\":[{\"@type\":\"ListItem\",\"position\":1,\"name\":\"Home\",\"item\":\"https:\/\/www.manaus.am.gov.br\/semtepi\/\"},{\"@type\":\"ListItem\",\"position\":2,\"name\":\"A Semtepi\",\"item\":\"https:\/\/www.manaus.am.gov.br\/semtepi\/a-semtepi\/\"},{\"@type\":\"ListItem\",\"position\":3,\"name\":\"Central do Empreendedor\"}]},{\"@type\":\"WebSite\",\"@id\":\"https:\/\/www.manaus.am.gov.br\/semtepi\/#website\",\"url\":\"https:\/\/www.manaus.am.gov.br\/semtepi\/\",\"name\":\"SEMTEPI\",\"description\":\"Prefeitura de Manaus\",\"publisher\":{\"@id\":\"https:\/\/www.manaus.am.gov.br\/semtepi\/#organization\"},\"alternateName\":\"Secretaria Municipal do Trabalho, Empreendedorismo e Inova\u00e7\u00e3o\",\"potentialAction\":[{\"@type\":\"SearchAction\",\"target\":{\"@type\":\"EntryPoint\",\"urlTemplate\":\"https:\/\/www.manaus.am.gov.br\/semtepi\/?s={search_term_string}\"},\"query-input\":\"required name=search_term_string\"}],\"inLanguage\":\"pt-BR\"},{\"@type\":\"Organization\",\"@id\":\"https:\/\/www.manaus.am.gov.br\/semtepi\/#organization\",\"name\":\"Prefeitura Municipal de Manaus\",\"alternateName\":\"Prefeitura de Manaus\",\"url\":\"https:\/\/www.manaus.am.gov.br\/semtepi\/\",\"logo\":{\"@type\":\"ImageObject\",\"inLanguage\":\"pt-BR\",\"@id\":\"https:\/\/www.manaus.am.gov.br\/semtepi\/#\/schema\/logo\/image\/\",\"url\":\"https:\/\/www.manaus.am.gov.br\/semtepi\/wp-content\/uploads\/sites\/20\/2024\/07\/favicon.png\",\"contentUrl\":\"https:\/\/www.manaus.am.gov.br\/semtepi\/wp-content\/uploads\/sites\/20\/2024\/07\/favicon.png\",\"width\":300,\"height\":300,\"caption\":\"Prefeitura Municipal de Manaus\"},\"image\":{\"@id\":\"https:\/\/www.manaus.am.gov.br\/semtepi\/#\/schema\/logo\/image\/\"}}]}<\/script>\n<!-- \/ Yoast SEO plugin. -->","yoast_head_json":{"title":"Central do Empreendedor - SEMTEPI","robots":{"index":"noindex","follow":"follow"},"og_locale":"pt_BR","og_type":"article","og_title":"Central do Empreendedor - SEMTEPI","og_url":"https:\/\/www.manaus.am.gov.br\/semtepi\/a-semtepi\/central-do-empreendedor\/","og_site_name":"SEMTEPI","article_modified_time":"2025-09-04T15:36:26+00:00","og_image":[{"width":966,"height":520,"url":"https:\/\/www.manaus.am.gov.br\/semtepi\/wp-content\/uploads\/sites\/20\/2024\/07\/thumb-default-2.png","type":"image\/png"}],"twitter_card":"summary_large_image","twitter_misc":{"Est. reading time":"1 minuto"},"schema":{"@context":"https:\/\/schema.org","@graph":[{"@type":"WebPage","@id":"https:\/\/www.manaus.am.gov.br\/semtepi\/a-semtepi\/central-do-empreendedor\/","url":"https:\/\/www.manaus.am.gov.br\/semtepi\/a-semtepi\/central-do-empreendedor\/","name":"Central do Empreendedor - SEMTEPI","isPartOf":{"@id":"https:\/\/www.manaus.am.gov.br\/semtepi\/#website"},"datePublished":"2024-02-23T18:09:49+00:00","dateModified":"2025-09-04T15:36:26+00:00","breadcrumb":{"@id":"https:\/\/www.manaus.am.gov.br\/semtepi\/a-semtepi\/central-do-empreendedor\/#breadcrumb"},"inLanguage":"pt-BR","potentialAction":[{"@type":"ReadAction","target":["https:\/\/www.manaus.am.gov.br\/semtepi\/a-semtepi\/central-do-empreendedor\/"]}]},{"@type":"BreadcrumbList","@id":"https:\/\/www.manaus.am.gov.br\/semtepi\/a-semtepi\/central-do-empreendedor\/#breadcrumb","itemListElement":[{"@type":"ListItem","position":1,"name":"Home","item":"https:\/\/www.manaus.am.gov.br\/semtepi\/"},{"@type":"ListItem","position":2,"name":"A Semtepi","item":"https:\/\/www.manaus.am.gov.br\/semtepi\/a-semtepi\/"},{"@type":"ListItem","position":3,"name":"Central do Empreendedor"}]},{"@type":"WebSite","@id":"https:\/\/www.manaus.am.gov.br\/semtepi\/#website","url":"https:\/\/www.manaus.am.gov.br\/semtepi\/","name":"SEMTEPI","description":"Prefeitura de Manaus","publisher":{"@id":"https:\/\/www.manaus.am.gov.br\/semtepi\/#organization"},"alternateName":"Secretaria Municipal do Trabalho, Empreendedorismo e Inova\u00e7\u00e3o","potentialAction":[{"@type":"SearchAction","target":{"@type":"EntryPoint","urlTemplate":"https:\/\/www.manaus.am.gov.br\/semtepi\/?s={search_term_string}"},"query-input":"required name=search_term_string"}],"inLanguage":"pt-BR"},{"@type":"Organization","@id":"https:\/\/www.manaus.am.gov.br\/semtepi\/#organization","name":"Prefeitura Municipal de Manaus","alternateName":"Prefeitura de Manaus","url":"https:\/\/www.manaus.am.gov.br\/semtepi\/","logo":{"@type":"ImageObject","inLanguage":"pt-BR","@id":"https:\/\/www.manaus.am.gov.br\/semtepi\/#\/schema\/logo\/image\/","url":"https:\/\/www.manaus.am.gov.br\/semtepi\/wp-content\/uploads\/sites\/20\/2024\/07\/favicon.png","contentUrl":"https:\/\/www.manaus.am.gov.br\/semtepi\/wp-content\/uploads\/sites\/20\/2024\/07\/favicon.png","width":300,"height":300,"caption":"Prefeitura Municipal de Manaus"},"image":{"@id":"https:\/\/www.manaus.am.gov.br\/semtepi\/#\/schema\/logo\/image\/"}}]}},"_links":{"self":[{"href":"https:\/\/www.manaus.am.gov.br\/semtepi\/wp-json\/wp\/v2\/pages\/4173"}],"collection":[{"href":"https:\/\/www.manaus.am.gov.br\/semtepi\/wp-json\/wp\/v2\/pages"}],"about":[{"href":"https:\/\/www.manaus.am.gov.br\/semtepi\/wp-json\/wp\/v2\/types\/page"}],"author":[{"embeddable":true,"href":"https:\/\/www.manaus.am.gov.br\/semtepi\/wp-json\/wp\/v2\/users\/27"}],"replies":[{"embeddable":true,"href":"https:\/\/www.manaus.am.gov.br\/semtepi\/wp-json\/wp\/v2\/comments?post=4173"}],"version-history":[{"count":3,"href":"https:\/\/www.manaus.am.gov.br\/semtepi\/wp-json\/wp\/v2\/pages\/4173\/revisions"}],"predecessor-version":[{"id":6880,"href":"https:\/\/www.manaus.am.gov.br\/semtepi\/wp-json\/wp\/v2\/pages\/4173\/revisions\/6880"}],"up":[{"embeddable":true,"href":"https:\/\/www.manaus.am.gov.br\/semtepi\/wp-json\/wp\/v2\/pages\/172"}],"wp:attachment":[{"href":"https:\/\/www.manaus.am.gov.br\/semtepi\/wp-json\/wp\/v2\/media?parent=4173"}],"curies":[{"name":"wp","href":"https:\/\/api.w.org\/{rel}","templated":true}]}}

<p>Inaugurado em 2023, nas dependências do Shopping Phelippe Daou, a Central do Empreendedor é um espaço destinado a pequenos empreendedores das zonas Norte e Leste de Manaus.</p>



<p>O local está aberto para uso público na modalidade de coworking (escritório compartilhado) e salas de reuniões. O acesso é gratuito e funciona mediante agendamento.</p>



<p>O espaço dispõe de salas de reunião com oito lugares, equipadas com televisão, pontos de energia, acesso Wi-Fi, mesas e cadeiras. Já o coworking possui 23 estações de trabalho, com acesso à internet e ambiente climatizado.</p>



<h2 class="wp-block-heading"><a href="https://minhaagendavirtual.com.br/centraldoempreendedor" target="_blank" rel="noreferrer noopener">Agendamentos Central do Empreendedor</a></h2>



<p></p>



<h2 class="wp-block-heading">Casa do Trabalhador</h2>



<p>O espaço apresenta a nova estrutura do Sine Manaus, com capacidade de atendimento de grande porte e novos serviços, incluindo suporte ao trabalhador, assistência social e atendimento psicológico.</p>



<p><strong>Para acessar o serviço, não é necessário fazer agendamento.</strong></p>



<p></p>



<p>AS SOLICITAÇÕES DE USO DESTE RESPECTIVO ESPAÇO DEVEM SER FEITAS COM 30 DIAS DE ANTECEDÊNCIA.</p>

<!-- This site is optimized with the Yoast SEO plugin v23.0 - https://yoast.com/wordpress/plugins/seo/ -->
<title>Central do Empreendedor - SEMTEPI</title>
<meta name="robots" content="noindex, follow" />
<meta property="og:locale" content="pt_BR" />
<meta property="og:type" content="article" />
<meta property="og:title" content="Central do Empreendedor - SEMTEPI" />
<meta property="og:url" content="https://www.manaus.am.gov.br/semtepi/a-semtepi/central-do-empreendedor/" />
<meta property="og:site_name" content="SEMTEPI" />
<meta property="article:modified_time" content="2025-09-04T15:36:26+00:00" />
<meta property="og:image" content="https://www.manaus.am.gov.br/semtepi/wp-content/uploads/sites/20/2024/07/thumb-default-2.png" />
	<meta property="og:image:width" content="966" />
	<meta property="og:image:height" content="520" />
	<meta property="og:image:type" content="image/png" />
<meta name="twitter:card" content="summary_large_image" />
<meta name="twitter:label1" content="Est. reading time" />
	<meta name="twitter:data1" content="1 minuto" />
<script type="application/ld+json" class="yoast-schema-graph">{"@context":"https://schema.org","@graph":[{"@type":"WebPage","@id":"https://www.manaus.am.gov.br/semtepi/a-semtepi/central-do-empreendedor/","url":"https://www.manaus.am.gov.br/semtepi/a-semtepi/central-do-empreendedor/","name":"Central do Empreendedor - SEMTEPI","isPartOf":{"@id":"https://www.manaus.am.gov.br/semtepi/#website"},"datePublished":"2024-02-23T18:09:49+00:00","dateModified":"2025-09-04T15:36:26+00:00","breadcrumb":{"@id":"https://www.manaus.am.gov.br/semtepi/a-semtepi/central-do-empreendedor/#breadcrumb"},"inLanguage":"pt-BR","potentialAction":[{"@type":"ReadAction","target":["https://www.manaus.am.gov.br/semtepi/a-semtepi/central-do-empreendedor/"]}]},{"@type":"BreadcrumbList","@id":"https://www.manaus.am.gov.br/semtepi/a-semtepi/central-do-empreendedor/#breadcrumb","itemListElement":[{"@type":"ListItem","position":1,"name":"Home","item":"https://www.manaus.am.gov.br/semtepi/"},{"@type":"ListItem","position":2,"name":"A Semtepi","item":"https://www.manaus.am.gov.br/semtepi/a-semtepi/"},{"@type":"ListItem","position":3,"name":"Central do Empreendedor"}]},{"@type":"WebSite","@id":"https://www.manaus.am.gov.br/semtepi/#website","url":"https://www.manaus.am.gov.br/semtepi/","name":"SEMTEPI","description":"Prefeitura de Manaus","publisher":{"@id":"https://www.manaus.am.gov.br/semtepi/#organization"},"alternateName":"Secretaria Municipal do Trabalho, Empreendedorismo e Inovação","potentialAction":[{"@type":"SearchAction","target":{"@type":"EntryPoint","urlTemplate":"https://www.manaus.am.gov.br/semtepi/?s={search_term_string}"},"query-input":"required name=search_term_string"}],"inLanguage":"pt-BR"},{"@type":"Organization","@id":"https://www.manaus.am.gov.br/semtepi/#organization","name":"Prefeitura Municipal de Manaus","alternateName":"Prefeitura de Manaus","url":"https://www.manaus.am.gov.br/semtepi/","logo":{"@type":"ImageObject","inLanguage":"pt-BR","@id":"https://www.manaus.am.gov.br/semtepi/#/schema/logo/image/","url":"https://www.manaus.am.gov.br/semtepi/wp-content/uploads/sites/20/2024/07/favicon.png","contentUrl":"https://www.manaus.am.gov.br/semtepi/wp-content/uploads/sites/20/2024/07/favicon.png","width":300,"height":300,"caption":"Prefeitura Municipal de Manaus"},"image":{"@id":"https://www.manaus.am.gov.br/semtepi/#/schema/logo/image/"}}]}</script>
<!-- / Yoast SEO plugin. -->

Secretaria Municipal do Trabalho, Empreendedorismo e Inovação
