{"id":2390,"date":"2023-08-01T09:23:38","date_gmt":"2023-08-01T13:23:38","guid":{"rendered":"https:\/\/www.manaus.am.gov.br\/semtepi\/?page_id=2390"},"modified":"2025-08-29T10:19:06","modified_gmt":"2025-08-29T14:19:06","slug":"endereco","status":"publish","type":"page","link":"https:\/\/www.manaus.am.gov.br\/semtepi\/a-semtepi\/endereco\/","title":{"rendered":"Endere\u00e7o"},"content":{"rendered":"\n<p><strong>SECRETARIA MUNICIPAL DO TRABALHO, EMPREENDEDORISMO E INOVA\u00c7\u00c3O (SEMTEPI)<\/strong><\/p>\n\n\n\n<p><strong>Endere\u00e7o:<\/strong>&nbsp;Rua Rio Jamary, n\u00ba 77, Conjunto Vieiralves, bairro Nossa Senhora das Gra\u00e7as (zona Centro-Sul)<\/p>\n\n\n\n<p><strong>Hor\u00e1rio de Funcionamento:<\/strong>&nbsp;de segunda a sexta-feira, de 8h \u00e0s 14h<\/p>\n\n\n\n<p><\/p>\n\n\n\n<p><strong>SINE MANAUS<\/strong><\/p>\n\n\n\n<p><strong>Posto Constantino Nery<\/strong><\/p>\n\n\n\n<p><strong>Endere\u00e7o:<\/strong>&nbsp;Avenida Constantino Nery, n\u00ba 1.272 \u2013 S\u00e3o Geraldo (zona Centro-Sul)<\/p>\n\n\n\n<p><strong>Hor\u00e1rio de Funcionamento:<\/strong>&nbsp;de segunda a sexta-feira, de 8h \u00e0s 14h<\/p>\n\n\n\n<p><\/p>\n\n\n\n<p><strong>Shopping Phelippe Daou<\/strong><\/p>\n\n\n\n<p><strong>Endere\u00e7o:<\/strong>&nbsp;Avenida Camapu\u00e3, n\u00ba 2.939, bairro Cidade de Deus (zona Norte)<\/p>\n\n\n\n<p><strong>Hor\u00e1rio de Funcionamento:<\/strong>&nbsp;de segunda a sexta-feira, de 8h \u00e0s 14h<\/p>\n\n\n\n<p><\/p>\n\n\n\n<p><strong>CASAR\u00c3O DA INOVA\u00c7\u00c3O CASSINA<\/strong><\/p>\n\n\n\n<p><strong>Endere\u00e7o:<\/strong>\u00a0Rua Bernardo Ramos, n\u00ba 295, Centro (zona Sul), CEP: 69005-310.<\/p>\n\n\n\n<p><strong>Hor\u00e1rio de Funcionamento:<\/strong>&nbsp;de segunda a sexta-feira, de 9h \u00e0s 17h<\/p>\n\n\n\n<p><\/p>\n\n\n\n<p><strong>DISTRITO DE MICRO E PEQUENAS EMPRESAS<\/strong><\/p>\n\n\n\n<p><strong>Endere\u00e7o:<\/strong>&nbsp;Rua Pr\u00edmula, bairro Distrito Industrial II (zona Leste)<\/p>\n\n\n\n<p><strong>Hor\u00e1rio de Funcionamento:<\/strong>&nbsp;de segunda a sexta-feira, de 8h \u00e0s 14h<strong>:<\/strong>&nbsp;<\/p>\n\n\n\n<p><\/p>\n\n\n\n<p><strong>CASA DE PRAIA ZEZINHO CORR\u00caA<\/strong><\/p>\n\n\n\n<p><strong>Endere\u00e7o:<\/strong>&nbsp;Complexo Tur\u00edstico da Ponta Negra<\/p>\n\n\n\n<p><strong>Hor\u00e1rio de Funcionamento:<\/strong>&nbsp;de segunda-feira a s\u00e1bado, das 11h30 \u00e0s 23h; e domingo, das 7h \u00e0s 23h<\/p>\n\n\n\n<p><\/p>\n\n\n\n<p><strong>GALERIA POPULAR ESP\u00cdRITO SANTO<\/strong><\/p>\n\n\n\n<p><strong>Endere\u00e7o:<\/strong>&nbsp;Rua 24 de Maio com a Joaquim Sarmento, Centro, zona Sul<\/p>\n\n\n\n<p><strong>Hor\u00e1rio de Funcionamento:<\/strong>&nbsp;de segunda-feira a s\u00e1bado, das 8h \u00e0s 17h<\/p>\n\n\n\n<p><\/p>\n\n\n\n<p><strong>GALERIA POPULAR DOS REM\u00c9DIOS<\/strong><\/p>\n\n\n\n<p><strong>Endere\u00e7o:<\/strong>&nbsp;Rua Miranda Le\u00e3o, Centro, zona Sul<\/p>\n\n\n\n<p><strong>Hor\u00e1rio de Funcionamento:<\/strong>&nbsp;de segunda-feira a s\u00e1bado, das 8h \u00e0s 17h<\/p>\n\n\n\n<p><\/p>\n\n\n\n<p><strong>SHOPPING PHELIPPE DAOU<\/strong><\/p>\n\n\n\n<p><strong>Endere\u00e7o:<\/strong>&nbsp;Avenida Camapu\u00e3, n\u00ba 2.939, bairro Cidade de Deus (zona Norte)<\/p>\n\n\n\n<p><strong>Hor\u00e1rio de Funcionamento:<\/strong>&nbsp;de segunda-feira a s\u00e1bado, das 8h \u00e0s 17h<\/p>\n","protected":false},"excerpt":{"rendered":"","protected":false},"author":27,"featured_media":0,"parent":172,"menu_order":0,"comment_status":"closed","ping_status":"closed","template":"templates\/turismo.php","meta":{"footnotes":""},"acf":[],"yoast_head":"<!-- This site is optimized with the Yoast SEO plugin v23.0 - https:\/\/yoast.com\/wordpress\/plugins\/seo\/ -->\n<title>Endere\u00e7o - SEMTEPI<\/title>\n<meta name=\"robots\" content=\"noindex, follow\" \/>\n<meta property=\"og:locale\" content=\"pt_BR\" \/>\n<meta property=\"og:type\" content=\"article\" \/>\n<meta property=\"og:title\" content=\"Endere\u00e7o - SEMTEPI\" \/>\n<meta property=\"og:url\" content=\"https:\/\/www.manaus.am.gov.br\/semtepi\/a-semtepi\/endereco\/\" \/>\n<meta property=\"og:site_name\" content=\"SEMTEPI\" \/>\n<meta property=\"article:modified_time\" content=\"2025-08-29T14:19:06+00:00\" \/>\n<meta property=\"og:image\" content=\"https:\/\/www.manaus.am.gov.br\/semtepi\/wp-content\/uploads\/sites\/20\/2024\/07\/thumb-default-2.png\" \/>\n\t<meta property=\"og:image:width\" content=\"966\" \/>\n\t<meta property=\"og:image:height\" content=\"520\" \/>\n\t<meta property=\"og:image:type\" content=\"image\/png\" \/>\n<meta name=\"twitter:card\" content=\"summary_large_image\" \/>\n<meta name=\"twitter:label1\" content=\"Est. reading time\" \/>\n\t<meta name=\"twitter:data1\" content=\"2 minutos\" \/>\n<script type=\"application\/ld+json\" class=\"yoast-schema-graph\">{\"@context\":\"https:\/\/schema.org\",\"@graph\":[{\"@type\":\"WebPage\",\"@id\":\"https:\/\/www.manaus.am.gov.br\/semtepi\/a-semtepi\/endereco\/\",\"url\":\"https:\/\/www.manaus.am.gov.br\/semtepi\/a-semtepi\/endereco\/\",\"name\":\"Endere\u00e7o - SEMTEPI\",\"isPartOf\":{\"@id\":\"https:\/\/www.manaus.am.gov.br\/semtepi\/#website\"},\"datePublished\":\"2023-08-01T13:23:38+00:00\",\"dateModified\":\"2025-08-29T14:19:06+00:00\",\"breadcrumb\":{\"@id\":\"https:\/\/www.manaus.am.gov.br\/semtepi\/a-semtepi\/endereco\/#breadcrumb\"},\"inLanguage\":\"pt-BR\",\"potentialAction\":[{\"@type\":\"ReadAction\",\"target\":[\"https:\/\/www.manaus.am.gov.br\/semtepi\/a-semtepi\/endereco\/\"]}]},{\"@type\":\"BreadcrumbList\",\"@id\":\"https:\/\/www.manaus.am.gov.br\/semtepi\/a-semtepi\/endereco\/#breadcrumb\",\"itemListElement\":[{\"@type\":\"ListItem\",\"position\":1,\"name\":\"Home\",\"item\":\"https:\/\/www.manaus.am.gov.br\/semtepi\/\"},{\"@type\":\"ListItem\",\"position\":2,\"name\":\"A Semtepi\",\"item\":\"https:\/\/www.manaus.am.gov.br\/semtepi\/a-semtepi\/\"},{\"@type\":\"ListItem\",\"position\":3,\"name\":\"Endere\u00e7o\"}]},{\"@type\":\"WebSite\",\"@id\":\"https:\/\/www.manaus.am.gov.br\/semtepi\/#website\",\"url\":\"https:\/\/www.manaus.am.gov.br\/semtepi\/\",\"name\":\"SEMTEPI\",\"description\":\"Prefeitura de Manaus\",\"publisher\":{\"@id\":\"https:\/\/www.manaus.am.gov.br\/semtepi\/#organization\"},\"alternateName\":\"Secretaria Municipal do Trabalho, Empreendedorismo e Inova\u00e7\u00e3o\",\"potentialAction\":[{\"@type\":\"SearchAction\",\"target\":{\"@type\":\"EntryPoint\",\"urlTemplate\":\"https:\/\/www.manaus.am.gov.br\/semtepi\/?s={search_term_string}\"},\"query-input\":\"required name=search_term_string\"}],\"inLanguage\":\"pt-BR\"},{\"@type\":\"Organization\",\"@id\":\"https:\/\/www.manaus.am.gov.br\/semtepi\/#organization\",\"name\":\"Prefeitura Municipal de Manaus\",\"alternateName\":\"Prefeitura de Manaus\",\"url\":\"https:\/\/www.manaus.am.gov.br\/semtepi\/\",\"logo\":{\"@type\":\"ImageObject\",\"inLanguage\":\"pt-BR\",\"@id\":\"https:\/\/www.manaus.am.gov.br\/semtepi\/#\/schema\/logo\/image\/\",\"url\":\"https:\/\/www.manaus.am.gov.br\/semtepi\/wp-content\/uploads\/sites\/20\/2024\/07\/favicon.png\",\"contentUrl\":\"https:\/\/www.manaus.am.gov.br\/semtepi\/wp-content\/uploads\/sites\/20\/2024\/07\/favicon.png\",\"width\":300,\"height\":300,\"caption\":\"Prefeitura Municipal de Manaus\"},\"image\":{\"@id\":\"https:\/\/www.manaus.am.gov.br\/semtepi\/#\/schema\/logo\/image\/\"}}]}<\/script>\n<!-- \/ Yoast SEO plugin. -->","yoast_head_json":{"title":"Endere\u00e7o - SEMTEPI","robots":{"index":"noindex","follow":"follow"},"og_locale":"pt_BR","og_type":"article","og_title":"Endere\u00e7o - SEMTEPI","og_url":"https:\/\/www.manaus.am.gov.br\/semtepi\/a-semtepi\/endereco\/","og_site_name":"SEMTEPI","article_modified_time":"2025-08-29T14:19:06+00:00","og_image":[{"width":966,"height":520,"url":"https:\/\/www.manaus.am.gov.br\/semtepi\/wp-content\/uploads\/sites\/20\/2024\/07\/thumb-default-2.png","type":"image\/png"}],"twitter_card":"summary_large_image","twitter_misc":{"Est. reading time":"2 minutos"},"schema":{"@context":"https:\/\/schema.org","@graph":[{"@type":"WebPage","@id":"https:\/\/www.manaus.am.gov.br\/semtepi\/a-semtepi\/endereco\/","url":"https:\/\/www.manaus.am.gov.br\/semtepi\/a-semtepi\/endereco\/","name":"Endere\u00e7o - SEMTEPI","isPartOf":{"@id":"https:\/\/www.manaus.am.gov.br\/semtepi\/#website"},"datePublished":"2023-08-01T13:23:38+00:00","dateModified":"2025-08-29T14:19:06+00:00","breadcrumb":{"@id":"https:\/\/www.manaus.am.gov.br\/semtepi\/a-semtepi\/endereco\/#breadcrumb"},"inLanguage":"pt-BR","potentialAction":[{"@type":"ReadAction","target":["https:\/\/www.manaus.am.gov.br\/semtepi\/a-semtepi\/endereco\/"]}]},{"@type":"BreadcrumbList","@id":"https:\/\/www.manaus.am.gov.br\/semtepi\/a-semtepi\/endereco\/#breadcrumb","itemListElement":[{"@type":"ListItem","position":1,"name":"Home","item":"https:\/\/www.manaus.am.gov.br\/semtepi\/"},{"@type":"ListItem","position":2,"name":"A Semtepi","item":"https:\/\/www.manaus.am.gov.br\/semtepi\/a-semtepi\/"},{"@type":"ListItem","position":3,"name":"Endere\u00e7o"}]},{"@type":"WebSite","@id":"https:\/\/www.manaus.am.gov.br\/semtepi\/#website","url":"https:\/\/www.manaus.am.gov.br\/semtepi\/","name":"SEMTEPI","description":"Prefeitura de Manaus","publisher":{"@id":"https:\/\/www.manaus.am.gov.br\/semtepi\/#organization"},"alternateName":"Secretaria Municipal do Trabalho, Empreendedorismo e Inova\u00e7\u00e3o","potentialAction":[{"@type":"SearchAction","target":{"@type":"EntryPoint","urlTemplate":"https:\/\/www.manaus.am.gov.br\/semtepi\/?s={search_term_string}"},"query-input":"required name=search_term_string"}],"inLanguage":"pt-BR"},{"@type":"Organization","@id":"https:\/\/www.manaus.am.gov.br\/semtepi\/#organization","name":"Prefeitura Municipal de Manaus","alternateName":"Prefeitura de Manaus","url":"https:\/\/www.manaus.am.gov.br\/semtepi\/","logo":{"@type":"ImageObject","inLanguage":"pt-BR","@id":"https:\/\/www.manaus.am.gov.br\/semtepi\/#\/schema\/logo\/image\/","url":"https:\/\/www.manaus.am.gov.br\/semtepi\/wp-content\/uploads\/sites\/20\/2024\/07\/favicon.png","contentUrl":"https:\/\/www.manaus.am.gov.br\/semtepi\/wp-content\/uploads\/sites\/20\/2024\/07\/favicon.png","width":300,"height":300,"caption":"Prefeitura Municipal de Manaus"},"image":{"@id":"https:\/\/www.manaus.am.gov.br\/semtepi\/#\/schema\/logo\/image\/"}}]}},"_links":{"self":[{"href":"https:\/\/www.manaus.am.gov.br\/semtepi\/wp-json\/wp\/v2\/pages\/2390"}],"collection":[{"href":"https:\/\/www.manaus.am.gov.br\/semtepi\/wp-json\/wp\/v2\/pages"}],"about":[{"href":"https:\/\/www.manaus.am.gov.br\/semtepi\/wp-json\/wp\/v2\/types\/page"}],"author":[{"embeddable":true,"href":"https:\/\/www.manaus.am.gov.br\/semtepi\/wp-json\/wp\/v2\/users\/27"}],"replies":[{"embeddable":true,"href":"https:\/\/www.manaus.am.gov.br\/semtepi\/wp-json\/wp\/v2\/comments?post=2390"}],"version-history":[{"count":4,"href":"https:\/\/www.manaus.am.gov.br\/semtepi\/wp-json\/wp\/v2\/pages\/2390\/revisions"}],"predecessor-version":[{"id":6853,"href":"https:\/\/www.manaus.am.gov.br\/semtepi\/wp-json\/wp\/v2\/pages\/2390\/revisions\/6853"}],"up":[{"embeddable":true,"href":"https:\/\/www.manaus.am.gov.br\/semtepi\/wp-json\/wp\/v2\/pages\/172"}],"wp:attachment":[{"href":"https:\/\/www.manaus.am.gov.br\/semtepi\/wp-json\/wp\/v2\/media?parent=2390"}],"curies":[{"name":"wp","href":"https:\/\/api.w.org\/{rel}","templated":true}]}}