{"id":177,"date":"2023-04-19T19:18:05","date_gmt":"2023-04-19T23:18:05","guid":{"rendered":"https:\/\/www.manaus.am.gov.br\/semtepi\/?page_id=177"},"modified":"2025-09-04T11:36:42","modified_gmt":"2025-09-04T15:36:42","slug":"sine-manaus","status":"publish","type":"page","link":"https:\/\/www.manaus.am.gov.br\/semtepi\/sine-manaus\/","title":{"rendered":"SINE MANAUS"},"content":{"rendered":"\n<p>O Sistema Nacional de Emprego (SINE) de Manaus tem como miss\u00e3o proporcionar um ambiente prop\u00edcio para a busca e oferta de emprego, reunindo recursos e servi\u00e7os que facilitem a inser\u00e7\u00e3o e recoloca\u00e7\u00e3o profissional. Atrav\u00e9s de um sistema de cadastramento e an\u00e1lise de curr\u00edculos, o SINE Manaus conecta os trabalhadores \u00e0s vagas dispon\u00edveis, levando em considera\u00e7\u00e3o suas habilidades, experi\u00eancias e aspira\u00e7\u00f5es profissionais.<\/p>\n\n\n\n<p>Outra importante miss\u00e3o do SINE Manaus \u00e9 fornecer suporte aos empregadores, auxiliando-os na busca por profissionais qualificados que atendam \u00e0s suas necessidades. O sistema do SINE Manaus permite que as empresas anunciem suas vagas de emprego gratuitamente e tenham acesso a um banco de dados de candidatos pr\u00e9-selecionados, facilitando o processo de contrata\u00e7\u00e3o.<\/p>\n\n\n\n<h2 class=\"wp-block-heading\">PARA O TRABALHADOR<\/h2>\n\n\n\n<p>A miss\u00e3o do Sine \u00e9 colocar, ou recolocar, os trabalhadores no mercado de trabalho. No Sine Manaus, o cidad\u00e3o disp\u00f5e dos seguintes servi\u00e7os gratuitos:<\/p>\n\n\n\n<ul>\n<li>Orienta\u00e7\u00e3o sobre CTPS<\/li>\n\n\n\n<li>Entrada no Seguro-Desemprego<\/li>\n\n\n\n<li>Cadastro no Sine Manaus para inser\u00e7\u00e3o no mercado de trabalho<\/li>\n<\/ul>\n\n\n\n<h3 class=\"wp-block-heading\"><a href=\"https:\/\/www.manaus.am.gov.br\/semtepi\/wp-content\/uploads\/sites\/20\/2023\/05\/modelo-de-curri%CC%81culo-simples.docx\">Modelo de Curr\u00edculo Simples<\/a><\/h3>\n\n\n\n<h2 class=\"wp-block-heading\"><\/h2>\n\n\n\n<h2 class=\"wp-block-heading\">PARA O EMPREGADOR <\/h2>\n\n\n\n<p>O Sine visa colocar trabalhadores no mercado de trabalho, por meio de vagas captadas junto a empregadores, reduzindo o tempo de espera e a assimetria de informa\u00e7\u00e3o existente no mercado de trabalho, tanto para o trabalhador quanto para o empregador. Portanto, o servi\u00e7o busca promover o encontro de oferta e demanda de trabalho.<\/p>\n\n\n\n<p>As principais etapas da execu\u00e7\u00e3o do servi\u00e7o de intermedia\u00e7\u00e3o de m\u00e3o-de-obra no Sine Manaus s\u00e3o:<\/p>\n\n\n\n<ul>\n<li>Capta\u00e7\u00e3o e registro de vagas de trabalho;<\/li>\n\n\n\n<li>Cruzamento de perfil dos trabalhadores cadastrados com o perfil das vagas captadas;<\/li>\n\n\n\n<li>Convoca\u00e7\u00e3o de trabalhadores conforme pesquisa de perfil e encaminhamento para entrevista de emprego;<\/li>\n\n\n\n<li>Registro do resultado do encaminhamento, al\u00e9m disso disponibilizamos para as empresas um espa\u00e7o para a realiza\u00e7\u00e3o de processos seletivos com todo apoio necess\u00e1rio;<\/li>\n<\/ul>\n\n\n\n<h3 class=\"wp-block-heading\"><a href=\"https:\/\/forms.gle\/kCc9W9AuGtLfnM8J9\" target=\"_blank\" rel=\"noreferrer noopener\">Formul\u00e1rio para Cadastro de Vagas<\/a><\/h3>\n\n\n\n<h2 class=\"wp-block-heading\"><\/h2>\n\n\n\n<h2 class=\"wp-block-heading\">SOBRE O SINE<\/h2>\n\n\n\n<p>O SINE foi institu\u00eddo pelo Decreto n\u00ba 76.403 de 08.10.76. Sua cria\u00e7\u00e3o fundamenta-se na Conven\u00e7\u00e3o da OIT n\u00ba 88 e trata da organiza\u00e7\u00e3o do Sistema P\u00fablico de Emprego \u2013 SINE para atuar em todo territ\u00f3rio Nacional. Um programa do Governo Federal coordenado pelo Minist\u00e9rio do Trabalho e Emprego \u2013 MTE, atrav\u00e9s de sua Secretaria de Pol\u00edticas P\u00fablicas de Emprego \u2013 SPPE, cujas diretrizes s\u00e3o fixadas pelo Conselho Deliberativo do Fundo de Amparo ao Trabalhador \u2013 CODEFAT, segundo a Constitui\u00e7\u00e3o Federativa do Brasil, promulgada em 1988, que em seu art.6\u00ba fala a respeito do Direito Social do cidad\u00e3o brasileiro: \u201cS\u00e3o direitos sociais a educa\u00e7\u00e3o, a sa\u00fade, o trabalho, o lazer, a seguran\u00e7a, a previd\u00eancia social, a prote\u00e7\u00e3o \u00e0 maternidade e a inf\u00e2ncia, a assist\u00eancia aos desamparados\u201d e inciso III, do art. 2\u00ba do cap\u00edtulo I da LOAS \u2013 Lei 8.742\/93, onde apresenta como um de seus objetivos \u201ca promo\u00e7\u00e3o da integra\u00e7\u00e3o no mercado de trabalho\u201d.<\/p>\n\n\n\n<h3 class=\"wp-block-heading\">INFORMA\u00c7\u00d5ES \u00daTEIS:<\/h3>\n\n\n\n<p><strong>Posto Constantino Nery<\/strong><\/p>\n\n\n\n<p><strong>Endere\u00e7o:<\/strong> Avenida Constantino Nery, N\u00ba 1.272 \u2013 S\u00e3o Geraldo (zona Centro-Sul)<\/p>\n\n\n\n<p><strong>Hor\u00e1rio de Atendimento:<\/strong> Segunda a sexta-feira, de 8h \u00e0s 14h<\/p>\n\n\n\n<p><strong>Servi\u00e7os:<\/strong> Cadastro para vagas de emprego, emiss\u00e3o de Seguro-desemprego e orienta\u00e7\u00e3o para CTPS Digital<\/p>\n\n\n\n<p><strong>Shopping Phelippe Daou<\/strong><\/p>\n\n\n\n<p><strong>Endere\u00e7o: <\/strong>Avenida Camapu\u00e3, N\u00ba 2.939, bairro Cidade de Deus (zona Norte)<\/p>\n\n\n\n<p><strong>Hor\u00e1rio de Atendimento<\/strong>: Segunda a sexta-feira, de 8h \u00e0s 14h<\/p>\n\n\n\n<p><strong>Servi\u00e7os:<\/strong> Cadastro para vagas de emprego, emiss\u00e3o de Seguro-desemprego e orienta\u00e7\u00e3o para CTPS Digital<\/p>\n\n\n\n<p><\/p>\n\n\n\n<p>AS SOLICITA\u00c7\u00d5ES DE USO DESTE RESPECTIVO ESPA\u00c7O DEVEM SER FEITAS COM 30 DIAS DE ANTECED\u00caNCIA.<\/p>\n\n\n\n<p> <\/p>\n","protected":false},"excerpt":{"rendered":"","protected":false},"author":27,"featured_media":0,"parent":0,"menu_order":0,"comment_status":"closed","ping_status":"closed","template":"templates\/prefeitura.php","meta":{"footnotes":""},"acf":[],"yoast_head":"<!-- This site is optimized with the Yoast SEO plugin v23.0 - https:\/\/yoast.com\/wordpress\/plugins\/seo\/ -->\n<title>SINE MANAUS - SEMTEPI<\/title>\n<meta name=\"robots\" content=\"noindex, follow\" \/>\n<meta property=\"og:locale\" content=\"pt_BR\" \/>\n<meta property=\"og:type\" content=\"article\" \/>\n<meta property=\"og:title\" content=\"SINE MANAUS - SEMTEPI\" \/>\n<meta property=\"og:url\" content=\"https:\/\/www.manaus.am.gov.br\/semtepi\/sine-manaus\/\" \/>\n<meta property=\"og:site_name\" content=\"SEMTEPI\" \/>\n<meta property=\"article:modified_time\" content=\"2025-09-04T15:36:42+00:00\" \/>\n<meta property=\"og:image\" content=\"https:\/\/www.manaus.am.gov.br\/semtepi\/wp-content\/uploads\/sites\/20\/2024\/07\/thumb-default-2.png\" \/>\n\t<meta property=\"og:image:width\" content=\"966\" \/>\n\t<meta property=\"og:image:height\" content=\"520\" \/>\n\t<meta property=\"og:image:type\" content=\"image\/png\" \/>\n<meta name=\"twitter:card\" content=\"summary_large_image\" \/>\n<meta name=\"twitter:label1\" content=\"Est. reading time\" \/>\n\t<meta name=\"twitter:data1\" content=\"3 minutos\" \/>\n<script type=\"application\/ld+json\" class=\"yoast-schema-graph\">{\"@context\":\"https:\/\/schema.org\",\"@graph\":[{\"@type\":\"WebPage\",\"@id\":\"https:\/\/www.manaus.am.gov.br\/semtepi\/sine-manaus\/\",\"url\":\"https:\/\/www.manaus.am.gov.br\/semtepi\/sine-manaus\/\",\"name\":\"SINE MANAUS - SEMTEPI\",\"isPartOf\":{\"@id\":\"https:\/\/www.manaus.am.gov.br\/semtepi\/#website\"},\"datePublished\":\"2023-04-19T23:18:05+00:00\",\"dateModified\":\"2025-09-04T15:36:42+00:00\",\"breadcrumb\":{\"@id\":\"https:\/\/www.manaus.am.gov.br\/semtepi\/sine-manaus\/#breadcrumb\"},\"inLanguage\":\"pt-BR\",\"potentialAction\":[{\"@type\":\"ReadAction\",\"target\":[\"https:\/\/www.manaus.am.gov.br\/semtepi\/sine-manaus\/\"]}]},{\"@type\":\"BreadcrumbList\",\"@id\":\"https:\/\/www.manaus.am.gov.br\/semtepi\/sine-manaus\/#breadcrumb\",\"itemListElement\":[{\"@type\":\"ListItem\",\"position\":1,\"name\":\"Home\",\"item\":\"https:\/\/www.manaus.am.gov.br\/semtepi\/\"},{\"@type\":\"ListItem\",\"position\":2,\"name\":\"SINE MANAUS\"}]},{\"@type\":\"WebSite\",\"@id\":\"https:\/\/www.manaus.am.gov.br\/semtepi\/#website\",\"url\":\"https:\/\/www.manaus.am.gov.br\/semtepi\/\",\"name\":\"SEMTEPI\",\"description\":\"Prefeitura de Manaus\",\"publisher\":{\"@id\":\"https:\/\/www.manaus.am.gov.br\/semtepi\/#organization\"},\"alternateName\":\"Secretaria Municipal do Trabalho, Empreendedorismo e Inova\u00e7\u00e3o\",\"potentialAction\":[{\"@type\":\"SearchAction\",\"target\":{\"@type\":\"EntryPoint\",\"urlTemplate\":\"https:\/\/www.manaus.am.gov.br\/semtepi\/?s={search_term_string}\"},\"query-input\":\"required name=search_term_string\"}],\"inLanguage\":\"pt-BR\"},{\"@type\":\"Organization\",\"@id\":\"https:\/\/www.manaus.am.gov.br\/semtepi\/#organization\",\"name\":\"Prefeitura Municipal de Manaus\",\"alternateName\":\"Prefeitura de Manaus\",\"url\":\"https:\/\/www.manaus.am.gov.br\/semtepi\/\",\"logo\":{\"@type\":\"ImageObject\",\"inLanguage\":\"pt-BR\",\"@id\":\"https:\/\/www.manaus.am.gov.br\/semtepi\/#\/schema\/logo\/image\/\",\"url\":\"https:\/\/www.manaus.am.gov.br\/semtepi\/wp-content\/uploads\/sites\/20\/2024\/07\/favicon.png\",\"contentUrl\":\"https:\/\/www.manaus.am.gov.br\/semtepi\/wp-content\/uploads\/sites\/20\/2024\/07\/favicon.png\",\"width\":300,\"height\":300,\"caption\":\"Prefeitura Municipal de Manaus\"},\"image\":{\"@id\":\"https:\/\/www.manaus.am.gov.br\/semtepi\/#\/schema\/logo\/image\/\"}}]}<\/script>\n<!-- \/ Yoast SEO plugin. -->","yoast_head_json":{"title":"SINE MANAUS - SEMTEPI","robots":{"index":"noindex","follow":"follow"},"og_locale":"pt_BR","og_type":"article","og_title":"SINE MANAUS - SEMTEPI","og_url":"https:\/\/www.manaus.am.gov.br\/semtepi\/sine-manaus\/","og_site_name":"SEMTEPI","article_modified_time":"2025-09-04T15:36:42+00:00","og_image":[{"width":966,"height":520,"url":"https:\/\/www.manaus.am.gov.br\/semtepi\/wp-content\/uploads\/sites\/20\/2024\/07\/thumb-default-2.png","type":"image\/png"}],"twitter_card":"summary_large_image","twitter_misc":{"Est. reading time":"3 minutos"},"schema":{"@context":"https:\/\/schema.org","@graph":[{"@type":"WebPage","@id":"https:\/\/www.manaus.am.gov.br\/semtepi\/sine-manaus\/","url":"https:\/\/www.manaus.am.gov.br\/semtepi\/sine-manaus\/","name":"SINE MANAUS - SEMTEPI","isPartOf":{"@id":"https:\/\/www.manaus.am.gov.br\/semtepi\/#website"},"datePublished":"2023-04-19T23:18:05+00:00","dateModified":"2025-09-04T15:36:42+00:00","breadcrumb":{"@id":"https:\/\/www.manaus.am.gov.br\/semtepi\/sine-manaus\/#breadcrumb"},"inLanguage":"pt-BR","potentialAction":[{"@type":"ReadAction","target":["https:\/\/www.manaus.am.gov.br\/semtepi\/sine-manaus\/"]}]},{"@type":"BreadcrumbList","@id":"https:\/\/www.manaus.am.gov.br\/semtepi\/sine-manaus\/#breadcrumb","itemListElement":[{"@type":"ListItem","position":1,"name":"Home","item":"https:\/\/www.manaus.am.gov.br\/semtepi\/"},{"@type":"ListItem","position":2,"name":"SINE MANAUS"}]},{"@type":"WebSite","@id":"https:\/\/www.manaus.am.gov.br\/semtepi\/#website","url":"https:\/\/www.manaus.am.gov.br\/semtepi\/","name":"SEMTEPI","description":"Prefeitura de Manaus","publisher":{"@id":"https:\/\/www.manaus.am.gov.br\/semtepi\/#organization"},"alternateName":"Secretaria Municipal do Trabalho, Empreendedorismo e Inova\u00e7\u00e3o","potentialAction":[{"@type":"SearchAction","target":{"@type":"EntryPoint","urlTemplate":"https:\/\/www.manaus.am.gov.br\/semtepi\/?s={search_term_string}"},"query-input":"required name=search_term_string"}],"inLanguage":"pt-BR"},{"@type":"Organization","@id":"https:\/\/www.manaus.am.gov.br\/semtepi\/#organization","name":"Prefeitura Municipal de Manaus","alternateName":"Prefeitura de Manaus","url":"https:\/\/www.manaus.am.gov.br\/semtepi\/","logo":{"@type":"ImageObject","inLanguage":"pt-BR","@id":"https:\/\/www.manaus.am.gov.br\/semtepi\/#\/schema\/logo\/image\/","url":"https:\/\/www.manaus.am.gov.br\/semtepi\/wp-content\/uploads\/sites\/20\/2024\/07\/favicon.png","contentUrl":"https:\/\/www.manaus.am.gov.br\/semtepi\/wp-content\/uploads\/sites\/20\/2024\/07\/favicon.png","width":300,"height":300,"caption":"Prefeitura Municipal de Manaus"},"image":{"@id":"https:\/\/www.manaus.am.gov.br\/semtepi\/#\/schema\/logo\/image\/"}}]}},"_links":{"self":[{"href":"https:\/\/www.manaus.am.gov.br\/semtepi\/wp-json\/wp\/v2\/pages\/177"}],"collection":[{"href":"https:\/\/www.manaus.am.gov.br\/semtepi\/wp-json\/wp\/v2\/pages"}],"about":[{"href":"https:\/\/www.manaus.am.gov.br\/semtepi\/wp-json\/wp\/v2\/types\/page"}],"author":[{"embeddable":true,"href":"https:\/\/www.manaus.am.gov.br\/semtepi\/wp-json\/wp\/v2\/users\/27"}],"replies":[{"embeddable":true,"href":"https:\/\/www.manaus.am.gov.br\/semtepi\/wp-json\/wp\/v2\/comments?post=177"}],"version-history":[{"count":14,"href":"https:\/\/www.manaus.am.gov.br\/semtepi\/wp-json\/wp\/v2\/pages\/177\/revisions"}],"predecessor-version":[{"id":6881,"href":"https:\/\/www.manaus.am.gov.br\/semtepi\/wp-json\/wp\/v2\/pages\/177\/revisions\/6881"}],"wp:attachment":[{"href":"https:\/\/www.manaus.am.gov.br\/semtepi\/wp-json\/wp\/v2\/media?parent=177"}],"curies":[{"name":"wp","href":"https:\/\/api.w.org\/{rel}","templated":true}]}}