{"id":168,"date":"2023-04-19T19:01:29","date_gmt":"2023-04-19T23:01:29","guid":{"rendered":"https:\/\/www.manaus.am.gov.br\/semtepi\/?page_id=168"},"modified":"2024-08-06T08:32:55","modified_gmt":"2024-08-06T12:32:55","slug":"sobre","status":"publish","type":"page","link":"https:\/\/www.manaus.am.gov.br\/semtepi\/a-semtepi\/sobre\/","title":{"rendered":"Sobre"},"content":{"rendered":"\n<p>A Secretaria Municipal do Trabalho, Empreendedorismo e Inova\u00e7\u00e3o (SEMTEPI) implementa pol\u00edticas p\u00fablicas que ofertam qualifica\u00e7\u00e3o e capacita\u00e7\u00e3o profissional aos trabalhadores da \u00e1rea urbana e rural, visando a gera\u00e7\u00e3o , emprego e renda. A partir desse princ\u00edpio, a Secretaria busca realizar a\u00e7\u00f5es voltadas para o segmento do Empreendedorismo local e rural, Economia Solid\u00e1ria e Criativa e Apoio ao Artesanato.<\/p>\n\n\n\n<p>A Semtepi oferta cursos de qualifica\u00e7\u00e3o profissional em apoio ao trabalhador, al\u00e9m de direcionar novas oportunidades no mercado de trabalho a pessoas desempregadas, por meio do Sine Manaus, o qual disponibiliza servi\u00e7os gratuitos, como: cadastro do trabalhador, intermedia\u00e7\u00e3o de m\u00e3o de obra, emiss\u00e3o de Carteira de Trabalho e Previd\u00eancia Social (CTPS), entrada no Seguro-Desemprego, Atendimento Jur\u00eddico, etc.<\/p>\n\n\n\n<h2 class=\"wp-block-heading\"><a href=\"https:\/\/www.manaus.am.gov.br\/semtepi\/wp-content\/uploads\/sites\/20\/2023\/04\/CONHECA-A-ASEMTEPI.pdf\" target=\"_blank\" rel=\"noreferrer noopener\">Conhe\u00e7a a Semtepi<\/a><\/h2>\n\n\n\n<h2 class=\"wp-block-heading\"><a href=\"https:\/\/www.manaus.am.gov.br\/cgm\/cartas-de-servicos-ao-usuario\/\" target=\"_blank\" rel=\"noreferrer noopener\">Carta de Servi\u00e7o ao Usu\u00e1rio<\/a><\/h2>\n\n\n\n<p><\/p>\n\n\n\n<h3 class=\"wp-block-heading\">Miss\u00e3o<\/h3>\n\n\n\n<p>Definir e implantar pol\u00edticas p\u00fablicas que visam inserir ou reinserir o cidad\u00e3o no mercado de trabalho, impulsionando a gera\u00e7\u00e3o de renda atrav\u00e9s da qualifica\u00e7\u00e3o profissional, al\u00e9m de promover ambientes atrativos para novos neg\u00f3cios e fortalecimento dos setores econ\u00f4micos existentes, possibilitando a diversifica\u00e7\u00e3o e o desenvolvimento da economia, inclusive por meio da tecnologia e inova\u00e7\u00e3o.<\/p>\n\n\n\n<h3 class=\"wp-block-heading\">Vis\u00e3o<\/h3>\n\n\n\n<p>Ser reconhecida pela sociedade como refer\u00eancia na formula\u00e7\u00e3o e implementa\u00e7\u00e3o de pol\u00edticas p\u00fablicas para o trabalho, inova\u00e7\u00e3o, empreendedorismo e desenvolvimento econ\u00f4mico.<\/p>\n\n\n\n<h3 class=\"wp-block-heading\">Valores<\/h3>\n\n\n\n<p>Comprometimento: assumir responsabilidades, ter compromisso com o trabalho e com os colegas.<br>Coopera\u00e7\u00e3o: trabalhar em equipe, de forma integrada, e colaborar para atingir os objetivos comuns.<br>Criatividade: inovar, inventar, empreender e gerar alternativas para novas solu\u00e7\u00f5es.<br>\u00c9tica: atuar com seriedade, honestidade, integridade e conduta exemplar, obedecendo aos princ\u00edpios da Administra\u00e7\u00e3o P\u00fablica.<br>Excel\u00eancia: desempenhar o trabalho, atingir os resultados e cumprir as metas com qualidade.<br>Respeito: tratar as pessoas com considera\u00e7\u00e3o, cordialidade e observar as normas.<\/p>\n\n\n\n<h3 class=\"wp-block-heading\">Objetivos<\/h3>\n\n\n\n<ul>\n<li>Promover qualifica\u00e7\u00e3o profissional;<\/li>\n\n\n\n<li>Apoiar o desenvolvimento do artesanato local;<\/li>\n\n\n\n<li>Apoiar as atividades de Economia Solid\u00e1ria;<\/li>\n\n\n\n<li>Incluir digitalmente a popula\u00e7\u00e3o carente atrav\u00e9s dos telecentros;<\/li>\n\n\n\n<li>Promover a distribui\u00e7\u00e3o de renda atrav\u00e9s da inser\u00e7\u00e3o\/reinser\u00e7\u00e3o de trabalhadores no mercado de trabalho;<\/li>\n\n\n\n<li>Intermediar m\u00e3o de obra.<\/li>\n<\/ul>\n\n\n\n<h3 class=\"wp-block-heading\">SINE<\/h3>\n\n\n\n<p>O SINE foi institu\u00eddo pelo Decreto N.\u00ba 76.403 de 08.10.76. Sua cria\u00e7\u00e3o fundamenta-se na Conven\u00e7\u00e3o da OIT N.\u00ba 88 e trata da organiza\u00e7\u00e3o do Sistema P\u00fablico de Emprego \u2013 SINE para atuar em todo territ\u00f3rio Nacional. Um programa do Governo Federal coordenado pelo Minist\u00e9rio do Trabalho e Emprego \u2013 MTE, atrav\u00e9s de sua Secretaria de Pol\u00edticas P\u00fablicas de Emprego \u2013 SPPE, cujas diretrizes s\u00e3o fixadas pelo Conselho Deliberativo do Fundo de Amparo ao Trabalhador \u2013 CODEFAT, segundo a Constitui\u00e7\u00e3o Federativa do Brasil, promulgada em 1988, que em seu art.6\u00ba fala a respeito do Direito Social do cidad\u00e3o brasileiro: \u201cS\u00e3o direitos sociais a educa\u00e7\u00e3o, a sa\u00fade, o trabalho, o lazer, a seguran\u00e7a, a previd\u00eancia social, a prote\u00e7\u00e3o \u00e0 maternidade e a inf\u00e2ncia, a assist\u00eancia aos desamparados\u201d e inciso III, do art. 2\u00ba do cap\u00edtulo I da LOAS \u2013 Lei 8.742\/93, onde apresenta como um de seus objetivos \u201ca promo\u00e7\u00e3o da integra\u00e7\u00e3o no mercado de trabalho\u201d.<\/p>\n\n\n\n<h3 class=\"wp-block-heading\">Objetivo do SINE<\/h3>\n\n\n\n<p>Viabilizar condi\u00e7\u00f5es para garantir a forma\u00e7\u00e3o profissional dos trabalhadores, com qualidade, a fim de atender as necessidades reais dos setores de economia local, bem como o aumento das chances de inser\u00e7\u00e3o e reinser\u00e7\u00e3o no mercado de trabalho, tendo como premissa a integra\u00e7\u00e3o com a intermedia\u00e7\u00e3o de m\u00e3o de obra operacionalizada no \u00e2mbito do SINE.<\/p>\n\n\n\n<h3 class=\"wp-block-heading\">Rela\u00e7\u00e3o do SINE com o Plano de Trabalho Plurianual<\/h3>\n\n\n\n<p>O Plano de Trabalho Plurianual refor\u00e7a a proposta de Conv\u00eanio entre esta Secretaria Municipal de Trabalho, Empreendedorismo e Inova\u00e7\u00e3o \u2013 SEMTEPI e o Minist\u00e9rio do Trabalho e Emprego \u2013 MTE para o per\u00edodo de 2012-2016, tendo por finalidade a operacionaliza\u00e7\u00e3o do Conv\u00eanio Plurianual CP\/QSP, no \u00e2mbito das pol\u00edticas p\u00fablicas articulados com o Sistema Nacional de Emprego \u2013 SINE\/Manaus para posterior inser\u00e7\u00e3o do trabalhador no competitivo mercado de trabalho. Tudo isso ocorre em raz\u00e3o da exig\u00eancia dos empregadores de ter em seus quadros profissionais qualificados.<\/p>\n\n\n\n<p><\/p>\n","protected":false},"excerpt":{"rendered":"","protected":false},"author":27,"featured_media":0,"parent":172,"menu_order":0,"comment_status":"closed","ping_status":"closed","template":"templates\/turismo.php","meta":{"footnotes":""},"acf":[],"yoast_head":"<!-- This site is optimized with the Yoast SEO plugin v23.0 - https:\/\/yoast.com\/wordpress\/plugins\/seo\/ -->\n<title>Sobre - SEMTEPI<\/title>\n<meta name=\"robots\" content=\"noindex, follow\" \/>\n<meta property=\"og:locale\" content=\"pt_BR\" \/>\n<meta property=\"og:type\" content=\"article\" \/>\n<meta property=\"og:title\" content=\"Sobre - SEMTEPI\" \/>\n<meta property=\"og:url\" content=\"https:\/\/www.manaus.am.gov.br\/semtepi\/a-semtepi\/sobre\/\" \/>\n<meta property=\"og:site_name\" content=\"SEMTEPI\" \/>\n<meta property=\"article:modified_time\" content=\"2024-08-06T12:32:55+00:00\" \/>\n<meta property=\"og:image\" content=\"https:\/\/www.manaus.am.gov.br\/semtepi\/wp-content\/uploads\/sites\/20\/2024\/07\/thumb-default-2.png\" \/>\n\t<meta property=\"og:image:width\" content=\"966\" \/>\n\t<meta property=\"og:image:height\" content=\"520\" \/>\n\t<meta property=\"og:image:type\" content=\"image\/png\" \/>\n<meta name=\"twitter:card\" content=\"summary_large_image\" \/>\n<meta name=\"twitter:label1\" content=\"Est. reading time\" \/>\n\t<meta name=\"twitter:data1\" content=\"4 minutos\" \/>\n<script type=\"application\/ld+json\" class=\"yoast-schema-graph\">{\"@context\":\"https:\/\/schema.org\",\"@graph\":[{\"@type\":\"WebPage\",\"@id\":\"https:\/\/www.manaus.am.gov.br\/semtepi\/a-semtepi\/sobre\/\",\"url\":\"https:\/\/www.manaus.am.gov.br\/semtepi\/a-semtepi\/sobre\/\",\"name\":\"Sobre - SEMTEPI\",\"isPartOf\":{\"@id\":\"https:\/\/www.manaus.am.gov.br\/semtepi\/#website\"},\"datePublished\":\"2023-04-19T23:01:29+00:00\",\"dateModified\":\"2024-08-06T12:32:55+00:00\",\"breadcrumb\":{\"@id\":\"https:\/\/www.manaus.am.gov.br\/semtepi\/a-semtepi\/sobre\/#breadcrumb\"},\"inLanguage\":\"pt-BR\",\"potentialAction\":[{\"@type\":\"ReadAction\",\"target\":[\"https:\/\/www.manaus.am.gov.br\/semtepi\/a-semtepi\/sobre\/\"]}]},{\"@type\":\"BreadcrumbList\",\"@id\":\"https:\/\/www.manaus.am.gov.br\/semtepi\/a-semtepi\/sobre\/#breadcrumb\",\"itemListElement\":[{\"@type\":\"ListItem\",\"position\":1,\"name\":\"Home\",\"item\":\"https:\/\/www.manaus.am.gov.br\/semtepi\/\"},{\"@type\":\"ListItem\",\"position\":2,\"name\":\"A Semtepi\",\"item\":\"https:\/\/www.manaus.am.gov.br\/semtepi\/a-semtepi\/\"},{\"@type\":\"ListItem\",\"position\":3,\"name\":\"Sobre\"}]},{\"@type\":\"WebSite\",\"@id\":\"https:\/\/www.manaus.am.gov.br\/semtepi\/#website\",\"url\":\"https:\/\/www.manaus.am.gov.br\/semtepi\/\",\"name\":\"SEMTEPI\",\"description\":\"Prefeitura de Manaus\",\"publisher\":{\"@id\":\"https:\/\/www.manaus.am.gov.br\/semtepi\/#organization\"},\"alternateName\":\"Secretaria Municipal do Trabalho, Empreendedorismo e Inova\u00e7\u00e3o\",\"potentialAction\":[{\"@type\":\"SearchAction\",\"target\":{\"@type\":\"EntryPoint\",\"urlTemplate\":\"https:\/\/www.manaus.am.gov.br\/semtepi\/?s={search_term_string}\"},\"query-input\":\"required name=search_term_string\"}],\"inLanguage\":\"pt-BR\"},{\"@type\":\"Organization\",\"@id\":\"https:\/\/www.manaus.am.gov.br\/semtepi\/#organization\",\"name\":\"Prefeitura Municipal de Manaus\",\"alternateName\":\"Prefeitura de Manaus\",\"url\":\"https:\/\/www.manaus.am.gov.br\/semtepi\/\",\"logo\":{\"@type\":\"ImageObject\",\"inLanguage\":\"pt-BR\",\"@id\":\"https:\/\/www.manaus.am.gov.br\/semtepi\/#\/schema\/logo\/image\/\",\"url\":\"https:\/\/www.manaus.am.gov.br\/semtepi\/wp-content\/uploads\/sites\/20\/2024\/07\/favicon.png\",\"contentUrl\":\"https:\/\/www.manaus.am.gov.br\/semtepi\/wp-content\/uploads\/sites\/20\/2024\/07\/favicon.png\",\"width\":300,\"height\":300,\"caption\":\"Prefeitura Municipal de Manaus\"},\"image\":{\"@id\":\"https:\/\/www.manaus.am.gov.br\/semtepi\/#\/schema\/logo\/image\/\"}}]}<\/script>\n<!-- \/ Yoast SEO plugin. -->","yoast_head_json":{"title":"Sobre - SEMTEPI","robots":{"index":"noindex","follow":"follow"},"og_locale":"pt_BR","og_type":"article","og_title":"Sobre - SEMTEPI","og_url":"https:\/\/www.manaus.am.gov.br\/semtepi\/a-semtepi\/sobre\/","og_site_name":"SEMTEPI","article_modified_time":"2024-08-06T12:32:55+00:00","og_image":[{"width":966,"height":520,"url":"https:\/\/www.manaus.am.gov.br\/semtepi\/wp-content\/uploads\/sites\/20\/2024\/07\/thumb-default-2.png","type":"image\/png"}],"twitter_card":"summary_large_image","twitter_misc":{"Est. reading time":"4 minutos"},"schema":{"@context":"https:\/\/schema.org","@graph":[{"@type":"WebPage","@id":"https:\/\/www.manaus.am.gov.br\/semtepi\/a-semtepi\/sobre\/","url":"https:\/\/www.manaus.am.gov.br\/semtepi\/a-semtepi\/sobre\/","name":"Sobre - SEMTEPI","isPartOf":{"@id":"https:\/\/www.manaus.am.gov.br\/semtepi\/#website"},"datePublished":"2023-04-19T23:01:29+00:00","dateModified":"2024-08-06T12:32:55+00:00","breadcrumb":{"@id":"https:\/\/www.manaus.am.gov.br\/semtepi\/a-semtepi\/sobre\/#breadcrumb"},"inLanguage":"pt-BR","potentialAction":[{"@type":"ReadAction","target":["https:\/\/www.manaus.am.gov.br\/semtepi\/a-semtepi\/sobre\/"]}]},{"@type":"BreadcrumbList","@id":"https:\/\/www.manaus.am.gov.br\/semtepi\/a-semtepi\/sobre\/#breadcrumb","itemListElement":[{"@type":"ListItem","position":1,"name":"Home","item":"https:\/\/www.manaus.am.gov.br\/semtepi\/"},{"@type":"ListItem","position":2,"name":"A Semtepi","item":"https:\/\/www.manaus.am.gov.br\/semtepi\/a-semtepi\/"},{"@type":"ListItem","position":3,"name":"Sobre"}]},{"@type":"WebSite","@id":"https:\/\/www.manaus.am.gov.br\/semtepi\/#website","url":"https:\/\/www.manaus.am.gov.br\/semtepi\/","name":"SEMTEPI","description":"Prefeitura de Manaus","publisher":{"@id":"https:\/\/www.manaus.am.gov.br\/semtepi\/#organization"},"alternateName":"Secretaria Municipal do Trabalho, Empreendedorismo e Inova\u00e7\u00e3o","potentialAction":[{"@type":"SearchAction","target":{"@type":"EntryPoint","urlTemplate":"https:\/\/www.manaus.am.gov.br\/semtepi\/?s={search_term_string}"},"query-input":"required name=search_term_string"}],"inLanguage":"pt-BR"},{"@type":"Organization","@id":"https:\/\/www.manaus.am.gov.br\/semtepi\/#organization","name":"Prefeitura Municipal de Manaus","alternateName":"Prefeitura de Manaus","url":"https:\/\/www.manaus.am.gov.br\/semtepi\/","logo":{"@type":"ImageObject","inLanguage":"pt-BR","@id":"https:\/\/www.manaus.am.gov.br\/semtepi\/#\/schema\/logo\/image\/","url":"https:\/\/www.manaus.am.gov.br\/semtepi\/wp-content\/uploads\/sites\/20\/2024\/07\/favicon.png","contentUrl":"https:\/\/www.manaus.am.gov.br\/semtepi\/wp-content\/uploads\/sites\/20\/2024\/07\/favicon.png","width":300,"height":300,"caption":"Prefeitura Municipal de Manaus"},"image":{"@id":"https:\/\/www.manaus.am.gov.br\/semtepi\/#\/schema\/logo\/image\/"}}]}},"_links":{"self":[{"href":"https:\/\/www.manaus.am.gov.br\/semtepi\/wp-json\/wp\/v2\/pages\/168"}],"collection":[{"href":"https:\/\/www.manaus.am.gov.br\/semtepi\/wp-json\/wp\/v2\/pages"}],"about":[{"href":"https:\/\/www.manaus.am.gov.br\/semtepi\/wp-json\/wp\/v2\/types\/page"}],"author":[{"embeddable":true,"href":"https:\/\/www.manaus.am.gov.br\/semtepi\/wp-json\/wp\/v2\/users\/27"}],"replies":[{"embeddable":true,"href":"https:\/\/www.manaus.am.gov.br\/semtepi\/wp-json\/wp\/v2\/comments?post=168"}],"version-history":[{"count":5,"href":"https:\/\/www.manaus.am.gov.br\/semtepi\/wp-json\/wp\/v2\/pages\/168\/revisions"}],"predecessor-version":[{"id":5173,"href":"https:\/\/www.manaus.am.gov.br\/semtepi\/wp-json\/wp\/v2\/pages\/168\/revisions\/5173"}],"up":[{"embeddable":true,"href":"https:\/\/www.manaus.am.gov.br\/semtepi\/wp-json\/wp\/v2\/pages\/172"}],"wp:attachment":[{"href":"https:\/\/www.manaus.am.gov.br\/semtepi\/wp-json\/wp\/v2\/media?parent=168"}],"curies":[{"name":"wp","href":"https:\/\/api.w.org\/{rel}","templated":true}]}}