{"version":"1.0","provider_name":"SEMTEPI","provider_url":"https:\/\/www.manaus.am.gov.br\/semtepi","title":"Prefeitura de Manaus leva economia criativa para a 2\u00aa edi\u00e7\u00e3o da Feira Folcl\u00f3rica de Manaus","type":"rich","width":600,"height":338,"html":"<blockquote class=\"wp-embedded-content\" data-secret=\"AqUfiUK0ps\"><a href=\"https:\/\/www.manaus.am.gov.br\/semtepi\/exposicao\/prefeitura-feirafolclorica\/\">Prefeitura de Manaus leva economia criativa para a 2\u00aa edi\u00e7\u00e3o da Feira Folcl\u00f3rica de Manaus<\/a><\/blockquote><iframe sandbox=\"allow-scripts\" security=\"restricted\" src=\"https:\/\/www.manaus.am.gov.br\/semtepi\/exposicao\/prefeitura-feirafolclorica\/embed\/#?secret=AqUfiUK0ps\" width=\"600\" height=\"338\" title=\"&#8220;Prefeitura de Manaus leva economia criativa para a 2\u00aa edi\u00e7\u00e3o da Feira Folcl\u00f3rica de Manaus&#8221; &#8212; SEMTEPI\" data-secret=\"AqUfiUK0ps\" frameborder=\"0\" marginwidth=\"0\" marginheight=\"0\" scrolling=\"no\" class=\"wp-embedded-content\"><\/iframe><script type=\"text\/javascript\">\n\/* <![CDATA[ *\/\n\/*! This file is auto-generated *\/\n!function(d,l){\"use strict\";l.querySelector&&d.addEventListener&&\"undefined\"!=typeof URL&&(d.wp=d.wp||{},d.wp.receiveEmbedMessage||(d.wp.receiveEmbedMessage=function(e){var t=e.data;if((t||t.secret||t.message||t.value)&&!\/[^a-zA-Z0-9]\/.test(t.secret)){for(var s,r,n,a=l.querySelectorAll('iframe[data-secret=\"'+t.secret+'\"]'),o=l.querySelectorAll('blockquote[data-secret=\"'+t.secret+'\"]'),c=new RegExp(\"^https?:$\",\"i\"),i=0;i<o.length;i++)o[i].style.display=\"none\";for(i=0;i<a.length;i++)s=a[i],e.source===s.contentWindow&&(s.removeAttribute(\"style\"),\"height\"===t.message?(1e3<(r=parseInt(t.value,10))?r=1e3:~~r<200&&(r=200),s.height=r):\"link\"===t.message&&(r=new URL(s.getAttribute(\"src\")),n=new URL(t.value),c.test(n.protocol))&&n.host===r.host&&l.activeElement===s&&(d.top.location.href=t.value))}},d.addEventListener(\"message\",d.wp.receiveEmbedMessage,!1),l.addEventListener(\"DOMContentLoaded\",function(){for(var e,t,s=l.querySelectorAll(\"iframe.wp-embedded-content\"),r=0;r<s.length;r++)(t=(e=s[r]).getAttribute(\"data-secret\"))||(t=Math.random().toString(36).substring(2,12),e.src+=\"#?secret=\"+t,e.setAttribute(\"data-secret\",t)),e.contentWindow.postMessage({message:\"ready\",secret:t},\"*\")},!1)))}(window,document);\n\/* ]]> *\/\n<\/script>\n","thumbnail_url":"https:\/\/www.manaus.am.gov.br\/semtepi\/wp-content\/uploads\/sites\/20\/2024\/04\/IMG_4731.jpeg","thumbnail_width":2048,"thumbnail_height":1536,"description":"A Prefeitura de Manaus, por meio da Secretaria Municipal do Trabalho, Empreendedorismo e Inova\u00e7\u00e3o (Semtepi), participa, a partir desta sexta-feira, 19\/4, da 2\u00aa edi\u00e7\u00e3o da Feira Folcl\u00f3rica de Manaus, que acontece das 19h at\u00e9 0h, na arena do Centro Cultural Povos da Amaz\u00f4nia, na rotat\u00f3ria da Suframa, na avenida Silves, n\u00ba 2.222, bairro Crespo, zona Sul da cidade."}

Prefeitura de Manaus leva economia criativa para a 2ª edição da Feira Folclórica de Manaus

<blockquote class="wp-embedded-content" data-secret="AqUfiUK0ps"><a href="https://www.manaus.am.gov.br/semtepi/exposicao/prefeitura-feirafolclorica/">Prefeitura de Manaus leva economia criativa para a 2ª edição da Feira Folclórica de Manaus</a></blockquote><iframe sandbox="allow-scripts" security="restricted" src="https://www.manaus.am.gov.br/semtepi/exposicao/prefeitura-feirafolclorica/embed/#?secret=AqUfiUK0ps" width="600" height="338" title="&#8220;Prefeitura de Manaus leva economia criativa para a 2ª edição da Feira Folclórica de Manaus&#8221; &#8212; SEMTEPI" data-secret="AqUfiUK0ps" frameborder="0" marginwidth="0" marginheight="0" scrolling="no" class="wp-embedded-content"></iframe><script type="text/javascript">
/* <![CDATA[ */
/*! This file is auto-generated */
!function(d,l){"use strict";l.querySelector&&d.addEventListener&&"undefined"!=typeof URL&&(d.wp=d.wp||{},d.wp.receiveEmbedMessage||(d.wp.receiveEmbedMessage=function(e){var t=e.data;if((t||t.secret||t.message||t.value)&&!/[^a-zA-Z0-9]/.test(t.secret)){for(var s,r,n,a=l.querySelectorAll('iframe[data-secret="'+t.secret+'"]'),o=l.querySelectorAll('blockquote[data-secret="'+t.secret+'"]'),c=new RegExp("^https?:$","i"),i=0;i<o.length;i++)o[i].style.display="none";for(i=0;i<a.length;i++)s=a[i],e.source===s.contentWindow&&(s.removeAttribute("style"),"height"===t.message?(1e3<(r=parseInt(t.value,10))?r=1e3:~~r<200&&(r=200),s.height=r):"link"===t.message&&(r=new URL(s.getAttribute("src")),n=new URL(t.value),c.test(n.protocol))&&n.host===r.host&&l.activeElement===s&&(d.top.location.href=t.value))}},d.addEventListener("message",d.wp.receiveEmbedMessage,!1),l.addEventListener("DOMContentLoaded",function(){for(var e,t,s=l.querySelectorAll("iframe.wp-embedded-content"),r=0;r<s.length;r++)(t=(e=s[r]).getAttribute("data-secret"))||(t=Math.random().toString(36).substring(2,12),e.src+="#?secret="+t,e.setAttribute("data-secret",t)),e.contentWindow.postMessage({message:"ready",secret:t},"*")},!1)))}(window,document);
/* ]]> */
</script>

A Prefeitura de Manaus, por meio da Secretaria Municipal do Trabalho, Empreendedorismo e Inovação (Semtepi), participa, a partir desta sexta-feira, 19/4, da 2ª edição da Feira Folclórica de Manaus, que acontece das 19h até 0h, na arena do Centro Cultural Povos da Amazônia, na rotatória da Suframa, na avenida Silves, nº 2.222, bairro Crespo, zona Sul da cidade.
