{"id":668,"date":"2023-10-02T10:21:19","date_gmt":"2023-10-02T14:21:19","guid":{"rendered":"https:\/\/www.manaus.am.gov.br\/semseg\/?page_id=668"},"modified":"2024-07-15T08:45:48","modified_gmt":"2024-07-15T12:45:48","slug":"sobre-a-seggim","status":"publish","type":"page","link":"https:\/\/www.manaus.am.gov.br\/semseg\/seggim\/sobre-a-seggim\/","title":{"rendered":"Sobre"},"content":{"rendered":"\n<p>A&nbsp;<strong>Secretaria Executiva do Gabinete de Gest\u00e3o Integrada Municipal-SEGGIM\/CM<\/strong>&nbsp;\u00e9 uma das c\u00e9lulas componentes da Casa Militar da Prefeitura Municipal de Manaus, tendo como compet\u00eancia institucional a coordena\u00e7\u00e3o da integra\u00e7\u00e3o entre as secretarias municipais, e quando necess\u00e1rio, da municipalidade com as esferas estadual e federal, na tratativa de demandas encaminhas \u00e0 pasta, com an\u00e1lise e qualifica\u00e7\u00e3o do grau de complexidade destas demandas, considerando o esgotamento dos procedimentos administrativos e impossibilidade de execu\u00e7\u00e3o una do \u00f3rg\u00e3o demandante, atuando de forma a objetivar resultados positivos para a administra\u00e7\u00e3o p\u00fablica municipal.<\/p>\n","protected":false},"excerpt":{"rendered":"","protected":false},"author":8,"featured_media":0,"parent":678,"menu_order":0,"comment_status":"closed","ping_status":"closed","template":"templates\/turismo.php","meta":{"footnotes":""},"acf":[],"yoast_head":"<!-- This site is optimized with the Yoast SEO plugin v23.0 - https:\/\/yoast.com\/wordpress\/plugins\/seo\/ -->\n<title>Sobre - SEMSEG<\/title>\n<meta name=\"robots\" content=\"noindex, follow\" \/>\n<meta property=\"og:locale\" content=\"pt_BR\" \/>\n<meta property=\"og:type\" content=\"article\" \/>\n<meta property=\"og:title\" content=\"Sobre - SEMSEG\" \/>\n<meta property=\"og:url\" content=\"https:\/\/www.manaus.am.gov.br\/semseg\/seggim\/sobre-a-seggim\/\" \/>\n<meta property=\"og:site_name\" content=\"SEMSEG\" \/>\n<meta property=\"article:modified_time\" content=\"2024-07-15T12:45:48+00:00\" \/>\n<meta name=\"twitter:card\" content=\"summary_large_image\" \/>\n<meta name=\"twitter:label1\" content=\"Est. reading time\" \/>\n\t<meta name=\"twitter:data1\" content=\"1 minuto\" \/>\n<script type=\"application\/ld+json\" class=\"yoast-schema-graph\">{\"@context\":\"https:\/\/schema.org\",\"@graph\":[{\"@type\":\"WebPage\",\"@id\":\"https:\/\/www.manaus.am.gov.br\/semseg\/seggim\/sobre-a-seggim\/\",\"url\":\"https:\/\/www.manaus.am.gov.br\/semseg\/seggim\/sobre-a-seggim\/\",\"name\":\"Sobre - SEMSEG\",\"isPartOf\":{\"@id\":\"https:\/\/www.manaus.am.gov.br\/semseg\/#website\"},\"datePublished\":\"2023-10-02T14:21:19+00:00\",\"dateModified\":\"2024-07-15T12:45:48+00:00\",\"breadcrumb\":{\"@id\":\"https:\/\/www.manaus.am.gov.br\/semseg\/seggim\/sobre-a-seggim\/#breadcrumb\"},\"inLanguage\":\"pt-BR\",\"potentialAction\":[{\"@type\":\"ReadAction\",\"target\":[\"https:\/\/www.manaus.am.gov.br\/semseg\/seggim\/sobre-a-seggim\/\"]}]},{\"@type\":\"BreadcrumbList\",\"@id\":\"https:\/\/www.manaus.am.gov.br\/semseg\/seggim\/sobre-a-seggim\/#breadcrumb\",\"itemListElement\":[{\"@type\":\"ListItem\",\"position\":1,\"name\":\"Home\",\"item\":\"https:\/\/www.manaus.am.gov.br\/semseg\/\"},{\"@type\":\"ListItem\",\"position\":2,\"name\":\"SEGGIM\",\"item\":\"https:\/\/www.manaus.am.gov.br\/semseg\/seggim\/\"},{\"@type\":\"ListItem\",\"position\":3,\"name\":\"Sobre\"}]},{\"@type\":\"WebSite\",\"@id\":\"https:\/\/www.manaus.am.gov.br\/semseg\/#website\",\"url\":\"https:\/\/www.manaus.am.gov.br\/semseg\/\",\"name\":\"SEMSEG\",\"description\":\"Prefeitura de Manaus\",\"potentialAction\":[{\"@type\":\"SearchAction\",\"target\":{\"@type\":\"EntryPoint\",\"urlTemplate\":\"https:\/\/www.manaus.am.gov.br\/semseg\/?s={search_term_string}\"},\"query-input\":\"required name=search_term_string\"}],\"inLanguage\":\"pt-BR\"}]}<\/script>\n<!-- \/ Yoast SEO plugin. -->","yoast_head_json":{"title":"Sobre - SEMSEG","robots":{"index":"noindex","follow":"follow"},"og_locale":"pt_BR","og_type":"article","og_title":"Sobre - SEMSEG","og_url":"https:\/\/www.manaus.am.gov.br\/semseg\/seggim\/sobre-a-seggim\/","og_site_name":"SEMSEG","article_modified_time":"2024-07-15T12:45:48+00:00","twitter_card":"summary_large_image","twitter_misc":{"Est. reading time":"1 minuto"},"schema":{"@context":"https:\/\/schema.org","@graph":[{"@type":"WebPage","@id":"https:\/\/www.manaus.am.gov.br\/semseg\/seggim\/sobre-a-seggim\/","url":"https:\/\/www.manaus.am.gov.br\/semseg\/seggim\/sobre-a-seggim\/","name":"Sobre - SEMSEG","isPartOf":{"@id":"https:\/\/www.manaus.am.gov.br\/semseg\/#website"},"datePublished":"2023-10-02T14:21:19+00:00","dateModified":"2024-07-15T12:45:48+00:00","breadcrumb":{"@id":"https:\/\/www.manaus.am.gov.br\/semseg\/seggim\/sobre-a-seggim\/#breadcrumb"},"inLanguage":"pt-BR","potentialAction":[{"@type":"ReadAction","target":["https:\/\/www.manaus.am.gov.br\/semseg\/seggim\/sobre-a-seggim\/"]}]},{"@type":"BreadcrumbList","@id":"https:\/\/www.manaus.am.gov.br\/semseg\/seggim\/sobre-a-seggim\/#breadcrumb","itemListElement":[{"@type":"ListItem","position":1,"name":"Home","item":"https:\/\/www.manaus.am.gov.br\/semseg\/"},{"@type":"ListItem","position":2,"name":"SEGGIM","item":"https:\/\/www.manaus.am.gov.br\/semseg\/seggim\/"},{"@type":"ListItem","position":3,"name":"Sobre"}]},{"@type":"WebSite","@id":"https:\/\/www.manaus.am.gov.br\/semseg\/#website","url":"https:\/\/www.manaus.am.gov.br\/semseg\/","name":"SEMSEG","description":"Prefeitura de Manaus","potentialAction":[{"@type":"SearchAction","target":{"@type":"EntryPoint","urlTemplate":"https:\/\/www.manaus.am.gov.br\/semseg\/?s={search_term_string}"},"query-input":"required name=search_term_string"}],"inLanguage":"pt-BR"}]}},"_links":{"self":[{"href":"https:\/\/www.manaus.am.gov.br\/semseg\/wp-json\/wp\/v2\/pages\/668"}],"collection":[{"href":"https:\/\/www.manaus.am.gov.br\/semseg\/wp-json\/wp\/v2\/pages"}],"about":[{"href":"https:\/\/www.manaus.am.gov.br\/semseg\/wp-json\/wp\/v2\/types\/page"}],"author":[{"embeddable":true,"href":"https:\/\/www.manaus.am.gov.br\/semseg\/wp-json\/wp\/v2\/users\/8"}],"replies":[{"embeddable":true,"href":"https:\/\/www.manaus.am.gov.br\/semseg\/wp-json\/wp\/v2\/comments?post=668"}],"version-history":[{"count":9,"href":"https:\/\/www.manaus.am.gov.br\/semseg\/wp-json\/wp\/v2\/pages\/668\/revisions"}],"predecessor-version":[{"id":1369,"href":"https:\/\/www.manaus.am.gov.br\/semseg\/wp-json\/wp\/v2\/pages\/668\/revisions\/1369"}],"up":[{"embeddable":true,"href":"https:\/\/www.manaus.am.gov.br\/semseg\/wp-json\/wp\/v2\/pages\/678"}],"wp:attachment":[{"href":"https:\/\/www.manaus.am.gov.br\/semseg\/wp-json\/wp\/v2\/media?parent=668"}],"curies":[{"name":"wp","href":"https:\/\/api.w.org\/{rel}","templated":true}]}}

<p>A&nbsp;<strong>Secretaria Executiva do Gabinete de Gestão Integrada Municipal-SEGGIM/CM</strong>&nbsp;é uma das células componentes da Casa Militar da Prefeitura Municipal de Manaus, tendo como competência institucional a coordenação da integração entre as secretarias municipais, e quando necessário, da municipalidade com as esferas estadual e federal, na tratativa de demandas encaminhas à pasta, com análise e qualificação do grau de complexidade destas demandas, considerando o esgotamento dos procedimentos administrativos e impossibilidade de execução una do órgão demandante, atuando de forma a objetivar resultados positivos para a administração pública municipal.</p>
