{"id":266,"date":"2023-05-30T10:40:14","date_gmt":"2023-05-30T13:40:14","guid":{"rendered":"https:\/\/www.manaus.am.gov.br\/semseg\/?page_id=266"},"modified":"2024-07-15T08:45:42","modified_gmt":"2024-07-15T12:45:42","slug":"equipe","status":"publish","type":"page","link":"https:\/\/www.manaus.am.gov.br\/semseg\/guarda-municipal\/equipe\/","title":{"rendered":"Equipe"},"content":{"rendered":"\n<p><strong>Diretor do Comando da Guarda Municipal<\/strong><br>Claudionei dos Santos Barbosa<\/p>\n\n\n\n<p><strong>Subdiretor do Comando da Guarda Municipal<\/strong><br>Edilson Ferreira Leda<\/p>\n\n\n\n<p><strong>Gerente de Opera\u00e7\u00f5es de Base Comunit\u00e1ria<\/strong><br>Failo Alves Ribeiro<\/p>\n\n\n\n<p><strong>Gerente de Opera\u00e7\u00f5es Especiais, Patrulhamento e Apoio ao Turista<\/strong><br>Edilson Ferreira Leda<\/p>\n","protected":false},"excerpt":{"rendered":"","protected":false},"author":27,"featured_media":0,"parent":224,"menu_order":1,"comment_status":"closed","ping_status":"closed","template":"templates\/turismo.php","meta":{"footnotes":""},"acf":[],"yoast_head":"<!-- This site is optimized with the Yoast SEO plugin v23.0 - https:\/\/yoast.com\/wordpress\/plugins\/seo\/ -->\n<title>Equipe - SEMSEG<\/title>\n<meta name=\"robots\" content=\"noindex, follow\" \/>\n<meta property=\"og:locale\" content=\"pt_BR\" \/>\n<meta property=\"og:type\" content=\"article\" \/>\n<meta property=\"og:title\" content=\"Equipe - SEMSEG\" \/>\n<meta property=\"og:url\" content=\"https:\/\/www.manaus.am.gov.br\/semseg\/guarda-municipal\/equipe\/\" \/>\n<meta property=\"og:site_name\" content=\"SEMSEG\" \/>\n<meta property=\"article:modified_time\" content=\"2024-07-15T12:45:42+00:00\" \/>\n<meta name=\"twitter:card\" content=\"summary_large_image\" \/>\n<meta name=\"twitter:label1\" content=\"Est. reading time\" \/>\n\t<meta name=\"twitter:data1\" content=\"1 minuto\" \/>\n<script type=\"application\/ld+json\" class=\"yoast-schema-graph\">{\"@context\":\"https:\/\/schema.org\",\"@graph\":[{\"@type\":\"WebPage\",\"@id\":\"https:\/\/www.manaus.am.gov.br\/semseg\/guarda-municipal\/equipe\/\",\"url\":\"https:\/\/www.manaus.am.gov.br\/semseg\/guarda-municipal\/equipe\/\",\"name\":\"Equipe - SEMSEG\",\"isPartOf\":{\"@id\":\"https:\/\/www.manaus.am.gov.br\/semseg\/#website\"},\"datePublished\":\"2023-05-30T13:40:14+00:00\",\"dateModified\":\"2024-07-15T12:45:42+00:00\",\"breadcrumb\":{\"@id\":\"https:\/\/www.manaus.am.gov.br\/semseg\/guarda-municipal\/equipe\/#breadcrumb\"},\"inLanguage\":\"pt-BR\",\"potentialAction\":[{\"@type\":\"ReadAction\",\"target\":[\"https:\/\/www.manaus.am.gov.br\/semseg\/guarda-municipal\/equipe\/\"]}]},{\"@type\":\"BreadcrumbList\",\"@id\":\"https:\/\/www.manaus.am.gov.br\/semseg\/guarda-municipal\/equipe\/#breadcrumb\",\"itemListElement\":[{\"@type\":\"ListItem\",\"position\":1,\"name\":\"Home\",\"item\":\"https:\/\/www.manaus.am.gov.br\/semseg\/\"},{\"@type\":\"ListItem\",\"position\":2,\"name\":\"GUARDA MUNICIPAL\",\"item\":\"https:\/\/www.manaus.am.gov.br\/semseg\/guarda-municipal\/\"},{\"@type\":\"ListItem\",\"position\":3,\"name\":\"Equipe\"}]},{\"@type\":\"WebSite\",\"@id\":\"https:\/\/www.manaus.am.gov.br\/semseg\/#website\",\"url\":\"https:\/\/www.manaus.am.gov.br\/semseg\/\",\"name\":\"SEMSEG\",\"description\":\"Prefeitura de Manaus\",\"potentialAction\":[{\"@type\":\"SearchAction\",\"target\":{\"@type\":\"EntryPoint\",\"urlTemplate\":\"https:\/\/www.manaus.am.gov.br\/semseg\/?s={search_term_string}\"},\"query-input\":\"required name=search_term_string\"}],\"inLanguage\":\"pt-BR\"}]}<\/script>\n<!-- \/ Yoast SEO plugin. -->","yoast_head_json":{"title":"Equipe - SEMSEG","robots":{"index":"noindex","follow":"follow"},"og_locale":"pt_BR","og_type":"article","og_title":"Equipe - SEMSEG","og_url":"https:\/\/www.manaus.am.gov.br\/semseg\/guarda-municipal\/equipe\/","og_site_name":"SEMSEG","article_modified_time":"2024-07-15T12:45:42+00:00","twitter_card":"summary_large_image","twitter_misc":{"Est. reading time":"1 minuto"},"schema":{"@context":"https:\/\/schema.org","@graph":[{"@type":"WebPage","@id":"https:\/\/www.manaus.am.gov.br\/semseg\/guarda-municipal\/equipe\/","url":"https:\/\/www.manaus.am.gov.br\/semseg\/guarda-municipal\/equipe\/","name":"Equipe - SEMSEG","isPartOf":{"@id":"https:\/\/www.manaus.am.gov.br\/semseg\/#website"},"datePublished":"2023-05-30T13:40:14+00:00","dateModified":"2024-07-15T12:45:42+00:00","breadcrumb":{"@id":"https:\/\/www.manaus.am.gov.br\/semseg\/guarda-municipal\/equipe\/#breadcrumb"},"inLanguage":"pt-BR","potentialAction":[{"@type":"ReadAction","target":["https:\/\/www.manaus.am.gov.br\/semseg\/guarda-municipal\/equipe\/"]}]},{"@type":"BreadcrumbList","@id":"https:\/\/www.manaus.am.gov.br\/semseg\/guarda-municipal\/equipe\/#breadcrumb","itemListElement":[{"@type":"ListItem","position":1,"name":"Home","item":"https:\/\/www.manaus.am.gov.br\/semseg\/"},{"@type":"ListItem","position":2,"name":"GUARDA MUNICIPAL","item":"https:\/\/www.manaus.am.gov.br\/semseg\/guarda-municipal\/"},{"@type":"ListItem","position":3,"name":"Equipe"}]},{"@type":"WebSite","@id":"https:\/\/www.manaus.am.gov.br\/semseg\/#website","url":"https:\/\/www.manaus.am.gov.br\/semseg\/","name":"SEMSEG","description":"Prefeitura de Manaus","potentialAction":[{"@type":"SearchAction","target":{"@type":"EntryPoint","urlTemplate":"https:\/\/www.manaus.am.gov.br\/semseg\/?s={search_term_string}"},"query-input":"required name=search_term_string"}],"inLanguage":"pt-BR"}]}},"_links":{"self":[{"href":"https:\/\/www.manaus.am.gov.br\/semseg\/wp-json\/wp\/v2\/pages\/266"}],"collection":[{"href":"https:\/\/www.manaus.am.gov.br\/semseg\/wp-json\/wp\/v2\/pages"}],"about":[{"href":"https:\/\/www.manaus.am.gov.br\/semseg\/wp-json\/wp\/v2\/types\/page"}],"author":[{"embeddable":true,"href":"https:\/\/www.manaus.am.gov.br\/semseg\/wp-json\/wp\/v2\/users\/27"}],"replies":[{"embeddable":true,"href":"https:\/\/www.manaus.am.gov.br\/semseg\/wp-json\/wp\/v2\/comments?post=266"}],"version-history":[{"count":8,"href":"https:\/\/www.manaus.am.gov.br\/semseg\/wp-json\/wp\/v2\/pages\/266\/revisions"}],"predecessor-version":[{"id":1368,"href":"https:\/\/www.manaus.am.gov.br\/semseg\/wp-json\/wp\/v2\/pages\/266\/revisions\/1368"}],"up":[{"embeddable":true,"href":"https:\/\/www.manaus.am.gov.br\/semseg\/wp-json\/wp\/v2\/pages\/224"}],"wp:attachment":[{"href":"https:\/\/www.manaus.am.gov.br\/semseg\/wp-json\/wp\/v2\/media?parent=266"}],"curies":[{"name":"wp","href":"https:\/\/api.w.org\/{rel}","templated":true}]}}

<p><strong>Diretor do Comando da Guarda Municipal</strong><br>Claudionei dos Santos Barbosa</p>



<p><strong>Subdiretor do Comando da Guarda Municipal</strong><br>Edilson Ferreira Leda</p>



<p><strong>Gerente de Operações de Base Comunitária</strong><br>Failo Alves Ribeiro</p>



<p><strong>Gerente de Operações Especiais, Patrulhamento e Apoio ao Turista</strong><br>Edilson Ferreira Leda</p>
