{"id":230,"date":"2023-05-30T10:31:11","date_gmt":"2023-05-30T13:31:11","guid":{"rendered":"https:\/\/www.manaus.am.gov.br\/semseg\/?page_id=230"},"modified":"2025-07-15T14:33:06","modified_gmt":"2025-07-15T18:33:06","slug":"equipe","status":"publish","type":"page","link":"https:\/\/www.manaus.am.gov.br\/semseg\/defesa-civil\/equipe\/","title":{"rendered":"Equipe"},"content":{"rendered":"\n<p><strong>Gabinete Secret\u00e1rio-Executivo<\/strong><br>Agnelo Batista de Lima J\u00fanior<br>Telefone:(92) 3625-6820<\/p>\n\n\n\n<p><strong>Divis\u00e3o de Resposta<\/strong><br>Telefone: (92) 3675-3866<\/p>\n\n\n\n<p><strong>Ger\u00eancia de Analise e Fiscaliza\u00e7\u00e3o de \u00c1rea de Risco<\/strong><br>Telefone: (92) 3675-3866<\/p>\n\n\n\n<p><strong>Ger\u00eancia de Resposta ao Desastre<\/strong><br>Telefone: (92) 3675-3159<\/p>\n\n\n\n<p><strong>Divis\u00e3o de Preven\u00e7\u00e3o e Minimiza\u00e7\u00e3o de Desastre<\/strong><br>Telefone: (92) 3675-3866<\/p>\n\n\n\n<p><strong>Ger\u00eancia de Engenharia e Preven\u00e7\u00e3o<\/strong><br>Telefone: (92) 3675-3084<\/p>\n\n\n\n<p><strong>Ger\u00eancia de Encaminhamento e Acompanhamento<\/strong><br>Telefone: (92) 3675-3083<\/p>\n\n\n\n<p><strong>Divis\u00e3o de Suporte<\/strong><br>Telefone: (92) 3675-3086<\/p>\n\n\n\n<p><strong>Ger\u00eancia de Material de Emerg\u00eancia<\/strong><br>Telefone: (92) 3675-3086<\/p>\n\n\n\n<p><strong>Ger\u00eancia de Mapeamento e Georeferenciamento<\/strong><br>Telefone: (92) 3675-3083<\/p>\n\n\n\n<p><strong>Departamento de Planejamento e de Gest\u00e3o Or\u00e7ament\u00e1ria e Financeira<\/strong><br>Telefone: (92) 3675-3085<\/p>\n\n\n\n<p><strong>Ger\u00eancia de Planejamento e Projeto<\/strong><br>Telefone: (92) 3675-3085<\/p>\n\n\n\n<p><strong>Divis\u00e3o T\u00e9cnica Or\u00e7ament\u00e1ria<\/strong><br>Telefone: (92) 3675-3085<\/p>\n\n\n\n<p><strong>Ger\u00eancia de Or\u00e7amento, Finan\u00e7as e Contabilidade<\/strong><br>Telefone: (92) 3675-3085<\/p>\n\n\n\n<p><strong>Ger\u00eancia de Material, Patrim\u00f4nio, Cadastro e Controle<\/strong><br>Telefone: (92) 3675-3085<\/p>\n","protected":false},"excerpt":{"rendered":"","protected":false},"author":27,"featured_media":0,"parent":222,"menu_order":1,"comment_status":"closed","ping_status":"closed","template":"templates\/turismo.php","meta":{"footnotes":""},"acf":[],"yoast_head":"<!-- This site is optimized with the Yoast SEO plugin v23.0 - https:\/\/yoast.com\/wordpress\/plugins\/seo\/ -->\n<title>Equipe - SEMSEG<\/title>\n<meta name=\"robots\" content=\"noindex, follow\" \/>\n<meta property=\"og:locale\" content=\"pt_BR\" \/>\n<meta property=\"og:type\" content=\"article\" \/>\n<meta property=\"og:title\" content=\"Equipe - SEMSEG\" \/>\n<meta property=\"og:url\" content=\"https:\/\/www.manaus.am.gov.br\/semseg\/defesa-civil\/equipe\/\" \/>\n<meta property=\"og:site_name\" content=\"SEMSEG\" \/>\n<meta property=\"article:modified_time\" content=\"2025-07-15T18:33:06+00:00\" \/>\n<meta name=\"twitter:card\" content=\"summary_large_image\" \/>\n<meta name=\"twitter:label1\" content=\"Est. reading time\" \/>\n\t<meta name=\"twitter:data1\" content=\"1 minuto\" \/>\n<script type=\"application\/ld+json\" class=\"yoast-schema-graph\">{\"@context\":\"https:\/\/schema.org\",\"@graph\":[{\"@type\":\"WebPage\",\"@id\":\"https:\/\/www.manaus.am.gov.br\/semseg\/defesa-civil\/equipe\/\",\"url\":\"https:\/\/www.manaus.am.gov.br\/semseg\/defesa-civil\/equipe\/\",\"name\":\"Equipe - SEMSEG\",\"isPartOf\":{\"@id\":\"https:\/\/www.manaus.am.gov.br\/semseg\/#website\"},\"datePublished\":\"2023-05-30T13:31:11+00:00\",\"dateModified\":\"2025-07-15T18:33:06+00:00\",\"breadcrumb\":{\"@id\":\"https:\/\/www.manaus.am.gov.br\/semseg\/defesa-civil\/equipe\/#breadcrumb\"},\"inLanguage\":\"pt-BR\",\"potentialAction\":[{\"@type\":\"ReadAction\",\"target\":[\"https:\/\/www.manaus.am.gov.br\/semseg\/defesa-civil\/equipe\/\"]}]},{\"@type\":\"BreadcrumbList\",\"@id\":\"https:\/\/www.manaus.am.gov.br\/semseg\/defesa-civil\/equipe\/#breadcrumb\",\"itemListElement\":[{\"@type\":\"ListItem\",\"position\":1,\"name\":\"Home\",\"item\":\"https:\/\/www.manaus.am.gov.br\/semseg\/\"},{\"@type\":\"ListItem\",\"position\":2,\"name\":\"DEFESA CIVIL\",\"item\":\"https:\/\/www.manaus.am.gov.br\/semseg\/defesa-civil\/\"},{\"@type\":\"ListItem\",\"position\":3,\"name\":\"Equipe\"}]},{\"@type\":\"WebSite\",\"@id\":\"https:\/\/www.manaus.am.gov.br\/semseg\/#website\",\"url\":\"https:\/\/www.manaus.am.gov.br\/semseg\/\",\"name\":\"SEMSEG\",\"description\":\"Prefeitura de Manaus\",\"potentialAction\":[{\"@type\":\"SearchAction\",\"target\":{\"@type\":\"EntryPoint\",\"urlTemplate\":\"https:\/\/www.manaus.am.gov.br\/semseg\/?s={search_term_string}\"},\"query-input\":\"required name=search_term_string\"}],\"inLanguage\":\"pt-BR\"}]}<\/script>\n<!-- \/ Yoast SEO plugin. -->","yoast_head_json":{"title":"Equipe - SEMSEG","robots":{"index":"noindex","follow":"follow"},"og_locale":"pt_BR","og_type":"article","og_title":"Equipe - SEMSEG","og_url":"https:\/\/www.manaus.am.gov.br\/semseg\/defesa-civil\/equipe\/","og_site_name":"SEMSEG","article_modified_time":"2025-07-15T18:33:06+00:00","twitter_card":"summary_large_image","twitter_misc":{"Est. reading time":"1 minuto"},"schema":{"@context":"https:\/\/schema.org","@graph":[{"@type":"WebPage","@id":"https:\/\/www.manaus.am.gov.br\/semseg\/defesa-civil\/equipe\/","url":"https:\/\/www.manaus.am.gov.br\/semseg\/defesa-civil\/equipe\/","name":"Equipe - SEMSEG","isPartOf":{"@id":"https:\/\/www.manaus.am.gov.br\/semseg\/#website"},"datePublished":"2023-05-30T13:31:11+00:00","dateModified":"2025-07-15T18:33:06+00:00","breadcrumb":{"@id":"https:\/\/www.manaus.am.gov.br\/semseg\/defesa-civil\/equipe\/#breadcrumb"},"inLanguage":"pt-BR","potentialAction":[{"@type":"ReadAction","target":["https:\/\/www.manaus.am.gov.br\/semseg\/defesa-civil\/equipe\/"]}]},{"@type":"BreadcrumbList","@id":"https:\/\/www.manaus.am.gov.br\/semseg\/defesa-civil\/equipe\/#breadcrumb","itemListElement":[{"@type":"ListItem","position":1,"name":"Home","item":"https:\/\/www.manaus.am.gov.br\/semseg\/"},{"@type":"ListItem","position":2,"name":"DEFESA CIVIL","item":"https:\/\/www.manaus.am.gov.br\/semseg\/defesa-civil\/"},{"@type":"ListItem","position":3,"name":"Equipe"}]},{"@type":"WebSite","@id":"https:\/\/www.manaus.am.gov.br\/semseg\/#website","url":"https:\/\/www.manaus.am.gov.br\/semseg\/","name":"SEMSEG","description":"Prefeitura de Manaus","potentialAction":[{"@type":"SearchAction","target":{"@type":"EntryPoint","urlTemplate":"https:\/\/www.manaus.am.gov.br\/semseg\/?s={search_term_string}"},"query-input":"required name=search_term_string"}],"inLanguage":"pt-BR"}]}},"_links":{"self":[{"href":"https:\/\/www.manaus.am.gov.br\/semseg\/wp-json\/wp\/v2\/pages\/230"}],"collection":[{"href":"https:\/\/www.manaus.am.gov.br\/semseg\/wp-json\/wp\/v2\/pages"}],"about":[{"href":"https:\/\/www.manaus.am.gov.br\/semseg\/wp-json\/wp\/v2\/types\/page"}],"author":[{"embeddable":true,"href":"https:\/\/www.manaus.am.gov.br\/semseg\/wp-json\/wp\/v2\/users\/27"}],"replies":[{"embeddable":true,"href":"https:\/\/www.manaus.am.gov.br\/semseg\/wp-json\/wp\/v2\/comments?post=230"}],"version-history":[{"count":9,"href":"https:\/\/www.manaus.am.gov.br\/semseg\/wp-json\/wp\/v2\/pages\/230\/revisions"}],"predecessor-version":[{"id":1974,"href":"https:\/\/www.manaus.am.gov.br\/semseg\/wp-json\/wp\/v2\/pages\/230\/revisions\/1974"}],"up":[{"embeddable":true,"href":"https:\/\/www.manaus.am.gov.br\/semseg\/wp-json\/wp\/v2\/pages\/222"}],"wp:attachment":[{"href":"https:\/\/www.manaus.am.gov.br\/semseg\/wp-json\/wp\/v2\/media?parent=230"}],"curies":[{"name":"wp","href":"https:\/\/api.w.org\/{rel}","templated":true}]}}

<p><strong>Gabinete Secretário-Executivo</strong><br>Agnelo Batista de Lima Júnior<br>Telefone:(92) 3625-6820</p>



<p><strong>Divisão de Resposta</strong><br>Telefone: (92) 3675-3866</p>



<p><strong>Gerência de Analise e Fiscalização de Área de Risco</strong><br>Telefone: (92) 3675-3866</p>



<p><strong>Gerência de Resposta ao Desastre</strong><br>Telefone: (92) 3675-3159</p>



<p><strong>Divisão de Prevenção e Minimização de Desastre</strong><br>Telefone: (92) 3675-3866</p>



<p><strong>Gerência de Engenharia e Prevenção</strong><br>Telefone: (92) 3675-3084</p>



<p><strong>Gerência de Encaminhamento e Acompanhamento</strong><br>Telefone: (92) 3675-3083</p>



<p><strong>Divisão de Suporte</strong><br>Telefone: (92) 3675-3086</p>



<p><strong>Gerência de Material de Emergência</strong><br>Telefone: (92) 3675-3086</p>



<p><strong>Gerência de Mapeamento e Georeferenciamento</strong><br>Telefone: (92) 3675-3083</p>



<p><strong>Departamento de Planejamento e de Gestão Orçamentária e Financeira</strong><br>Telefone: (92) 3675-3085</p>



<p><strong>Gerência de Planejamento e Projeto</strong><br>Telefone: (92) 3675-3085</p>



<p><strong>Divisão Técnica Orçamentária</strong><br>Telefone: (92) 3675-3085</p>



<p><strong>Gerência de Orçamento, Finanças e Contabilidade</strong><br>Telefone: (92) 3675-3085</p>



<p><strong>Gerência de Material, Patrimônio, Cadastro e Controle</strong><br>Telefone: (92) 3675-3085</p>
