{"id":217,"date":"2023-05-30T10:12:11","date_gmt":"2023-05-30T13:12:11","guid":{"rendered":"https:\/\/www.manaus.am.gov.br\/semseg\/?page_id=217"},"modified":"2024-07-15T08:46:23","modified_gmt":"2024-07-15T12:46:23","slug":"estrutura-organizacional","status":"publish","type":"page","link":"https:\/\/www.manaus.am.gov.br\/semseg\/semseg\/estrutura-organizacional\/","title":{"rendered":"Estrutura Organizacional"},"content":{"rendered":"\n<h2 class=\"wp-block-heading\" style=\"text-transform:uppercase\"><a href=\"https:\/\/leismunicipais.com.br\/a\/am\/m\/manaus\/lei-ordinaria\/2021\/282\/2817\/lei-ordinaria-n-2817-2021-cria-a-secretaria-municipal-de-seguranca-publica-e-defesa-social-semseg-e-da-outras-providencias\" target=\"_blank\" rel=\"noreferrer noopener\">Lei N\u00ba 2.817, DE 06 DE DEZEMBRO DE 2021<\/a><\/h2>\n\n\n\n<p>Cria a Secretaria Municipal de Seguran\u00e7a P\u00fablica e Defesa Social (Semseg) e d\u00e1 outras provid\u00eancias.<\/p>\n\n\n\n<p>Art. 3.\u00ba Dirigida por um Secret\u00e1rio Municipal, auxiliado por um Subsecret\u00e1rio e dois Secret\u00e1rios Executivo, a Semseg tem a seguinte estrutura organizacional:<\/p>\n\n\n\n<p>I \u2013 \u00d3rg\u00e3os Vinculados:<br>a) Conselho Municipal de Seguran\u00e7a P\u00fablica e Defesa Social;<br>II \u2013 \u00d3rg\u00e3os de Assist\u00eancia e Assessoramento:<br>a) Gabinete do Secret\u00e1rio;<br>b) Assessoria T\u00e9cnica;<br>III \u2013 \u00d3rg\u00e3os de Apoio \u00e0 Gest\u00e3o:<br>a) Departamento de Administra\u00e7\u00e3o e Finan\u00e7as:<\/p>\n\n\n\n<p>Divis\u00e3o de Patrim\u00f4nio, Material e Servi\u00e7os:<br>1.1 Ger\u00eancia de Pessoal;<br>1.2 Ger\u00eancia de Inform\u00e1tica;<br>1.3 Ger\u00eancia de Or\u00e7amento e Finan\u00e7as;<br>IV \u2013 \u00d3rg\u00e3os de Atividades Final\u00edsticas:<br>a) Subchefia da Guarda Municipal:<\/p>\n\n\n\n<p>Departamento do Comando da Guarda Municipal:<br>1.1 Divis\u00e3o de Opera\u00e7\u00f5es:<br>1.1.1 Ger\u00eancia de Opera\u00e7\u00f5es Especiais;<br>1.1.2 Ger\u00eancia de Patrulhamento e Apoio ao Turista;<br>1.1.3 Ger\u00eancia de Opera\u00e7\u00f5es de Bases Comunit\u00e1rias;<br>b) Secret\u00e1ria Executiva de Prote\u00e7\u00e3o e Defesa Civil:<\/p>\n\n\n\n<p>Departamento de Opera\u00e7\u00f5es:<br>1.1 Divis\u00e3o de Respostas:<br>1.1.1 Ger\u00eancia de An\u00e1lise e Fiscaliza\u00e7\u00e3o de \u00c1reas de Risco;<br>1.1.2 Ger\u00eancia de Resposta ao Desastre;<br>1.2 Divis\u00e3o de Suporte:<br>1.2.1 Ger\u00eancia de Material de Emerg\u00eancia;<br>1.2.2 Ger\u00eancia de Mapeamento e Georreferenciamento;<br>1.3 Divis\u00e3o de Preven\u00e7\u00e3o e Minimiza\u00e7\u00e3o de Desastres:<br>1.3.1 Ger\u00eancia de Engenharia de Preven\u00e7\u00e3o;<br>1.3.2 Ger\u00eancia de Encaminhamento e Acompanhamento;<br>c) Secretaria Executiva do Gabinete de Gest\u00e3o Integrada Municipal (SEGGIM).<\/p>\n","protected":false},"excerpt":{"rendered":"","protected":false},"author":27,"featured_media":0,"parent":191,"menu_order":2,"comment_status":"closed","ping_status":"closed","template":"templates\/turismo.php","meta":{"footnotes":""},"acf":[],"yoast_head":"<!-- This site is optimized with the Yoast SEO plugin v23.0 - https:\/\/yoast.com\/wordpress\/plugins\/seo\/ -->\n<title>Estrutura Organizacional - SEMSEG<\/title>\n<meta name=\"robots\" content=\"noindex, follow\" \/>\n<meta property=\"og:locale\" content=\"pt_BR\" \/>\n<meta property=\"og:type\" content=\"article\" \/>\n<meta property=\"og:title\" content=\"Estrutura Organizacional - SEMSEG\" \/>\n<meta property=\"og:url\" content=\"https:\/\/www.manaus.am.gov.br\/semseg\/semseg\/estrutura-organizacional\/\" \/>\n<meta property=\"og:site_name\" content=\"SEMSEG\" \/>\n<meta property=\"article:modified_time\" content=\"2024-07-15T12:46:23+00:00\" \/>\n<meta name=\"twitter:card\" content=\"summary_large_image\" \/>\n<meta name=\"twitter:label1\" content=\"Est. reading time\" \/>\n\t<meta name=\"twitter:data1\" content=\"2 minutos\" \/>\n<script type=\"application\/ld+json\" class=\"yoast-schema-graph\">{\"@context\":\"https:\/\/schema.org\",\"@graph\":[{\"@type\":\"WebPage\",\"@id\":\"https:\/\/www.manaus.am.gov.br\/semseg\/semseg\/estrutura-organizacional\/\",\"url\":\"https:\/\/www.manaus.am.gov.br\/semseg\/semseg\/estrutura-organizacional\/\",\"name\":\"Estrutura Organizacional - SEMSEG\",\"isPartOf\":{\"@id\":\"https:\/\/www.manaus.am.gov.br\/semseg\/#website\"},\"datePublished\":\"2023-05-30T13:12:11+00:00\",\"dateModified\":\"2024-07-15T12:46:23+00:00\",\"breadcrumb\":{\"@id\":\"https:\/\/www.manaus.am.gov.br\/semseg\/semseg\/estrutura-organizacional\/#breadcrumb\"},\"inLanguage\":\"pt-BR\",\"potentialAction\":[{\"@type\":\"ReadAction\",\"target\":[\"https:\/\/www.manaus.am.gov.br\/semseg\/semseg\/estrutura-organizacional\/\"]}]},{\"@type\":\"BreadcrumbList\",\"@id\":\"https:\/\/www.manaus.am.gov.br\/semseg\/semseg\/estrutura-organizacional\/#breadcrumb\",\"itemListElement\":[{\"@type\":\"ListItem\",\"position\":1,\"name\":\"Home\",\"item\":\"https:\/\/www.manaus.am.gov.br\/semseg\/\"},{\"@type\":\"ListItem\",\"position\":2,\"name\":\"SEMSEG\",\"item\":\"https:\/\/www.manaus.am.gov.br\/semseg\/semseg\/\"},{\"@type\":\"ListItem\",\"position\":3,\"name\":\"Estrutura Organizacional\"}]},{\"@type\":\"WebSite\",\"@id\":\"https:\/\/www.manaus.am.gov.br\/semseg\/#website\",\"url\":\"https:\/\/www.manaus.am.gov.br\/semseg\/\",\"name\":\"SEMSEG\",\"description\":\"Prefeitura de Manaus\",\"potentialAction\":[{\"@type\":\"SearchAction\",\"target\":{\"@type\":\"EntryPoint\",\"urlTemplate\":\"https:\/\/www.manaus.am.gov.br\/semseg\/?s={search_term_string}\"},\"query-input\":\"required name=search_term_string\"}],\"inLanguage\":\"pt-BR\"}]}<\/script>\n<!-- \/ Yoast SEO plugin. -->","yoast_head_json":{"title":"Estrutura Organizacional - SEMSEG","robots":{"index":"noindex","follow":"follow"},"og_locale":"pt_BR","og_type":"article","og_title":"Estrutura Organizacional - SEMSEG","og_url":"https:\/\/www.manaus.am.gov.br\/semseg\/semseg\/estrutura-organizacional\/","og_site_name":"SEMSEG","article_modified_time":"2024-07-15T12:46:23+00:00","twitter_card":"summary_large_image","twitter_misc":{"Est. reading time":"2 minutos"},"schema":{"@context":"https:\/\/schema.org","@graph":[{"@type":"WebPage","@id":"https:\/\/www.manaus.am.gov.br\/semseg\/semseg\/estrutura-organizacional\/","url":"https:\/\/www.manaus.am.gov.br\/semseg\/semseg\/estrutura-organizacional\/","name":"Estrutura Organizacional - SEMSEG","isPartOf":{"@id":"https:\/\/www.manaus.am.gov.br\/semseg\/#website"},"datePublished":"2023-05-30T13:12:11+00:00","dateModified":"2024-07-15T12:46:23+00:00","breadcrumb":{"@id":"https:\/\/www.manaus.am.gov.br\/semseg\/semseg\/estrutura-organizacional\/#breadcrumb"},"inLanguage":"pt-BR","potentialAction":[{"@type":"ReadAction","target":["https:\/\/www.manaus.am.gov.br\/semseg\/semseg\/estrutura-organizacional\/"]}]},{"@type":"BreadcrumbList","@id":"https:\/\/www.manaus.am.gov.br\/semseg\/semseg\/estrutura-organizacional\/#breadcrumb","itemListElement":[{"@type":"ListItem","position":1,"name":"Home","item":"https:\/\/www.manaus.am.gov.br\/semseg\/"},{"@type":"ListItem","position":2,"name":"SEMSEG","item":"https:\/\/www.manaus.am.gov.br\/semseg\/semseg\/"},{"@type":"ListItem","position":3,"name":"Estrutura Organizacional"}]},{"@type":"WebSite","@id":"https:\/\/www.manaus.am.gov.br\/semseg\/#website","url":"https:\/\/www.manaus.am.gov.br\/semseg\/","name":"SEMSEG","description":"Prefeitura de Manaus","potentialAction":[{"@type":"SearchAction","target":{"@type":"EntryPoint","urlTemplate":"https:\/\/www.manaus.am.gov.br\/semseg\/?s={search_term_string}"},"query-input":"required name=search_term_string"}],"inLanguage":"pt-BR"}]}},"_links":{"self":[{"href":"https:\/\/www.manaus.am.gov.br\/semseg\/wp-json\/wp\/v2\/pages\/217"}],"collection":[{"href":"https:\/\/www.manaus.am.gov.br\/semseg\/wp-json\/wp\/v2\/pages"}],"about":[{"href":"https:\/\/www.manaus.am.gov.br\/semseg\/wp-json\/wp\/v2\/types\/page"}],"author":[{"embeddable":true,"href":"https:\/\/www.manaus.am.gov.br\/semseg\/wp-json\/wp\/v2\/users\/27"}],"replies":[{"embeddable":true,"href":"https:\/\/www.manaus.am.gov.br\/semseg\/wp-json\/wp\/v2\/comments?post=217"}],"version-history":[{"count":2,"href":"https:\/\/www.manaus.am.gov.br\/semseg\/wp-json\/wp\/v2\/pages\/217\/revisions"}],"predecessor-version":[{"id":1373,"href":"https:\/\/www.manaus.am.gov.br\/semseg\/wp-json\/wp\/v2\/pages\/217\/revisions\/1373"}],"up":[{"embeddable":true,"href":"https:\/\/www.manaus.am.gov.br\/semseg\/wp-json\/wp\/v2\/pages\/191"}],"wp:attachment":[{"href":"https:\/\/www.manaus.am.gov.br\/semseg\/wp-json\/wp\/v2\/media?parent=217"}],"curies":[{"name":"wp","href":"https:\/\/api.w.org\/{rel}","templated":true}]}}

<h2 class="wp-block-heading" style="text-transform:uppercase"><a href="https://leismunicipais.com.br/a/am/m/manaus/lei-ordinaria/2021/282/2817/lei-ordinaria-n-2817-2021-cria-a-secretaria-municipal-de-seguranca-publica-e-defesa-social-semseg-e-da-outras-providencias" target="_blank" rel="noreferrer noopener">Lei Nº 2.817, DE 06 DE DEZEMBRO DE 2021</a></h2>



<p>Cria a Secretaria Municipal de Segurança Pública e Defesa Social (Semseg) e dá outras providências.</p>



<p>Art. 3.º Dirigida por um Secretário Municipal, auxiliado por um Subsecretário e dois Secretários Executivo, a Semseg tem a seguinte estrutura organizacional:</p>



<p>I – Órgãos Vinculados:<br>a) Conselho Municipal de Segurança Pública e Defesa Social;<br>II – Órgãos de Assistência e Assessoramento:<br>a) Gabinete do Secretário;<br>b) Assessoria Técnica;<br>III – Órgãos de Apoio à Gestão:<br>a) Departamento de Administração e Finanças:</p>



<p>Divisão de Patrimônio, Material e Serviços:<br>1.1 Gerência de Pessoal;<br>1.2 Gerência de Informática;<br>1.3 Gerência de Orçamento e Finanças;<br>IV – Órgãos de Atividades Finalísticas:<br>a) Subchefia da Guarda Municipal:</p>



<p>Departamento do Comando da Guarda Municipal:<br>1.1 Divisão de Operações:<br>1.1.1 Gerência de Operações Especiais;<br>1.1.2 Gerência de Patrulhamento e Apoio ao Turista;<br>1.1.3 Gerência de Operações de Bases Comunitárias;<br>b) Secretária Executiva de Proteção e Defesa Civil:</p>



<p>Departamento de Operações:<br>1.1 Divisão de Respostas:<br>1.1.1 Gerência de Análise e Fiscalização de Áreas de Risco;<br>1.1.2 Gerência de Resposta ao Desastre;<br>1.2 Divisão de Suporte:<br>1.2.1 Gerência de Material de Emergência;<br>1.2.2 Gerência de Mapeamento e Georreferenciamento;<br>1.3 Divisão de Prevenção e Minimização de Desastres:<br>1.3.1 Gerência de Engenharia de Prevenção;<br>1.3.2 Gerência de Encaminhamento e Acompanhamento;<br>c) Secretaria Executiva do Gabinete de Gestão Integrada Municipal (SEGGIM).</p>
