{"id":1665,"date":"2025-04-23T08:07:12","date_gmt":"2025-04-23T12:07:12","guid":{"rendered":"https:\/\/www.manaus.am.gov.br\/semseg\/?page_id=1665"},"modified":"2025-04-24T09:34:00","modified_gmt":"2025-04-24T13:34:00","slug":"credenciamento","status":"publish","type":"page","link":"https:\/\/www.manaus.am.gov.br\/semseg\/credenciamento\/","title":{"rendered":"CHAMAMENTOS P\u00daBLICOS &#8211; CREDENCIAMENTO"},"content":{"rendered":"\n<h4 class=\"wp-block-heading\">Sistema de Chamamentos da SEMSEG<\/h4>\n\n\n\n<h2 class=\"wp-block-heading\"><strong>Chamamento P\u00fablico N\u00ba 001\/202<\/strong>5<\/h2>\n\n\n\n<h4 class=\"wp-block-heading\">A PREFEITURA MUNICIPAL DE MANAUS, atrav\u00e9s da SECRETARIA MUNICIPAL DE SEGURAN\u00c7A P\u00daBLICA E DEFESA SOCIAL, no uso de suas atribui\u00e7\u00f5es legais e de conformidade com a Lei Federal n\u00ba 14.133\/2021 e suas altera\u00e7\u00f5es, torna p\u00fablico, para conhecimento dos interessados, que a partir do dia 23 de abril de 2025, estar\u00e1 recebendo documenta\u00e7\u00e3o para o CREDENCIAMENTO, conforme informa\u00e7\u00f5es abaixo:<\/h4>\n\n\n\n<div style=\"height:20px\" aria-hidden=\"true\" class=\"wp-block-spacer\"><\/div>\n\n\n\n<h4 class=\"wp-block-heading\">CADASTRO FORNECEDORES<\/h4>\n\n\n\n<div style=\"height:40px\" aria-hidden=\"true\" class=\"wp-block-spacer\"><\/div>\n\n\n\n<div class=\"wp-block-buttons is-layout-flex wp-block-buttons-is-layout-flex\">\n<div class=\"wp-block-button is-style-fill\"><a class=\"wp-block-button__link has-white-color has-text-color has-background has-link-color wp-element-button\" href=\"https:\/\/docs.google.com\/forms\/d\/e\/1FAIpQLSfq9b9ch167MYkeEcHTD5X2EEWunfzNm5DQ40rmZo9iFVZhZw\/viewform?usp=dialog\" style=\"background:linear-gradient(135deg,rgb(6,147,227) 0%,rgb(155,81,224) 91%)\" target=\"_blank\" rel=\"noreferrer noopener\"><strong>PREENCHER FORMUL\u00c1RIO<\/strong><\/a><\/div>\n<\/div>\n\n\n\n<div style=\"height:62px\" aria-hidden=\"true\" class=\"wp-block-spacer\"><\/div>\n\n\n\n<h4 class=\"wp-block-heading\"><strong>In\u00edcio das Inscri\u00e7\u00f5es: <\/strong>23\/04\/2025 \u00e0s 08:00<\/h4>\n\n\n\n<h4 class=\"wp-block-heading\"><strong>Fim das Inscri\u00e7\u00f5es: <\/strong>23\/04\/2026 \u00e0s 23:59<\/h4>\n\n\n\n<h3 class=\"wp-block-heading\"><strong>Para mais informa\u00e7\u00f5es:<\/strong><\/h3>\n\n\n\n<h5 class=\"wp-block-heading\"><strong>Email: <\/strong><a href=\"mailto:sicosc@semed.manaus.am.gov.br\" target=\"_blank\" rel=\"noreferrer noopener\">semseg@manaus.am.gov.br<\/a><\/h5>\n\n\n\n<div style=\"height:42px\" aria-hidden=\"true\" class=\"wp-block-spacer\"><\/div>\n\n\n\n<div class=\"wp-block-buttons is-content-justification-left is-layout-flex wp-container-core-buttons-layout-2 wp-block-buttons-is-layout-flex\">\n<div class=\"wp-block-button has-custom-width wp-block-button__width-50 has-custom-font-size is-style-fill has-medium-font-size\"><a class=\"wp-block-button__link has-white-color has-vivid-cyan-blue-to-vivid-purple-gradient-background has-text-color has-background has-link-color wp-element-button\" href=\"https:\/\/drive.google.com\/file\/d\/1SnJiG8I101dSwh00KCD-wXlKq5icZomJ\/view?usp=drive_link\" style=\"border-radius:31px\" target=\"_blank\" rel=\"noreferrer noopener\"><strong>VISUALIZAR EDITAL<\/strong><\/a><\/div>\n<\/div>\n\n\n\n<div style=\"height:60px\" aria-hidden=\"true\" class=\"wp-block-spacer\"><\/div>\n\n\n\n<h3 class=\"wp-block-heading\">ANEXOS<\/h3>\n\n\n\n<figure class=\"wp-block-table\"><table><thead><tr><th><strong>DESCRI\u00c7\u00c3O DO ARQUIVO<\/strong><\/th><th class=\"has-text-align-center\" data-align=\"center\"><strong>ANEXO(S)<\/strong><\/th><\/tr><\/thead><tbody><tr><td>ANEXO I &#8211; DECLARA\u00c7\u00c3O DE CREDENCIAMENTO<\/td><td class=\"has-text-align-center\" data-align=\"center\"><a href=\"https:\/\/docs.google.com\/document\/d\/1FLgvjPTWzoL3jocZwvqlmOVycI60ehrA\/edit?usp=drive_link&amp;ouid=115221010001406247497&amp;rtpof=true&amp;sd=true\">DOWNLOAD<\/a><\/td><\/tr><tr><td>ANEXO II &#8211; DECLARA\u00c7\u00c3O DE HABILITA\u00c7\u00c3O<\/td><td class=\"has-text-align-center\" data-align=\"center\"><a href=\"https:\/\/docs.google.com\/document\/d\/1K38gJ1Kdy4OaTyJdnQ6Ti_KDRp4EKu4I\/edit?usp=drive_link&amp;ouid=115221010001406247497&amp;rtpof=true&amp;sd=true\">DOWNLOAD<\/a><\/td><\/tr><tr><td>ANEXO III &#8211; DECLARA\u00c7\u00c3O CONDI\u00c7\u00d5ES IMPEDITIVAS<\/td><td class=\"has-text-align-center\" data-align=\"center\"><a href=\"https:\/\/docs.google.com\/document\/d\/1Sq6d-CwTKq-Dodusi1Migu-SH7bu_q7O\/edit?usp=drive_link&amp;ouid=115221010001406247497&amp;rtpof=true&amp;sd=true\">DOWNLOAD<\/a><\/td><\/tr><tr><td>ANEXO IV- DECLARA\u00c7\u00c3O QUE N\u00c3O EMPREGA MENOR<\/td><td class=\"has-text-align-center\" data-align=\"center\"><a href=\"https:\/\/docs.google.com\/document\/d\/1vnM2Drt_Ev2xKaW4X1uGvw2nefKVRb_a\/edit?usp=drive_link&amp;ouid=115221010001406247497&amp;rtpof=true&amp;sd=true\">DOWNLOAD<\/a><\/td><\/tr><tr><td>ANEXO V &#8211; DECLARA\u00c7\u00c3O DE RESERVA DE CARGOS PCD E EM REABILITA\u00c7\u00c3O<\/td><td class=\"has-text-align-center\" data-align=\"center\"><a href=\"https:\/\/docs.google.com\/document\/d\/1i38hkRVLvp2annFHeZZyjNATVCDBsY09\/edit?usp=drive_link&amp;ouid=115221010001406247497&amp;rtpof=true&amp;sd=true\">DOWNLOAD<\/a><\/td><\/tr><tr><td>ANEXO VI &#8211; MINUTA TERMO DE CREDENCIAMENTO<\/td><td class=\"has-text-align-center\" data-align=\"center\"><a href=\"https:\/\/docs.google.com\/document\/d\/10FiXE-J6eDUClDh3Ip8eID-T6EMLbLz-\/edit?usp=drive_link&amp;ouid=115221010001406247497&amp;rtpof=true&amp;sd=true\">DOWNLOAD<\/a><\/td><\/tr><tr><td>ANEXO VII &#8211; COMISS\u00c3O DE CREDENCIAMENTO<\/td><td class=\"has-text-align-center\" data-align=\"center\"><a href=\"https:\/\/drive.google.com\/file\/d\/1QhH8IQhy0VY3WuNSYuEVnD-14G8yzwA_\/view?usp=drive_link\">DOWNLOAD<\/a><\/td><\/tr><\/tbody><\/table><\/figure>\n","protected":false},"excerpt":{"rendered":"","protected":false},"author":8,"featured_media":0,"parent":0,"menu_order":0,"comment_status":"closed","ping_status":"closed","template":"","meta":{"footnotes":""},"acf":[],"yoast_head":"<!-- This site is optimized with the Yoast SEO plugin v23.0 - https:\/\/yoast.com\/wordpress\/plugins\/seo\/ -->\n<title>CHAMAMENTOS P\u00daBLICOS - CREDENCIAMENTO - SEMSEG<\/title>\n<meta name=\"robots\" content=\"noindex, follow\" \/>\n<meta property=\"og:locale\" content=\"pt_BR\" \/>\n<meta property=\"og:type\" content=\"article\" \/>\n<meta property=\"og:title\" content=\"CHAMAMENTOS P\u00daBLICOS - CREDENCIAMENTO - SEMSEG\" \/>\n<meta property=\"og:url\" content=\"https:\/\/www.manaus.am.gov.br\/semseg\/credenciamento\/\" \/>\n<meta property=\"og:site_name\" content=\"SEMSEG\" \/>\n<meta property=\"article:modified_time\" content=\"2025-04-24T13:34:00+00:00\" \/>\n<meta name=\"twitter:card\" content=\"summary_large_image\" \/>\n<meta name=\"twitter:label1\" content=\"Est. reading time\" \/>\n\t<meta name=\"twitter:data1\" content=\"1 minuto\" \/>\n<script type=\"application\/ld+json\" class=\"yoast-schema-graph\">{\"@context\":\"https:\/\/schema.org\",\"@graph\":[{\"@type\":\"WebPage\",\"@id\":\"https:\/\/www.manaus.am.gov.br\/semseg\/credenciamento\/\",\"url\":\"https:\/\/www.manaus.am.gov.br\/semseg\/credenciamento\/\",\"name\":\"CHAMAMENTOS P\u00daBLICOS - CREDENCIAMENTO - SEMSEG\",\"isPartOf\":{\"@id\":\"https:\/\/www.manaus.am.gov.br\/semseg\/#website\"},\"datePublished\":\"2025-04-23T12:07:12+00:00\",\"dateModified\":\"2025-04-24T13:34:00+00:00\",\"breadcrumb\":{\"@id\":\"https:\/\/www.manaus.am.gov.br\/semseg\/credenciamento\/#breadcrumb\"},\"inLanguage\":\"pt-BR\",\"potentialAction\":[{\"@type\":\"ReadAction\",\"target\":[\"https:\/\/www.manaus.am.gov.br\/semseg\/credenciamento\/\"]}]},{\"@type\":\"BreadcrumbList\",\"@id\":\"https:\/\/www.manaus.am.gov.br\/semseg\/credenciamento\/#breadcrumb\",\"itemListElement\":[{\"@type\":\"ListItem\",\"position\":1,\"name\":\"Home\",\"item\":\"https:\/\/www.manaus.am.gov.br\/semseg\/\"},{\"@type\":\"ListItem\",\"position\":2,\"name\":\"CHAMAMENTOS P\u00daBLICOS &#8211; CREDENCIAMENTO\"}]},{\"@type\":\"WebSite\",\"@id\":\"https:\/\/www.manaus.am.gov.br\/semseg\/#website\",\"url\":\"https:\/\/www.manaus.am.gov.br\/semseg\/\",\"name\":\"SEMSEG\",\"description\":\"Prefeitura de Manaus\",\"potentialAction\":[{\"@type\":\"SearchAction\",\"target\":{\"@type\":\"EntryPoint\",\"urlTemplate\":\"https:\/\/www.manaus.am.gov.br\/semseg\/?s={search_term_string}\"},\"query-input\":\"required name=search_term_string\"}],\"inLanguage\":\"pt-BR\"}]}<\/script>\n<!-- \/ Yoast SEO plugin. -->","yoast_head_json":{"title":"CHAMAMENTOS P\u00daBLICOS - CREDENCIAMENTO - SEMSEG","robots":{"index":"noindex","follow":"follow"},"og_locale":"pt_BR","og_type":"article","og_title":"CHAMAMENTOS P\u00daBLICOS - CREDENCIAMENTO - SEMSEG","og_url":"https:\/\/www.manaus.am.gov.br\/semseg\/credenciamento\/","og_site_name":"SEMSEG","article_modified_time":"2025-04-24T13:34:00+00:00","twitter_card":"summary_large_image","twitter_misc":{"Est. reading time":"1 minuto"},"schema":{"@context":"https:\/\/schema.org","@graph":[{"@type":"WebPage","@id":"https:\/\/www.manaus.am.gov.br\/semseg\/credenciamento\/","url":"https:\/\/www.manaus.am.gov.br\/semseg\/credenciamento\/","name":"CHAMAMENTOS P\u00daBLICOS - CREDENCIAMENTO - SEMSEG","isPartOf":{"@id":"https:\/\/www.manaus.am.gov.br\/semseg\/#website"},"datePublished":"2025-04-23T12:07:12+00:00","dateModified":"2025-04-24T13:34:00+00:00","breadcrumb":{"@id":"https:\/\/www.manaus.am.gov.br\/semseg\/credenciamento\/#breadcrumb"},"inLanguage":"pt-BR","potentialAction":[{"@type":"ReadAction","target":["https:\/\/www.manaus.am.gov.br\/semseg\/credenciamento\/"]}]},{"@type":"BreadcrumbList","@id":"https:\/\/www.manaus.am.gov.br\/semseg\/credenciamento\/#breadcrumb","itemListElement":[{"@type":"ListItem","position":1,"name":"Home","item":"https:\/\/www.manaus.am.gov.br\/semseg\/"},{"@type":"ListItem","position":2,"name":"CHAMAMENTOS P\u00daBLICOS &#8211; CREDENCIAMENTO"}]},{"@type":"WebSite","@id":"https:\/\/www.manaus.am.gov.br\/semseg\/#website","url":"https:\/\/www.manaus.am.gov.br\/semseg\/","name":"SEMSEG","description":"Prefeitura de Manaus","potentialAction":[{"@type":"SearchAction","target":{"@type":"EntryPoint","urlTemplate":"https:\/\/www.manaus.am.gov.br\/semseg\/?s={search_term_string}"},"query-input":"required name=search_term_string"}],"inLanguage":"pt-BR"}]}},"_links":{"self":[{"href":"https:\/\/www.manaus.am.gov.br\/semseg\/wp-json\/wp\/v2\/pages\/1665"}],"collection":[{"href":"https:\/\/www.manaus.am.gov.br\/semseg\/wp-json\/wp\/v2\/pages"}],"about":[{"href":"https:\/\/www.manaus.am.gov.br\/semseg\/wp-json\/wp\/v2\/types\/page"}],"author":[{"embeddable":true,"href":"https:\/\/www.manaus.am.gov.br\/semseg\/wp-json\/wp\/v2\/users\/8"}],"replies":[{"embeddable":true,"href":"https:\/\/www.manaus.am.gov.br\/semseg\/wp-json\/wp\/v2\/comments?post=1665"}],"version-history":[{"count":46,"href":"https:\/\/www.manaus.am.gov.br\/semseg\/wp-json\/wp\/v2\/pages\/1665\/revisions"}],"predecessor-version":[{"id":1790,"href":"https:\/\/www.manaus.am.gov.br\/semseg\/wp-json\/wp\/v2\/pages\/1665\/revisions\/1790"}],"wp:attachment":[{"href":"https:\/\/www.manaus.am.gov.br\/semseg\/wp-json\/wp\/v2\/media?parent=1665"}],"curies":[{"name":"wp","href":"https:\/\/api.w.org\/{rel}","templated":true}]}}

CHAMAMENTOS PÚBLICOS &#8211; CREDENCIAMENTO

<h4 class="wp-block-heading">Sistema de Chamamentos da SEMSEG</h4>



<h2 class="wp-block-heading"><strong>Chamamento Público Nº 001/202</strong>5</h2>



<h4 class="wp-block-heading">A PREFEITURA MUNICIPAL DE MANAUS, através da SECRETARIA MUNICIPAL DE SEGURANÇA PÚBLICA E DEFESA SOCIAL, no uso de suas atribuições legais e de conformidade com a Lei Federal nº 14.133/2021 e suas alterações, torna público, para conhecimento dos interessados, que a partir do dia 23 de abril de 2025, estará recebendo documentação para o CREDENCIAMENTO, conforme informações abaixo:</h4>



<div style="height:20px" aria-hidden="true" class="wp-block-spacer"></div>



<h4 class="wp-block-heading">CADASTRO FORNECEDORES</h4>



<div style="height:40px" aria-hidden="true" class="wp-block-spacer"></div>



<div class="wp-block-buttons is-layout-flex wp-block-buttons-is-layout-flex">
<div class="wp-block-button is-style-fill"><a class="wp-block-button__link has-white-color has-text-color has-background has-link-color wp-element-button" href="https://docs.google.com/forms/d/e/1FAIpQLSfq9b9ch167MYkeEcHTD5X2EEWunfzNm5DQ40rmZo9iFVZhZw/viewform?usp=dialog" style="background:linear-gradient(135deg,rgb(6,147,227) 0%,rgb(155,81,224) 91%)" target="_blank" rel="noreferrer noopener"><strong>PREENCHER FORMULÁRIO</strong></a></div>
</div>



<div style="height:62px" aria-hidden="true" class="wp-block-spacer"></div>



<h4 class="wp-block-heading"><strong>Início das Inscrições: </strong>23/04/2025 às 08:00</h4>



<h4 class="wp-block-heading"><strong>Fim das Inscrições: </strong>23/04/2026 às 23:59</h4>



<h3 class="wp-block-heading"><strong>Para mais informações:</strong></h3>



<h5 class="wp-block-heading"><strong>Email: </strong><a href="mailto:sicosc@semed.manaus.am.gov.br" target="_blank" rel="noreferrer noopener">semseg@manaus.am.gov.br</a></h5>



<div style="height:42px" aria-hidden="true" class="wp-block-spacer"></div>



<div class="wp-block-buttons is-content-justification-left is-layout-flex wp-container-core-buttons-layout-2 wp-block-buttons-is-layout-flex">
<div class="wp-block-button has-custom-width wp-block-button__width-50 has-custom-font-size is-style-fill has-medium-font-size"><a class="wp-block-button__link has-white-color has-vivid-cyan-blue-to-vivid-purple-gradient-background has-text-color has-background has-link-color wp-element-button" href="https://drive.google.com/file/d/1SnJiG8I101dSwh00KCD-wXlKq5icZomJ/view?usp=drive_link" style="border-radius:31px" target="_blank" rel="noreferrer noopener"><strong>VISUALIZAR EDITAL</strong></a></div>
</div>



<div style="height:60px" aria-hidden="true" class="wp-block-spacer"></div>



<h3 class="wp-block-heading">ANEXOS</h3>



<figure class="wp-block-table"><table><thead><tr><th><strong>DESCRIÇÃO DO ARQUIVO</strong></th><th class="has-text-align-center" data-align="center"><strong>ANEXO(S)</strong></th></tr></thead><tbody><tr><td>ANEXO I &#8211; DECLARAÇÃO DE CREDENCIAMENTO</td><td class="has-text-align-center" data-align="center"><a href="https://docs.google.com/document/d/1FLgvjPTWzoL3jocZwvqlmOVycI60ehrA/edit?usp=drive_link&amp;ouid=115221010001406247497&amp;rtpof=true&amp;sd=true">DOWNLOAD</a></td></tr><tr><td>ANEXO II &#8211; DECLARAÇÃO DE HABILITAÇÃO</td><td class="has-text-align-center" data-align="center"><a href="https://docs.google.com/document/d/1K38gJ1Kdy4OaTyJdnQ6Ti_KDRp4EKu4I/edit?usp=drive_link&amp;ouid=115221010001406247497&amp;rtpof=true&amp;sd=true">DOWNLOAD</a></td></tr><tr><td>ANEXO III &#8211; DECLARAÇÃO CONDIÇÕES IMPEDITIVAS</td><td class="has-text-align-center" data-align="center"><a href="https://docs.google.com/document/d/1Sq6d-CwTKq-Dodusi1Migu-SH7bu_q7O/edit?usp=drive_link&amp;ouid=115221010001406247497&amp;rtpof=true&amp;sd=true">DOWNLOAD</a></td></tr><tr><td>ANEXO IV- DECLARAÇÃO QUE NÃO EMPREGA MENOR</td><td class="has-text-align-center" data-align="center"><a href="https://docs.google.com/document/d/1vnM2Drt_Ev2xKaW4X1uGvw2nefKVRb_a/edit?usp=drive_link&amp;ouid=115221010001406247497&amp;rtpof=true&amp;sd=true">DOWNLOAD</a></td></tr><tr><td>ANEXO V &#8211; DECLARAÇÃO DE RESERVA DE CARGOS PCD E EM REABILITAÇÃO</td><td class="has-text-align-center" data-align="center"><a href="https://docs.google.com/document/d/1i38hkRVLvp2annFHeZZyjNATVCDBsY09/edit?usp=drive_link&amp;ouid=115221010001406247497&amp;rtpof=true&amp;sd=true">DOWNLOAD</a></td></tr><tr><td>ANEXO VI &#8211; MINUTA TERMO DE CREDENCIAMENTO</td><td class="has-text-align-center" data-align="center"><a href="https://docs.google.com/document/d/10FiXE-J6eDUClDh3Ip8eID-T6EMLbLz-/edit?usp=drive_link&amp;ouid=115221010001406247497&amp;rtpof=true&amp;sd=true">DOWNLOAD</a></td></tr><tr><td>ANEXO VII &#8211; COMISSÃO DE CREDENCIAMENTO</td><td class="has-text-align-center" data-align="center"><a href="https://drive.google.com/file/d/1QhH8IQhy0VY3WuNSYuEVnD-14G8yzwA_/view?usp=drive_link">DOWNLOAD</a></td></tr></tbody></table></figure>

<!-- This site is optimized with the Yoast SEO plugin v23.0 - https://yoast.com/wordpress/plugins/seo/ -->
<title>CHAMAMENTOS PÚBLICOS - CREDENCIAMENTO - SEMSEG</title>
<meta name="robots" content="noindex, follow" />
<meta property="og:locale" content="pt_BR" />
<meta property="og:type" content="article" />
<meta property="og:title" content="CHAMAMENTOS PÚBLICOS - CREDENCIAMENTO - SEMSEG" />
<meta property="og:url" content="https://www.manaus.am.gov.br/semseg/credenciamento/" />
<meta property="og:site_name" content="SEMSEG" />
<meta property="article:modified_time" content="2025-04-24T13:34:00+00:00" />
<meta name="twitter:card" content="summary_large_image" />
<meta name="twitter:label1" content="Est. reading time" />
	<meta name="twitter:data1" content="1 minuto" />
<script type="application/ld+json" class="yoast-schema-graph">{"@context":"https://schema.org","@graph":[{"@type":"WebPage","@id":"https://www.manaus.am.gov.br/semseg/credenciamento/","url":"https://www.manaus.am.gov.br/semseg/credenciamento/","name":"CHAMAMENTOS PÚBLICOS - CREDENCIAMENTO - SEMSEG","isPartOf":{"@id":"https://www.manaus.am.gov.br/semseg/#website"},"datePublished":"2025-04-23T12:07:12+00:00","dateModified":"2025-04-24T13:34:00+00:00","breadcrumb":{"@id":"https://www.manaus.am.gov.br/semseg/credenciamento/#breadcrumb"},"inLanguage":"pt-BR","potentialAction":[{"@type":"ReadAction","target":["https://www.manaus.am.gov.br/semseg/credenciamento/"]}]},{"@type":"BreadcrumbList","@id":"https://www.manaus.am.gov.br/semseg/credenciamento/#breadcrumb","itemListElement":[{"@type":"ListItem","position":1,"name":"Home","item":"https://www.manaus.am.gov.br/semseg/"},{"@type":"ListItem","position":2,"name":"CHAMAMENTOS PÚBLICOS &#8211; CREDENCIAMENTO"}]},{"@type":"WebSite","@id":"https://www.manaus.am.gov.br/semseg/#website","url":"https://www.manaus.am.gov.br/semseg/","name":"SEMSEG","description":"Prefeitura de Manaus","potentialAction":[{"@type":"SearchAction","target":{"@type":"EntryPoint","urlTemplate":"https://www.manaus.am.gov.br/semseg/?s={search_term_string}"},"query-input":"required name=search_term_string"}],"inLanguage":"pt-BR"}]}</script>
<!-- / Yoast SEO plugin. -->

CHAMAMENTOS PÚBLICOS - CREDENCIAMENTO - SEMSEG
