{"id":219828,"date":"2025-01-16T10:23:29","date_gmt":"2025-01-16T14:23:29","guid":{"rendered":"https:\/\/www.manaus.am.gov.br\/semsa\/?page_id=219828"},"modified":"2025-04-02T11:44:53","modified_gmt":"2025-04-02T15:44:53","slug":"clinica-de-saude-da-familia-desembargador-fabio-do-couto-valle","status":"publish","type":"page","link":"https:\/\/www.manaus.am.gov.br\/semsa\/unidades-basicas-de-saude-ubs\/clinica-de-saude-da-familia-desembargador-fabio-do-couto-valle\/","title":{"rendered":"Cl\u00ednica de Sa\u00fade da Fam\u00edlia Desembargador F\u00e1bio do Couto Valle"},"content":{"rendered":"\n<p>Av. Brigadeiro Hil\u00e1rio Gurj\u00e3o, s\/n \u2013 Jorge Teixeira<br>Hor\u00e1rio de atendimento ao p\u00fablico: Segunda a sexta de 6h \u00e0s 17h.<br>Acesso aos servi\u00e7os: Por meio de agendamento, feito diretamente na Unidade.<\/p>\n\n\n\n<h3 class=\"wp-block-heading\">Servi\u00e7os<\/h3>\n\n\n\n<p>Consulta m\u00e9dica cl\u00ednico geral; <br>Consulta m\u00e9dica de medicina de Fam\u00edlia e comunidade; <br>Consulta de enfermagem;<br>Consulta de odontologia; <br>Planejamento reprodutivo;<br>Pr\u00e9-natal da gestante e do parceiro;<br>Aten\u00e7\u00e3o \u00e0 sa\u00fade da crian\u00e7a, adolescente, adulto e idoso; <br>Imuniza\u00e7\u00e3o;<br>Controle e acompanhamento da hipertens\u00e3o e diabetes;<br>Dispensa\u00e7\u00e3o de medicamentos (inclusive antibi\u00f3ticos e medicamentos controlados); <br>Curativos;<br>Medidas preventivas aos usu\u00e1rios expostos ao HIV\/Aids;<br>Programa da Tuberculose; <br>Programa da Hansen\u00edase;<br>Acompanhamento das condicionalidades de sa\u00fade dos Programas Sociais. <br>Exames: Laboratoriais, preventivo do c\u00e2ncer do colo do \u00fatero, testes r\u00e1pidos para diagn\u00f3stico de s\u00edfilis, HIV e hepatites, e teste de gravidez.<\/p>\n","protected":false},"excerpt":{"rendered":"","protected":false},"author":65,"featured_media":0,"parent":213920,"menu_order":0,"comment_status":"closed","ping_status":"closed","template":"templates\/turismo.php","meta":{"footnotes":""},"acf":[],"yoast_head":"<!-- This site is optimized with the Yoast SEO plugin v23.0 - https:\/\/yoast.com\/wordpress\/plugins\/seo\/ -->\n<title>Cl\u00ednica de Sa\u00fade da Fam\u00edlia Desembargador F\u00e1bio do Couto Valle - SEMSA<\/title>\n<meta name=\"robots\" content=\"index, follow, max-snippet:-1, max-image-preview:large, max-video-preview:-1\" \/>\n<link rel=\"canonical\" href=\"https:\/\/www.manaus.am.gov.br\/semsa\/unidades-basicas-de-saude-ubs\/clinica-de-saude-da-familia-desembargador-fabio-do-couto-valle\/\" \/>\n<meta property=\"og:locale\" content=\"pt_BR\" \/>\n<meta property=\"og:type\" content=\"article\" \/>\n<meta property=\"og:title\" content=\"Cl\u00ednica de Sa\u00fade da Fam\u00edlia Desembargador F\u00e1bio do Couto Valle - SEMSA\" \/>\n<meta property=\"og:url\" content=\"https:\/\/www.manaus.am.gov.br\/semsa\/unidades-basicas-de-saude-ubs\/clinica-de-saude-da-familia-desembargador-fabio-do-couto-valle\/\" \/>\n<meta property=\"og:site_name\" content=\"SEMSA\" \/>\n<meta property=\"article:modified_time\" content=\"2025-04-02T15:44:53+00:00\" \/>\n<meta property=\"og:image\" content=\"https:\/\/www.manaus.am.gov.br\/semsa\/wp-content\/uploads\/sites\/8\/2024\/07\/thumb-default-2.png\" \/>\n\t<meta property=\"og:image:width\" content=\"966\" \/>\n\t<meta property=\"og:image:height\" content=\"520\" \/>\n\t<meta property=\"og:image:type\" content=\"image\/png\" \/>\n<meta name=\"twitter:card\" content=\"summary_large_image\" \/>\n<meta name=\"twitter:label1\" content=\"Est. reading time\" \/>\n\t<meta name=\"twitter:data1\" content=\"1 minuto\" \/>\n<script type=\"application\/ld+json\" class=\"yoast-schema-graph\">{\"@context\":\"https:\/\/schema.org\",\"@graph\":[{\"@type\":\"WebPage\",\"@id\":\"https:\/\/www.manaus.am.gov.br\/semsa\/unidades-basicas-de-saude-ubs\/clinica-de-saude-da-familia-desembargador-fabio-do-couto-valle\/\",\"url\":\"https:\/\/www.manaus.am.gov.br\/semsa\/unidades-basicas-de-saude-ubs\/clinica-de-saude-da-familia-desembargador-fabio-do-couto-valle\/\",\"name\":\"Cl\u00ednica de Sa\u00fade da Fam\u00edlia Desembargador F\u00e1bio do Couto Valle - SEMSA\",\"isPartOf\":{\"@id\":\"https:\/\/www.manaus.am.gov.br\/semsa\/#website\"},\"datePublished\":\"2025-01-16T14:23:29+00:00\",\"dateModified\":\"2025-04-02T15:44:53+00:00\",\"breadcrumb\":{\"@id\":\"https:\/\/www.manaus.am.gov.br\/semsa\/unidades-basicas-de-saude-ubs\/clinica-de-saude-da-familia-desembargador-fabio-do-couto-valle\/#breadcrumb\"},\"inLanguage\":\"pt-BR\",\"potentialAction\":[{\"@type\":\"ReadAction\",\"target\":[\"https:\/\/www.manaus.am.gov.br\/semsa\/unidades-basicas-de-saude-ubs\/clinica-de-saude-da-familia-desembargador-fabio-do-couto-valle\/\"]}]},{\"@type\":\"BreadcrumbList\",\"@id\":\"https:\/\/www.manaus.am.gov.br\/semsa\/unidades-basicas-de-saude-ubs\/clinica-de-saude-da-familia-desembargador-fabio-do-couto-valle\/#breadcrumb\",\"itemListElement\":[{\"@type\":\"ListItem\",\"position\":1,\"name\":\"Unidades B\u00e1sicas de Sa\u00fade &#8211; UBS\",\"item\":\"https:\/\/www.manaus.am.gov.br\/semsa\/unidades-basicas-de-saude-ubs\/\"},{\"@type\":\"ListItem\",\"position\":2,\"name\":\"Cl\u00ednica de Sa\u00fade da Fam\u00edlia Desembargador F\u00e1bio do Couto Valle\"}]},{\"@type\":\"WebSite\",\"@id\":\"https:\/\/www.manaus.am.gov.br\/semsa\/#website\",\"url\":\"https:\/\/www.manaus.am.gov.br\/semsa\/\",\"name\":\"SEMSA\",\"description\":\"Secretaria Municipal de Sa\u00fade\",\"alternateName\":\"Secretaria Municipal de Sa\u00fade\",\"potentialAction\":[{\"@type\":\"SearchAction\",\"target\":{\"@type\":\"EntryPoint\",\"urlTemplate\":\"https:\/\/www.manaus.am.gov.br\/semsa\/?s={search_term_string}\"},\"query-input\":\"required name=search_term_string\"}],\"inLanguage\":\"pt-BR\"}]}<\/script>\n<!-- \/ Yoast SEO plugin. -->","yoast_head_json":{"title":"Cl\u00ednica de Sa\u00fade da Fam\u00edlia Desembargador F\u00e1bio do Couto Valle - SEMSA","robots":{"index":"index","follow":"follow","max-snippet":"max-snippet:-1","max-image-preview":"max-image-preview:large","max-video-preview":"max-video-preview:-1"},"canonical":"https:\/\/www.manaus.am.gov.br\/semsa\/unidades-basicas-de-saude-ubs\/clinica-de-saude-da-familia-desembargador-fabio-do-couto-valle\/","og_locale":"pt_BR","og_type":"article","og_title":"Cl\u00ednica de Sa\u00fade da Fam\u00edlia Desembargador F\u00e1bio do Couto Valle - SEMSA","og_url":"https:\/\/www.manaus.am.gov.br\/semsa\/unidades-basicas-de-saude-ubs\/clinica-de-saude-da-familia-desembargador-fabio-do-couto-valle\/","og_site_name":"SEMSA","article_modified_time":"2025-04-02T15:44:53+00:00","og_image":[{"width":966,"height":520,"url":"https:\/\/www.manaus.am.gov.br\/semsa\/wp-content\/uploads\/sites\/8\/2024\/07\/thumb-default-2.png","type":"image\/png"}],"twitter_card":"summary_large_image","twitter_misc":{"Est. reading time":"1 minuto"},"schema":{"@context":"https:\/\/schema.org","@graph":[{"@type":"WebPage","@id":"https:\/\/www.manaus.am.gov.br\/semsa\/unidades-basicas-de-saude-ubs\/clinica-de-saude-da-familia-desembargador-fabio-do-couto-valle\/","url":"https:\/\/www.manaus.am.gov.br\/semsa\/unidades-basicas-de-saude-ubs\/clinica-de-saude-da-familia-desembargador-fabio-do-couto-valle\/","name":"Cl\u00ednica de Sa\u00fade da Fam\u00edlia Desembargador F\u00e1bio do Couto Valle - SEMSA","isPartOf":{"@id":"https:\/\/www.manaus.am.gov.br\/semsa\/#website"},"datePublished":"2025-01-16T14:23:29+00:00","dateModified":"2025-04-02T15:44:53+00:00","breadcrumb":{"@id":"https:\/\/www.manaus.am.gov.br\/semsa\/unidades-basicas-de-saude-ubs\/clinica-de-saude-da-familia-desembargador-fabio-do-couto-valle\/#breadcrumb"},"inLanguage":"pt-BR","potentialAction":[{"@type":"ReadAction","target":["https:\/\/www.manaus.am.gov.br\/semsa\/unidades-basicas-de-saude-ubs\/clinica-de-saude-da-familia-desembargador-fabio-do-couto-valle\/"]}]},{"@type":"BreadcrumbList","@id":"https:\/\/www.manaus.am.gov.br\/semsa\/unidades-basicas-de-saude-ubs\/clinica-de-saude-da-familia-desembargador-fabio-do-couto-valle\/#breadcrumb","itemListElement":[{"@type":"ListItem","position":1,"name":"Unidades B\u00e1sicas de Sa\u00fade &#8211; UBS","item":"https:\/\/www.manaus.am.gov.br\/semsa\/unidades-basicas-de-saude-ubs\/"},{"@type":"ListItem","position":2,"name":"Cl\u00ednica de Sa\u00fade da Fam\u00edlia Desembargador F\u00e1bio do Couto Valle"}]},{"@type":"WebSite","@id":"https:\/\/www.manaus.am.gov.br\/semsa\/#website","url":"https:\/\/www.manaus.am.gov.br\/semsa\/","name":"SEMSA","description":"Secretaria Municipal de Sa\u00fade","alternateName":"Secretaria Municipal de Sa\u00fade","potentialAction":[{"@type":"SearchAction","target":{"@type":"EntryPoint","urlTemplate":"https:\/\/www.manaus.am.gov.br\/semsa\/?s={search_term_string}"},"query-input":"required name=search_term_string"}],"inLanguage":"pt-BR"}]}},"_links":{"self":[{"href":"https:\/\/www.manaus.am.gov.br\/semsa\/wp-json\/wp\/v2\/pages\/219828"}],"collection":[{"href":"https:\/\/www.manaus.am.gov.br\/semsa\/wp-json\/wp\/v2\/pages"}],"about":[{"href":"https:\/\/www.manaus.am.gov.br\/semsa\/wp-json\/wp\/v2\/types\/page"}],"author":[{"embeddable":true,"href":"https:\/\/www.manaus.am.gov.br\/semsa\/wp-json\/wp\/v2\/users\/65"}],"replies":[{"embeddable":true,"href":"https:\/\/www.manaus.am.gov.br\/semsa\/wp-json\/wp\/v2\/comments?post=219828"}],"version-history":[{"count":4,"href":"https:\/\/www.manaus.am.gov.br\/semsa\/wp-json\/wp\/v2\/pages\/219828\/revisions"}],"predecessor-version":[{"id":222303,"href":"https:\/\/www.manaus.am.gov.br\/semsa\/wp-json\/wp\/v2\/pages\/219828\/revisions\/222303"}],"up":[{"embeddable":true,"href":"https:\/\/www.manaus.am.gov.br\/semsa\/wp-json\/wp\/v2\/pages\/213920"}],"wp:attachment":[{"href":"https:\/\/www.manaus.am.gov.br\/semsa\/wp-json\/wp\/v2\/media?parent=219828"}],"curies":[{"name":"wp","href":"https:\/\/api.w.org\/{rel}","templated":true}]}}