{"id":219216,"date":"2024-12-23T10:36:22","date_gmt":"2024-12-23T14:36:22","guid":{"rendered":"https:\/\/www.manaus.am.gov.br\/semsa\/?page_id=219216"},"modified":"2025-07-23T11:58:34","modified_gmt":"2025-07-23T15:58:34","slug":"unidades-que-realizam-o-teste-rapido-para-deteccao-de-anticorpos","status":"publish","type":"page","link":"https:\/\/www.manaus.am.gov.br\/semsa\/vigilancia\/vigilancia-epidemiologica\/controle-da-hanseniase\/unidades-que-realizam-o-teste-rapido-para-deteccao-de-anticorpos\/","title":{"rendered":"Unidades que realizam o teste r\u00e1pido para detec\u00e7\u00e3o de anticorpos"},"content":{"rendered":"\n<h3 class=\"wp-block-heading\">ZONA NORTE<\/h3>\n\n\n\n<p><strong>USF Carmen Nicolau<\/strong><br><strong>Endere\u00e7o:<\/strong> Rua Nestor Nascimento, s\/n \u2013 Lago Azul<br><strong>Hor\u00e1rio de atendimento<\/strong>: Segunda a sexta-feira de 9h \u00e0s 17h &#8211; S\u00e1bado e domingo 9h \u00e0s 15h<\/p>\n\n\n\n<p><strong>USF Professor Carlson Gracie<\/strong><br><strong>Endere\u00e7o:<\/strong> Av. Cura\u00e7ao, s\/n \u2013 Nova Cidade<br><strong>Hor\u00e1rio de atendimento:<\/strong> Segunda, quarta e sexta-feira de 14h \u00e0s 17h<\/p>\n\n\n\n<h3 class=\"wp-block-heading\">ZONA SUL<\/h3>\n\n\n\n<p><strong>USF L\u00facio Fl\u00e1vio<\/strong><br><strong>Endere\u00e7o:<\/strong>\u00a0Rua Comandante Ferraz, 15 &#8211; Bet\u00e2nia<br><strong>Hor\u00e1rio de atendimento<\/strong>: Quinta-feira de 8h \u00e0s 11h e 14h \u00e0s 16h30<\/p>\n\n\n\n<p><strong>Funda\u00e7\u00e3o Hospitalar Alfredo da Matta (\u00d3rg\u00e3o Estadual)<\/strong><br><strong>Endere\u00e7o:<\/strong>\u00a0Av. Codaj\u00e1s, 24 &#8211; Cachoeirinha<br><strong>Hor\u00e1rio de atendimento:<\/strong> Quarta-feira de 7h \u00e0s 10h<\/p>\n\n\n\n<h3 class=\"wp-block-heading\">ZONA LESTE<\/h3>\n\n\n\n<p><strong>USF Severiano Nunes<\/strong><br><strong>Endere\u00e7o<\/strong>: Rua das D\u00e1lias, s\/n \u2013 Jorge Teixeira<br><strong>Hor\u00e1rio de atendimento<\/strong>: Quarta a sexta-feira de 8h \u00e0s 11h &#8211; 14h \u00e0s 16h<\/p>\n\n\n\n<p><strong>USF Lago do Aleixo<\/strong><br><strong>Endere\u00e7o:<\/strong> Rua da Olaria, 198 \u2013 Col\u00f4nia Ant\u00f4nio Aleixo<br><strong>Hor\u00e1rio de atendimento:<\/strong> Ter\u00e7a-feira de 8h \u00e0s 11h &#8211; Quinta e sexta-feira 14h \u00e0s 16h<\/p>\n\n\n\n<h3 class=\"wp-block-heading\">ZONA OESTE<\/h3>\n\n\n\n<p><strong>Casa Militar<\/strong><br>End<strong>ere\u00e7o:<\/strong> Av. Compensa, 770 &#8211; Vila da Prata<br><strong>Hor\u00e1rio de atendimento:<\/strong> Segunda a sexta-feira de 13h \u00e0s 16h<\/p>\n\n\n\n<p><strong>USF Parque das Tribos<\/strong><br><strong>Endere\u00e7o:<\/strong> Rua Piratapuia, 19 \u2013 Tarum\u00e3 A\u00e7\u00fa<br><strong>Hor\u00e1rio de atendimento:<\/strong> Segunda a sexta-feira de 8h \u00e0s 16h<\/p>\n","protected":false},"excerpt":{"rendered":"","protected":false},"author":65,"featured_media":0,"parent":209328,"menu_order":0,"comment_status":"closed","ping_status":"closed","template":"templates\/turismo.php","meta":{"footnotes":""},"acf":[],"yoast_head":"<!-- This site is optimized with the Yoast SEO plugin v23.0 - https:\/\/yoast.com\/wordpress\/plugins\/seo\/ -->\n<title>Unidades que realizam o teste r\u00e1pido para detec\u00e7\u00e3o de anticorpos - SEMSA<\/title>\n<meta name=\"robots\" content=\"index, follow, max-snippet:-1, max-image-preview:large, max-video-preview:-1\" \/>\n<link rel=\"canonical\" href=\"https:\/\/www.manaus.am.gov.br\/semsa\/vigilancia\/vigilancia-epidemiologica\/controle-da-hanseniase\/unidades-que-realizam-o-teste-rapido-para-deteccao-de-anticorpos\/\" \/>\n<meta property=\"og:locale\" content=\"pt_BR\" \/>\n<meta property=\"og:type\" content=\"article\" \/>\n<meta property=\"og:title\" content=\"Unidades que realizam o teste r\u00e1pido para detec\u00e7\u00e3o de anticorpos - SEMSA\" \/>\n<meta property=\"og:url\" content=\"https:\/\/www.manaus.am.gov.br\/semsa\/vigilancia\/vigilancia-epidemiologica\/controle-da-hanseniase\/unidades-que-realizam-o-teste-rapido-para-deteccao-de-anticorpos\/\" \/>\n<meta property=\"og:site_name\" content=\"SEMSA\" \/>\n<meta property=\"article:modified_time\" content=\"2025-07-23T15:58:34+00:00\" \/>\n<meta property=\"og:image\" content=\"https:\/\/www.manaus.am.gov.br\/semsa\/wp-content\/uploads\/sites\/8\/2024\/07\/thumb-default-2.png\" \/>\n\t<meta property=\"og:image:width\" content=\"966\" \/>\n\t<meta property=\"og:image:height\" content=\"520\" \/>\n\t<meta property=\"og:image:type\" content=\"image\/png\" \/>\n<meta name=\"twitter:card\" content=\"summary_large_image\" \/>\n<meta name=\"twitter:label1\" content=\"Est. reading time\" \/>\n\t<meta name=\"twitter:data1\" content=\"2 minutos\" \/>\n<script type=\"application\/ld+json\" class=\"yoast-schema-graph\">{\"@context\":\"https:\/\/schema.org\",\"@graph\":[{\"@type\":\"WebPage\",\"@id\":\"https:\/\/www.manaus.am.gov.br\/semsa\/vigilancia\/vigilancia-epidemiologica\/controle-da-hanseniase\/unidades-que-realizam-o-teste-rapido-para-deteccao-de-anticorpos\/\",\"url\":\"https:\/\/www.manaus.am.gov.br\/semsa\/vigilancia\/vigilancia-epidemiologica\/controle-da-hanseniase\/unidades-que-realizam-o-teste-rapido-para-deteccao-de-anticorpos\/\",\"name\":\"Unidades que realizam o teste r\u00e1pido para detec\u00e7\u00e3o de anticorpos - SEMSA\",\"isPartOf\":{\"@id\":\"https:\/\/www.manaus.am.gov.br\/semsa\/#website\"},\"datePublished\":\"2024-12-23T14:36:22+00:00\",\"dateModified\":\"2025-07-23T15:58:34+00:00\",\"breadcrumb\":{\"@id\":\"https:\/\/www.manaus.am.gov.br\/semsa\/vigilancia\/vigilancia-epidemiologica\/controle-da-hanseniase\/unidades-que-realizam-o-teste-rapido-para-deteccao-de-anticorpos\/#breadcrumb\"},\"inLanguage\":\"pt-BR\",\"potentialAction\":[{\"@type\":\"ReadAction\",\"target\":[\"https:\/\/www.manaus.am.gov.br\/semsa\/vigilancia\/vigilancia-epidemiologica\/controle-da-hanseniase\/unidades-que-realizam-o-teste-rapido-para-deteccao-de-anticorpos\/\"]}]},{\"@type\":\"BreadcrumbList\",\"@id\":\"https:\/\/www.manaus.am.gov.br\/semsa\/vigilancia\/vigilancia-epidemiologica\/controle-da-hanseniase\/unidades-que-realizam-o-teste-rapido-para-deteccao-de-anticorpos\/#breadcrumb\",\"itemListElement\":[{\"@type\":\"ListItem\",\"position\":1,\"name\":\"Vigil\u00e2ncia\",\"item\":\"https:\/\/www.manaus.am.gov.br\/semsa\/vigilancia\/\"},{\"@type\":\"ListItem\",\"position\":2,\"name\":\"Epidemiol\u00f3gica\",\"item\":\"https:\/\/www.manaus.am.gov.br\/semsa\/vigilancia\/vigilancia-epidemiologica\/\"},{\"@type\":\"ListItem\",\"position\":3,\"name\":\"Controle da Hansen\u00edase\",\"item\":\"https:\/\/www.manaus.am.gov.br\/semsa\/vigilancia\/vigilancia-epidemiologica\/controle-da-hanseniase\/\"},{\"@type\":\"ListItem\",\"position\":4,\"name\":\"Unidades que realizam o teste r\u00e1pido para detec\u00e7\u00e3o de anticorpos\"}]},{\"@type\":\"WebSite\",\"@id\":\"https:\/\/www.manaus.am.gov.br\/semsa\/#website\",\"url\":\"https:\/\/www.manaus.am.gov.br\/semsa\/\",\"name\":\"SEMSA\",\"description\":\"Secretaria Municipal de Sa\u00fade\",\"alternateName\":\"Secretaria Municipal de Sa\u00fade\",\"potentialAction\":[{\"@type\":\"SearchAction\",\"target\":{\"@type\":\"EntryPoint\",\"urlTemplate\":\"https:\/\/www.manaus.am.gov.br\/semsa\/?s={search_term_string}\"},\"query-input\":\"required name=search_term_string\"}],\"inLanguage\":\"pt-BR\"}]}<\/script>\n<!-- \/ Yoast SEO plugin. -->","yoast_head_json":{"title":"Unidades que realizam o teste r\u00e1pido para detec\u00e7\u00e3o de anticorpos - SEMSA","robots":{"index":"index","follow":"follow","max-snippet":"max-snippet:-1","max-image-preview":"max-image-preview:large","max-video-preview":"max-video-preview:-1"},"canonical":"https:\/\/www.manaus.am.gov.br\/semsa\/vigilancia\/vigilancia-epidemiologica\/controle-da-hanseniase\/unidades-que-realizam-o-teste-rapido-para-deteccao-de-anticorpos\/","og_locale":"pt_BR","og_type":"article","og_title":"Unidades que realizam o teste r\u00e1pido para detec\u00e7\u00e3o de anticorpos - SEMSA","og_url":"https:\/\/www.manaus.am.gov.br\/semsa\/vigilancia\/vigilancia-epidemiologica\/controle-da-hanseniase\/unidades-que-realizam-o-teste-rapido-para-deteccao-de-anticorpos\/","og_site_name":"SEMSA","article_modified_time":"2025-07-23T15:58:34+00:00","og_image":[{"width":966,"height":520,"url":"https:\/\/www.manaus.am.gov.br\/semsa\/wp-content\/uploads\/sites\/8\/2024\/07\/thumb-default-2.png","type":"image\/png"}],"twitter_card":"summary_large_image","twitter_misc":{"Est. reading time":"2 minutos"},"schema":{"@context":"https:\/\/schema.org","@graph":[{"@type":"WebPage","@id":"https:\/\/www.manaus.am.gov.br\/semsa\/vigilancia\/vigilancia-epidemiologica\/controle-da-hanseniase\/unidades-que-realizam-o-teste-rapido-para-deteccao-de-anticorpos\/","url":"https:\/\/www.manaus.am.gov.br\/semsa\/vigilancia\/vigilancia-epidemiologica\/controle-da-hanseniase\/unidades-que-realizam-o-teste-rapido-para-deteccao-de-anticorpos\/","name":"Unidades que realizam o teste r\u00e1pido para detec\u00e7\u00e3o de anticorpos - SEMSA","isPartOf":{"@id":"https:\/\/www.manaus.am.gov.br\/semsa\/#website"},"datePublished":"2024-12-23T14:36:22+00:00","dateModified":"2025-07-23T15:58:34+00:00","breadcrumb":{"@id":"https:\/\/www.manaus.am.gov.br\/semsa\/vigilancia\/vigilancia-epidemiologica\/controle-da-hanseniase\/unidades-que-realizam-o-teste-rapido-para-deteccao-de-anticorpos\/#breadcrumb"},"inLanguage":"pt-BR","potentialAction":[{"@type":"ReadAction","target":["https:\/\/www.manaus.am.gov.br\/semsa\/vigilancia\/vigilancia-epidemiologica\/controle-da-hanseniase\/unidades-que-realizam-o-teste-rapido-para-deteccao-de-anticorpos\/"]}]},{"@type":"BreadcrumbList","@id":"https:\/\/www.manaus.am.gov.br\/semsa\/vigilancia\/vigilancia-epidemiologica\/controle-da-hanseniase\/unidades-que-realizam-o-teste-rapido-para-deteccao-de-anticorpos\/#breadcrumb","itemListElement":[{"@type":"ListItem","position":1,"name":"Vigil\u00e2ncia","item":"https:\/\/www.manaus.am.gov.br\/semsa\/vigilancia\/"},{"@type":"ListItem","position":2,"name":"Epidemiol\u00f3gica","item":"https:\/\/www.manaus.am.gov.br\/semsa\/vigilancia\/vigilancia-epidemiologica\/"},{"@type":"ListItem","position":3,"name":"Controle da Hansen\u00edase","item":"https:\/\/www.manaus.am.gov.br\/semsa\/vigilancia\/vigilancia-epidemiologica\/controle-da-hanseniase\/"},{"@type":"ListItem","position":4,"name":"Unidades que realizam o teste r\u00e1pido para detec\u00e7\u00e3o de anticorpos"}]},{"@type":"WebSite","@id":"https:\/\/www.manaus.am.gov.br\/semsa\/#website","url":"https:\/\/www.manaus.am.gov.br\/semsa\/","name":"SEMSA","description":"Secretaria Municipal de Sa\u00fade","alternateName":"Secretaria Municipal de Sa\u00fade","potentialAction":[{"@type":"SearchAction","target":{"@type":"EntryPoint","urlTemplate":"https:\/\/www.manaus.am.gov.br\/semsa\/?s={search_term_string}"},"query-input":"required name=search_term_string"}],"inLanguage":"pt-BR"}]}},"_links":{"self":[{"href":"https:\/\/www.manaus.am.gov.br\/semsa\/wp-json\/wp\/v2\/pages\/219216"}],"collection":[{"href":"https:\/\/www.manaus.am.gov.br\/semsa\/wp-json\/wp\/v2\/pages"}],"about":[{"href":"https:\/\/www.manaus.am.gov.br\/semsa\/wp-json\/wp\/v2\/types\/page"}],"author":[{"embeddable":true,"href":"https:\/\/www.manaus.am.gov.br\/semsa\/wp-json\/wp\/v2\/users\/65"}],"replies":[{"embeddable":true,"href":"https:\/\/www.manaus.am.gov.br\/semsa\/wp-json\/wp\/v2\/comments?post=219216"}],"version-history":[{"count":4,"href":"https:\/\/www.manaus.am.gov.br\/semsa\/wp-json\/wp\/v2\/pages\/219216\/revisions"}],"predecessor-version":[{"id":224438,"href":"https:\/\/www.manaus.am.gov.br\/semsa\/wp-json\/wp\/v2\/pages\/219216\/revisions\/224438"}],"up":[{"embeddable":true,"href":"https:\/\/www.manaus.am.gov.br\/semsa\/wp-json\/wp\/v2\/pages\/209328"}],"wp:attachment":[{"href":"https:\/\/www.manaus.am.gov.br\/semsa\/wp-json\/wp\/v2\/media?parent=219216"}],"curies":[{"name":"wp","href":"https:\/\/api.w.org\/{rel}","templated":true}]}}