{"id":218967,"date":"2024-12-09T16:17:32","date_gmt":"2024-12-09T20:17:32","guid":{"rendered":"https:\/\/www.manaus.am.gov.br\/semsa\/?page_id=218967"},"modified":"2024-12-09T16:24:00","modified_gmt":"2024-12-09T20:24:00","slug":"controle-da-esporotricose-animal","status":"publish","type":"page","link":"https:\/\/www.manaus.am.gov.br\/semsa\/vigilancia\/vigilancia-epidemiologica\/controle-da-esporotricose\/controle-da-esporotricose-animal\/","title":{"rendered":"Controle da Esporotricose Animal"},"content":{"rendered":"\n<p><strong>O que \u00e9 esporotricose ?<\/strong><\/p>\n\n\n\n<p>A esporotricose tamb\u00e9m conhecida como a \u2018doen\u00e7a dos jardineiros, &nbsp;\u00e9 uma infec\u00e7\u00e3o causada pelo fungo&nbsp;<em>Sporothrix,&nbsp;<\/em>acomete o homem e diversas esp\u00e9cies de animais, como c\u00e3es, gatos, tatus, entre outros, cuja manifesta\u00e7\u00e3o caracter\u00edstica \u00e9 o aparecimento de ferimentos e \u00falceras na pele e nas mucosas.<\/p>\n\n\n\n<p><strong>Quais s\u00e3o os sintomas da&nbsp;esporotricose?<\/strong><\/p>\n\n\n\n<p>O sinal mais comum \u00e9 o aparecimento de feridas na pele e nas mucosas dos olhos, nariz e boca, com ou sem pus. Existem relatos de casos de esporotricose acompanhados de sintomas como anorexia, desidrata\u00e7\u00e3o, febre, perda de peso e v\u00f4mito, mas, muitas vezes, pode apresentar sintomas espec\u00edficos quando relacionados ao comprometimento de \u00f3rg\u00e3os na forma disseminada.<\/p>\n\n\n\n<p><strong>Como a&nbsp;esporotricose&nbsp;\u00e9 transmitida ao Humano?<\/strong><\/p>\n\n\n\n<p>A transmiss\u00e3o do fungo ocorre pela contamina\u00e7\u00e3o da pele lesionada ou a partir de um trauma na pele, que pode ocorrer tanto por meio de espinhos e farpas de madeira, como por arranhadura e mordedura de animais como c\u00e3es e gatos infectados. O fungo est\u00e1 no solo, madeira em decomposi\u00e7\u00e3o, espinhos e casca de \u00e1rvores, evitar o contato com esse tipo de material \u00e9 primordial.<\/p>\n\n\n\n<p><strong>O que devo fazer se for arranhado, mordido ou entrar em contato com saliva de um animal com ferimentos pelo corpo suspeito de esporotricose?<\/strong><strong><\/strong><\/p>\n\n\n\n<p>Nos casos de arranhadura ou mordida, a primeira coisa a fazer \u00e9 lavar exaustivamente o local do ferimento com \u00e1gua e sab\u00e3o. Caso tenha sido respingado pela saliva do animal na face ou nas mucosas, est\u00e1 recomendada a lavagem exaustiva do local com \u00e1gua ou solu\u00e7\u00e3o fisiol\u00f3gica. Logo em seguida, procurar atendimento m\u00e9dico especializado na UBS mais pr\u00f3xima.<\/p>\n\n\n\n<p><strong>Como tratar a esporotricose?<\/strong><strong><\/strong><\/p>\n\n\n\n<p>A escolha do tratamento para a esporotricose depende essencialmente da forma cl\u00ednica da doen\u00e7a e do estado imunol\u00f3gico do paciente. O tratamento pode levar de 3 a 6 meses e para isso o animal deve ser isolado, n\u00e3o ter contato com outros animais.<br>Nunca&nbsp; automedique o seu animal ou interrompa o uso de um medicamento sem antes consultar um m\u00e9dico veterin\u00e1rio.<\/p>\n\n\n\n<p><strong>O que fazer se meu animal aparecer com feridas pelo corpo?<\/strong><\/p>\n\n\n\n<p>A primeira coisa a fazer \u00e9 isolar o animal em um local seguro. Toda manipula\u00e7\u00e3o do animal dever\u00e1 ser feita, obrigatoriamente, utilizando uma luva de l\u00e1tex.<br>O animal dever\u00e1 ser levado a um m\u00e9dico veterin\u00e1rio. Se confirmado o diagn\u00f3stico, o animal dever\u00e1 ser tratado e n\u00e3o pode ser abandonado. Se for abandonado, seu dono estar\u00e1 contribuindo para a dissemina\u00e7\u00e3o da enfermidade.<br>Em caso de morte do animal, a remo\u00e7\u00e3o do animal para o descarte correto do corpo deve ser solicitada \u00e1 Semulsp nos contatos 92 98842 1203 ou 99164 3555.<br>No CCZ recebemos o cad\u00e1ver todos os dias de 8h as 18h .<\/p>\n\n\n\n<p><strong>Como dever\u00e1 ser o local de isolamento do animal durante o tratamento ?<\/strong><strong><\/strong><\/p>\n\n\n\n<p>O animal dever\u00e1 ser recolhido em um lugar seguro, para ficar separado do conv\u00edvio das pessoas, principalmente das crian\u00e7as ou pessoas com comorbidades como diabetes ou gravidez. Al\u00e9m da \u00e1rea que ocupa, todos os seus objetos, incluindo brinquedos, precisam ser lavados com \u00e1gua e sab\u00e3o e desinfetados diariamente, \u00e1gua sanit\u00e1ria tamb\u00e9m \u00e9 recomendado nessa limpeza.<strong><\/strong><\/p>\n\n\n\n<p><strong>O que devo fazer caso meu c\u00e3o ou gato apresente sintomas de esporotricose?<\/strong><strong><\/strong><\/p>\n\n\n\n<p>O Centro de Controle de Zoonoses possui atendimento veterin\u00e1rio, exame e o medicamento mais importante para o tratamento da esporotricose. O atendimento \u00e9 realizado por agendamento no whatsapp 98842 8484. Todos os servi\u00e7os do CCZ s\u00e3o gratuitos.<br>Em casos muito graves e sem chance de tratamento a eutan\u00e1sia \u00e9 realizada, para esse servi\u00e7o n\u00e3o \u00e9 necess\u00e1rio agendamento.<\/p>\n\n\n\n<p><strong>Como prevenir que meu animal se contamine com a esporotricose?<\/strong><strong><\/strong><\/p>\n\n\n\n<ul>\n<li>A castra\u00e7\u00e3o \u00e9 uma forma de diminuir as fugas para o ambiente externo, onde o animal pode se contaminar atrav\u00e9s do contato com o solo, madeiras e outros animais contaminados, acredita-se que tamb\u00e9m reduz as brigas por territ\u00f3rio.<\/li>\n\n\n\n<li>Limpar regularmente o ambiente onde o animal vive com produtos adequados.<\/li>\n\n\n\n<li>O animal deve ser mantido restrito em casa para evitar contato com o solo e animais infectados.<\/li>\n\n\n\n<li>Leve seu animal regularmente ao Veterin\u00e1rio.<\/li>\n\n\n\n<li>Caso possua vasos com plantas em casa, evite que o animal tenha contato com espinhos ou&nbsp; solo\/terra adubada.<\/li>\n<\/ul>\n","protected":false},"excerpt":{"rendered":"","protected":false},"author":65,"featured_media":0,"parent":218924,"menu_order":0,"comment_status":"closed","ping_status":"closed","template":"templates\/turismo.php","meta":{"footnotes":""},"acf":[],"yoast_head":"<!-- This site is optimized with the Yoast SEO plugin v23.0 - https:\/\/yoast.com\/wordpress\/plugins\/seo\/ -->\n<title>Controle da Esporotricose Animal - SEMSA<\/title>\n<meta name=\"robots\" content=\"index, follow, max-snippet:-1, max-image-preview:large, max-video-preview:-1\" \/>\n<link rel=\"canonical\" href=\"https:\/\/www.manaus.am.gov.br\/semsa\/vigilancia\/vigilancia-epidemiologica\/controle-da-esporotricose\/controle-da-esporotricose-animal\/\" \/>\n<meta property=\"og:locale\" content=\"pt_BR\" \/>\n<meta property=\"og:type\" content=\"article\" \/>\n<meta property=\"og:title\" content=\"Controle da Esporotricose Animal - SEMSA\" \/>\n<meta property=\"og:url\" content=\"https:\/\/www.manaus.am.gov.br\/semsa\/vigilancia\/vigilancia-epidemiologica\/controle-da-esporotricose\/controle-da-esporotricose-animal\/\" \/>\n<meta property=\"og:site_name\" content=\"SEMSA\" \/>\n<meta property=\"article:modified_time\" content=\"2024-12-09T20:24:00+00:00\" \/>\n<meta property=\"og:image\" content=\"https:\/\/www.manaus.am.gov.br\/semsa\/wp-content\/uploads\/sites\/8\/2024\/07\/thumb-default-2.png\" \/>\n\t<meta property=\"og:image:width\" content=\"966\" \/>\n\t<meta property=\"og:image:height\" content=\"520\" \/>\n\t<meta property=\"og:image:type\" content=\"image\/png\" \/>\n<meta name=\"twitter:card\" content=\"summary_large_image\" \/>\n<meta name=\"twitter:label1\" content=\"Est. reading time\" \/>\n\t<meta name=\"twitter:data1\" content=\"4 minutos\" \/>\n<script type=\"application\/ld+json\" class=\"yoast-schema-graph\">{\"@context\":\"https:\/\/schema.org\",\"@graph\":[{\"@type\":\"WebPage\",\"@id\":\"https:\/\/www.manaus.am.gov.br\/semsa\/vigilancia\/vigilancia-epidemiologica\/controle-da-esporotricose\/controle-da-esporotricose-animal\/\",\"url\":\"https:\/\/www.manaus.am.gov.br\/semsa\/vigilancia\/vigilancia-epidemiologica\/controle-da-esporotricose\/controle-da-esporotricose-animal\/\",\"name\":\"Controle da Esporotricose Animal - SEMSA\",\"isPartOf\":{\"@id\":\"https:\/\/www.manaus.am.gov.br\/semsa\/#website\"},\"datePublished\":\"2024-12-09T20:17:32+00:00\",\"dateModified\":\"2024-12-09T20:24:00+00:00\",\"breadcrumb\":{\"@id\":\"https:\/\/www.manaus.am.gov.br\/semsa\/vigilancia\/vigilancia-epidemiologica\/controle-da-esporotricose\/controle-da-esporotricose-animal\/#breadcrumb\"},\"inLanguage\":\"pt-BR\",\"potentialAction\":[{\"@type\":\"ReadAction\",\"target\":[\"https:\/\/www.manaus.am.gov.br\/semsa\/vigilancia\/vigilancia-epidemiologica\/controle-da-esporotricose\/controle-da-esporotricose-animal\/\"]}]},{\"@type\":\"BreadcrumbList\",\"@id\":\"https:\/\/www.manaus.am.gov.br\/semsa\/vigilancia\/vigilancia-epidemiologica\/controle-da-esporotricose\/controle-da-esporotricose-animal\/#breadcrumb\",\"itemListElement\":[{\"@type\":\"ListItem\",\"position\":1,\"name\":\"Vigil\u00e2ncia\",\"item\":\"https:\/\/www.manaus.am.gov.br\/semsa\/vigilancia\/\"},{\"@type\":\"ListItem\",\"position\":2,\"name\":\"Epidemiol\u00f3gica\",\"item\":\"https:\/\/www.manaus.am.gov.br\/semsa\/vigilancia\/vigilancia-epidemiologica\/\"},{\"@type\":\"ListItem\",\"position\":3,\"name\":\"Controle da Esporotricose\",\"item\":\"https:\/\/www.manaus.am.gov.br\/semsa\/vigilancia\/vigilancia-epidemiologica\/controle-da-esporotricose\/\"},{\"@type\":\"ListItem\",\"position\":4,\"name\":\"Controle da Esporotricose Animal\"}]},{\"@type\":\"WebSite\",\"@id\":\"https:\/\/www.manaus.am.gov.br\/semsa\/#website\",\"url\":\"https:\/\/www.manaus.am.gov.br\/semsa\/\",\"name\":\"SEMSA\",\"description\":\"Secretaria Municipal de Sa\u00fade\",\"alternateName\":\"Secretaria Municipal de Sa\u00fade\",\"potentialAction\":[{\"@type\":\"SearchAction\",\"target\":{\"@type\":\"EntryPoint\",\"urlTemplate\":\"https:\/\/www.manaus.am.gov.br\/semsa\/?s={search_term_string}\"},\"query-input\":\"required name=search_term_string\"}],\"inLanguage\":\"pt-BR\"}]}<\/script>\n<!-- \/ Yoast SEO plugin. -->","yoast_head_json":{"title":"Controle da Esporotricose Animal - SEMSA","robots":{"index":"index","follow":"follow","max-snippet":"max-snippet:-1","max-image-preview":"max-image-preview:large","max-video-preview":"max-video-preview:-1"},"canonical":"https:\/\/www.manaus.am.gov.br\/semsa\/vigilancia\/vigilancia-epidemiologica\/controle-da-esporotricose\/controle-da-esporotricose-animal\/","og_locale":"pt_BR","og_type":"article","og_title":"Controle da Esporotricose Animal - SEMSA","og_url":"https:\/\/www.manaus.am.gov.br\/semsa\/vigilancia\/vigilancia-epidemiologica\/controle-da-esporotricose\/controle-da-esporotricose-animal\/","og_site_name":"SEMSA","article_modified_time":"2024-12-09T20:24:00+00:00","og_image":[{"width":966,"height":520,"url":"https:\/\/www.manaus.am.gov.br\/semsa\/wp-content\/uploads\/sites\/8\/2024\/07\/thumb-default-2.png","type":"image\/png"}],"twitter_card":"summary_large_image","twitter_misc":{"Est. reading time":"4 minutos"},"schema":{"@context":"https:\/\/schema.org","@graph":[{"@type":"WebPage","@id":"https:\/\/www.manaus.am.gov.br\/semsa\/vigilancia\/vigilancia-epidemiologica\/controle-da-esporotricose\/controle-da-esporotricose-animal\/","url":"https:\/\/www.manaus.am.gov.br\/semsa\/vigilancia\/vigilancia-epidemiologica\/controle-da-esporotricose\/controle-da-esporotricose-animal\/","name":"Controle da Esporotricose Animal - SEMSA","isPartOf":{"@id":"https:\/\/www.manaus.am.gov.br\/semsa\/#website"},"datePublished":"2024-12-09T20:17:32+00:00","dateModified":"2024-12-09T20:24:00+00:00","breadcrumb":{"@id":"https:\/\/www.manaus.am.gov.br\/semsa\/vigilancia\/vigilancia-epidemiologica\/controle-da-esporotricose\/controle-da-esporotricose-animal\/#breadcrumb"},"inLanguage":"pt-BR","potentialAction":[{"@type":"ReadAction","target":["https:\/\/www.manaus.am.gov.br\/semsa\/vigilancia\/vigilancia-epidemiologica\/controle-da-esporotricose\/controle-da-esporotricose-animal\/"]}]},{"@type":"BreadcrumbList","@id":"https:\/\/www.manaus.am.gov.br\/semsa\/vigilancia\/vigilancia-epidemiologica\/controle-da-esporotricose\/controle-da-esporotricose-animal\/#breadcrumb","itemListElement":[{"@type":"ListItem","position":1,"name":"Vigil\u00e2ncia","item":"https:\/\/www.manaus.am.gov.br\/semsa\/vigilancia\/"},{"@type":"ListItem","position":2,"name":"Epidemiol\u00f3gica","item":"https:\/\/www.manaus.am.gov.br\/semsa\/vigilancia\/vigilancia-epidemiologica\/"},{"@type":"ListItem","position":3,"name":"Controle da Esporotricose","item":"https:\/\/www.manaus.am.gov.br\/semsa\/vigilancia\/vigilancia-epidemiologica\/controle-da-esporotricose\/"},{"@type":"ListItem","position":4,"name":"Controle da Esporotricose Animal"}]},{"@type":"WebSite","@id":"https:\/\/www.manaus.am.gov.br\/semsa\/#website","url":"https:\/\/www.manaus.am.gov.br\/semsa\/","name":"SEMSA","description":"Secretaria Municipal de Sa\u00fade","alternateName":"Secretaria Municipal de Sa\u00fade","potentialAction":[{"@type":"SearchAction","target":{"@type":"EntryPoint","urlTemplate":"https:\/\/www.manaus.am.gov.br\/semsa\/?s={search_term_string}"},"query-input":"required name=search_term_string"}],"inLanguage":"pt-BR"}]}},"_links":{"self":[{"href":"https:\/\/www.manaus.am.gov.br\/semsa\/wp-json\/wp\/v2\/pages\/218967"}],"collection":[{"href":"https:\/\/www.manaus.am.gov.br\/semsa\/wp-json\/wp\/v2\/pages"}],"about":[{"href":"https:\/\/www.manaus.am.gov.br\/semsa\/wp-json\/wp\/v2\/types\/page"}],"author":[{"embeddable":true,"href":"https:\/\/www.manaus.am.gov.br\/semsa\/wp-json\/wp\/v2\/users\/65"}],"replies":[{"embeddable":true,"href":"https:\/\/www.manaus.am.gov.br\/semsa\/wp-json\/wp\/v2\/comments?post=218967"}],"version-history":[{"count":6,"href":"https:\/\/www.manaus.am.gov.br\/semsa\/wp-json\/wp\/v2\/pages\/218967\/revisions"}],"predecessor-version":[{"id":218977,"href":"https:\/\/www.manaus.am.gov.br\/semsa\/wp-json\/wp\/v2\/pages\/218967\/revisions\/218977"}],"up":[{"embeddable":true,"href":"https:\/\/www.manaus.am.gov.br\/semsa\/wp-json\/wp\/v2\/pages\/218924"}],"wp:attachment":[{"href":"https:\/\/www.manaus.am.gov.br\/semsa\/wp-json\/wp\/v2\/media?parent=218967"}],"curies":[{"name":"wp","href":"https:\/\/api.w.org\/{rel}","templated":true}]}}