{"id":218187,"date":"2024-10-30T12:02:30","date_gmt":"2024-10-30T16:02:30","guid":{"rendered":"https:\/\/www.manaus.am.gov.br\/semsa\/?page_id=218187"},"modified":"2026-03-16T16:48:05","modified_gmt":"2026-03-16T20:48:05","slug":"unidades-que-ofertam-o-servico-de-insercao-do-dispositivo-intrauterino-diu","status":"publish","type":"page","link":"https:\/\/www.manaus.am.gov.br\/semsa\/programas-e-servicos\/saude-da-mulher\/unidades-que-ofertam-o-servico-de-insercao-do-dispositivo-intrauterino-diu\/","title":{"rendered":"Unidades que ofertam o servi\u00e7o de inser\u00e7\u00e3o do Dispositivo Intrauterino &#8211; DIU"},"content":{"rendered":"\n<h3 class=\"wp-block-heading\">ZONA NORTE<\/h3>\n\n\n\n<p><strong>USF Frei Val\u00e9rio<\/strong><br><strong>Endere\u00e7o:<\/strong> Rua Rufino Elizaldo, s\/n \u2013 Novo Israel<\/p>\n\n\n\n<p><strong>USF Armando Mendes<\/strong><br><strong>Endere\u00e7o:<\/strong> Rua das Aragar\u00e7as, Conj. Manoa &#8211; Cidade Nova<\/p>\n\n\n\n<p><strong>USF Carmen Nicolau<\/strong><br><strong>Endere\u00e7o:<\/strong> Rua Santa Tereza D\u2019\u00c1vila, , s\/n &#8211; Lago Azul<\/p>\n\n\n\n<p><strong>USF Arthur Virg\u00edlio<\/strong><br><strong>Endere\u00e7o:<\/strong> Tv. 10, 3015 \u2013 Amazonino Mendes<\/p>\n\n\n\n<p><strong>USF N 51<\/strong><br><strong>Endere\u00e7o<\/strong>: Rua Tucano Street, QD 11, Lote 07 \u2013 Comunidade Parque das Gar\u00e7as, Novo Aleixo<\/p>\n\n\n\n<p><strong>USF F\u00e1tima Andrade<\/strong><br><strong>Endere\u00e7o:<\/strong> Rua 52, Conj. Amazonino Mendes &#8211; Mutir\u00e3o<\/p>\n\n\n\n<p><strong>USF MJ PM S\u00e1lvio Belot<\/strong>a<br><strong>Endere\u00e7o:<\/strong> Rua Samambaia, 786 \u2013 Santa Etelvina<\/p>\n\n\n\n<p><strong>USF Professor Carlson Gracie<\/strong><br><strong>Endere\u00e7o:<\/strong> Av. Cura\u00e7ao, s\/n \u2013 Nova Cidade<br><\/p>\n\n\n\n<h3 class=\"wp-block-heading\">ZONA LESTE<\/h3>\n\n\n\n<p><strong>USF Jos\u00e9 Avelino Pereira<\/strong><br><strong>Endere\u00e7o:<\/strong> Rua Cravinho, s\/n &#8211; Jorge Teixeira<\/p>\n\n\n\n<p><strong>USF Dr. Jos\u00e9 Amazonas Palhano<\/strong><br><strong>Endere\u00e7o:<\/strong> Rua Ant\u00f4nio Matias, s\/n &#8211; S\u00e3o Jos\u00e9 I<\/p>\n\n\n\n<p><strong>USF Dr. Waldir Bugalho de Medeiros<\/strong><br><strong>Endere\u00e7o<\/strong>: Rua 7 de Setembro, 871 &#8211; Jorge Teixeira<\/p>\n\n\n\n<p><strong>USF Desembargador F\u00e1bio do Couto Valle<\/strong><br><strong>Endere\u00e7o:<\/strong> Av. Brigadeiro Hil\u00e1rio Gurj\u00e3o, s\/n &#8211; Jorge Teixeira<\/p>\n\n\n\n<p><strong>USF Enf. Ivone Lima dos Santos<\/strong><br><strong>Endere\u00e7o:<\/strong> Rua Luiz Contente, s\/n &#8211; Coroado<\/p>\n\n\n\n<p><strong>USF Lago do Aleixo<\/strong><br><strong>Endere\u00e7o:<\/strong> Rua da Olaria, 198 \u2013 Col\u00f4nia Ant\u00f4nio Aleixo<\/p>\n\n\n\n<h3 class=\"wp-block-heading\">ZONA SUL<\/h3>\n\n\n\n<p><strong>USF S\u00e3o Francisco<\/strong><br><strong>Endere\u00e7o<\/strong>:&nbsp;Rua Jonas da Silva (esquina com Rua Rodolfo Vale) \u2013 S\u00e3o Francisco<\/p>\n\n\n\n<p><strong>USF Megumo Kado<\/strong><br><strong>Endere\u00e7o:<\/strong>&nbsp;Rua Am\u00e2ncio de Miranda, s\/n &#8211; Educandos<\/p>\n\n\n\n<p><strong>USF Jos\u00e9 Rayol dos Santos<\/strong><br><strong>Endere\u00e7o:<\/strong>&nbsp;Av. Constantino Nery, s\/n \u2013 Flores<\/p>\n\n\n\n<p><strong>USF Benedito Batista de Almeida<br>Endere\u00e7o:<\/strong> Rua Girassol &#8211; S\u00e3o Francisco<\/p>\n\n\n\n<p><strong>USF Japiim<\/strong><br><strong>Endere\u00e7o:<\/strong>&nbsp;Rua 31, s\/n \u2013 Japiim<\/p>\n\n\n\n<p><strong>USF Almir Pedreira<\/strong><br><strong>Endere\u00e7o:<\/strong>&nbsp;Rua Lagoa Verde, 01 \u2013 Crespo<\/p>\n\n\n\n<p><strong>USF Theomario Pinto da Costa<\/strong><br><strong>Endere\u00e7o:<\/strong>&nbsp;Rua Pedro Dias Leme, s\/n \u2013 Parque Dez de Novembro<\/p>\n\n\n\n<h3 class=\"wp-block-heading\">ZONA OESTE<\/h3>\n\n\n\n<p><strong>USF Ajuricaba<\/strong><br><strong>Endere\u00e7o:<\/strong> Av. Leste, s\/n \u2013 Alvorada<\/p>\n\n\n\n<p><strong>USF Bairro da Paz<\/strong><br><strong>Endere\u00e7o:<\/strong> Av. Esperan\u00e7a, 51 \u2013 Bairro da Paz<\/p>\n\n\n\n<p><strong>Ambulat\u00f3rio da Maternidade Moura Tapaj\u00f3z<\/strong><br><strong>Endere\u00e7o:<\/strong> Av. Brasil, 1.335 &#8211; Compensa<\/p>\n\n\n\n<p><strong>USF Silvio Santos<\/strong><br><strong>Endere\u00e7o:<\/strong> Rua Teot\u00f4nio Vilela, s\/n, Compensa<\/p>\n\n\n\n<p><strong>USF Santo Ant\u00f4nio<\/strong><br><strong>Endere\u00e7o:<\/strong> Rua Lauro Bitencourt, s\/n \u2013 Santo Ant\u00f4nio<\/p>\n\n\n\n<h3 class=\"wp-block-heading\">ZONA RURAL<\/h3>\n\n\n\n<p><strong>UBSR <\/strong>Pau Rosa<br>Ramal do Pau Rosa, s\/n, entrada do KM 21, Assentamento Tarum\u00e3 &#8211; Mirim<\/p>\n\n\n\n<p><strong>UBSR S\u00e3o Pedro<\/strong><br>Endere\u00e7o: Estrada AM 010 km 35<\/p>\n\n\n\n<p><strong>UBSR Nossa Senhora de F\u00e1tima<\/strong><br>Endere\u00e7o: Margem Esquerda Rio Negro, Comunidade N. Sra. de F\u00e1tima<\/p>\n\n\n\n<p><strong>UBSR Ada Rodrigues Viana<\/strong><br>Endere\u00e7o: Rua Nova Cana\u00e3, BR 174 &#8211; R-10<\/p>\n","protected":false},"excerpt":{"rendered":"","protected":false},"author":65,"featured_media":0,"parent":208466,"menu_order":0,"comment_status":"closed","ping_status":"closed","template":"templates\/turismo.php","meta":{"footnotes":""},"acf":[],"yoast_head":"<!-- This site is optimized with the Yoast SEO plugin v23.0 - https:\/\/yoast.com\/wordpress\/plugins\/seo\/ -->\n<title>Unidades que ofertam o servi\u00e7o de inser\u00e7\u00e3o do Dispositivo Intrauterino - DIU - SEMSA<\/title>\n<meta name=\"robots\" content=\"index, follow, max-snippet:-1, max-image-preview:large, max-video-preview:-1\" \/>\n<link rel=\"canonical\" href=\"https:\/\/www.manaus.am.gov.br\/semsa\/programas-e-servicos\/saude-da-mulher\/unidades-que-ofertam-o-servico-de-insercao-do-dispositivo-intrauterino-diu\/\" \/>\n<meta property=\"og:locale\" content=\"pt_BR\" \/>\n<meta property=\"og:type\" content=\"article\" \/>\n<meta property=\"og:title\" content=\"Unidades que ofertam o servi\u00e7o de inser\u00e7\u00e3o do Dispositivo Intrauterino - DIU - SEMSA\" \/>\n<meta property=\"og:url\" content=\"https:\/\/www.manaus.am.gov.br\/semsa\/programas-e-servicos\/saude-da-mulher\/unidades-que-ofertam-o-servico-de-insercao-do-dispositivo-intrauterino-diu\/\" \/>\n<meta property=\"og:site_name\" content=\"SEMSA\" \/>\n<meta property=\"article:modified_time\" content=\"2026-03-16T20:48:05+00:00\" \/>\n<meta property=\"og:image\" content=\"https:\/\/www.manaus.am.gov.br\/semsa\/wp-content\/uploads\/sites\/8\/2024\/07\/thumb-default-2.png\" \/>\n\t<meta property=\"og:image:width\" content=\"966\" \/>\n\t<meta property=\"og:image:height\" content=\"520\" \/>\n\t<meta property=\"og:image:type\" content=\"image\/png\" \/>\n<meta name=\"twitter:card\" content=\"summary_large_image\" \/>\n<meta name=\"twitter:label1\" content=\"Est. reading time\" \/>\n\t<meta name=\"twitter:data1\" content=\"2 minutos\" \/>\n<script type=\"application\/ld+json\" class=\"yoast-schema-graph\">{\"@context\":\"https:\/\/schema.org\",\"@graph\":[{\"@type\":\"WebPage\",\"@id\":\"https:\/\/www.manaus.am.gov.br\/semsa\/programas-e-servicos\/saude-da-mulher\/unidades-que-ofertam-o-servico-de-insercao-do-dispositivo-intrauterino-diu\/\",\"url\":\"https:\/\/www.manaus.am.gov.br\/semsa\/programas-e-servicos\/saude-da-mulher\/unidades-que-ofertam-o-servico-de-insercao-do-dispositivo-intrauterino-diu\/\",\"name\":\"Unidades que ofertam o servi\u00e7o de inser\u00e7\u00e3o do Dispositivo Intrauterino - DIU - SEMSA\",\"isPartOf\":{\"@id\":\"https:\/\/www.manaus.am.gov.br\/semsa\/#website\"},\"datePublished\":\"2024-10-30T16:02:30+00:00\",\"dateModified\":\"2026-03-16T20:48:05+00:00\",\"breadcrumb\":{\"@id\":\"https:\/\/www.manaus.am.gov.br\/semsa\/programas-e-servicos\/saude-da-mulher\/unidades-que-ofertam-o-servico-de-insercao-do-dispositivo-intrauterino-diu\/#breadcrumb\"},\"inLanguage\":\"pt-BR\",\"potentialAction\":[{\"@type\":\"ReadAction\",\"target\":[\"https:\/\/www.manaus.am.gov.br\/semsa\/programas-e-servicos\/saude-da-mulher\/unidades-que-ofertam-o-servico-de-insercao-do-dispositivo-intrauterino-diu\/\"]}]},{\"@type\":\"BreadcrumbList\",\"@id\":\"https:\/\/www.manaus.am.gov.br\/semsa\/programas-e-servicos\/saude-da-mulher\/unidades-que-ofertam-o-servico-de-insercao-do-dispositivo-intrauterino-diu\/#breadcrumb\",\"itemListElement\":[{\"@type\":\"ListItem\",\"position\":1,\"name\":\"PROGRAMAS E SERVI\u00c7OS\",\"item\":\"https:\/\/www.manaus.am.gov.br\/semsa\/programas-e-servicos\/\"},{\"@type\":\"ListItem\",\"position\":2,\"name\":\"Sa\u00fade da mulher\",\"item\":\"https:\/\/www.manaus.am.gov.br\/semsa\/programas-e-servicos\/saude-da-mulher\/\"},{\"@type\":\"ListItem\",\"position\":3,\"name\":\"Unidades que ofertam o servi\u00e7o de inser\u00e7\u00e3o do Dispositivo Intrauterino &#8211; DIU\"}]},{\"@type\":\"WebSite\",\"@id\":\"https:\/\/www.manaus.am.gov.br\/semsa\/#website\",\"url\":\"https:\/\/www.manaus.am.gov.br\/semsa\/\",\"name\":\"SEMSA\",\"description\":\"Secretaria Municipal de Sa\u00fade\",\"alternateName\":\"Secretaria Municipal de Sa\u00fade\",\"potentialAction\":[{\"@type\":\"SearchAction\",\"target\":{\"@type\":\"EntryPoint\",\"urlTemplate\":\"https:\/\/www.manaus.am.gov.br\/semsa\/?s={search_term_string}\"},\"query-input\":\"required name=search_term_string\"}],\"inLanguage\":\"pt-BR\"}]}<\/script>\n<!-- \/ Yoast SEO plugin. -->","yoast_head_json":{"title":"Unidades que ofertam o servi\u00e7o de inser\u00e7\u00e3o do Dispositivo Intrauterino - DIU - SEMSA","robots":{"index":"index","follow":"follow","max-snippet":"max-snippet:-1","max-image-preview":"max-image-preview:large","max-video-preview":"max-video-preview:-1"},"canonical":"https:\/\/www.manaus.am.gov.br\/semsa\/programas-e-servicos\/saude-da-mulher\/unidades-que-ofertam-o-servico-de-insercao-do-dispositivo-intrauterino-diu\/","og_locale":"pt_BR","og_type":"article","og_title":"Unidades que ofertam o servi\u00e7o de inser\u00e7\u00e3o do Dispositivo Intrauterino - DIU - SEMSA","og_url":"https:\/\/www.manaus.am.gov.br\/semsa\/programas-e-servicos\/saude-da-mulher\/unidades-que-ofertam-o-servico-de-insercao-do-dispositivo-intrauterino-diu\/","og_site_name":"SEMSA","article_modified_time":"2026-03-16T20:48:05+00:00","og_image":[{"width":966,"height":520,"url":"https:\/\/www.manaus.am.gov.br\/semsa\/wp-content\/uploads\/sites\/8\/2024\/07\/thumb-default-2.png","type":"image\/png"}],"twitter_card":"summary_large_image","twitter_misc":{"Est. reading time":"2 minutos"},"schema":{"@context":"https:\/\/schema.org","@graph":[{"@type":"WebPage","@id":"https:\/\/www.manaus.am.gov.br\/semsa\/programas-e-servicos\/saude-da-mulher\/unidades-que-ofertam-o-servico-de-insercao-do-dispositivo-intrauterino-diu\/","url":"https:\/\/www.manaus.am.gov.br\/semsa\/programas-e-servicos\/saude-da-mulher\/unidades-que-ofertam-o-servico-de-insercao-do-dispositivo-intrauterino-diu\/","name":"Unidades que ofertam o servi\u00e7o de inser\u00e7\u00e3o do Dispositivo Intrauterino - DIU - SEMSA","isPartOf":{"@id":"https:\/\/www.manaus.am.gov.br\/semsa\/#website"},"datePublished":"2024-10-30T16:02:30+00:00","dateModified":"2026-03-16T20:48:05+00:00","breadcrumb":{"@id":"https:\/\/www.manaus.am.gov.br\/semsa\/programas-e-servicos\/saude-da-mulher\/unidades-que-ofertam-o-servico-de-insercao-do-dispositivo-intrauterino-diu\/#breadcrumb"},"inLanguage":"pt-BR","potentialAction":[{"@type":"ReadAction","target":["https:\/\/www.manaus.am.gov.br\/semsa\/programas-e-servicos\/saude-da-mulher\/unidades-que-ofertam-o-servico-de-insercao-do-dispositivo-intrauterino-diu\/"]}]},{"@type":"BreadcrumbList","@id":"https:\/\/www.manaus.am.gov.br\/semsa\/programas-e-servicos\/saude-da-mulher\/unidades-que-ofertam-o-servico-de-insercao-do-dispositivo-intrauterino-diu\/#breadcrumb","itemListElement":[{"@type":"ListItem","position":1,"name":"PROGRAMAS E SERVI\u00c7OS","item":"https:\/\/www.manaus.am.gov.br\/semsa\/programas-e-servicos\/"},{"@type":"ListItem","position":2,"name":"Sa\u00fade da mulher","item":"https:\/\/www.manaus.am.gov.br\/semsa\/programas-e-servicos\/saude-da-mulher\/"},{"@type":"ListItem","position":3,"name":"Unidades que ofertam o servi\u00e7o de inser\u00e7\u00e3o do Dispositivo Intrauterino &#8211; DIU"}]},{"@type":"WebSite","@id":"https:\/\/www.manaus.am.gov.br\/semsa\/#website","url":"https:\/\/www.manaus.am.gov.br\/semsa\/","name":"SEMSA","description":"Secretaria Municipal de Sa\u00fade","alternateName":"Secretaria Municipal de Sa\u00fade","potentialAction":[{"@type":"SearchAction","target":{"@type":"EntryPoint","urlTemplate":"https:\/\/www.manaus.am.gov.br\/semsa\/?s={search_term_string}"},"query-input":"required name=search_term_string"}],"inLanguage":"pt-BR"}]}},"_links":{"self":[{"href":"https:\/\/www.manaus.am.gov.br\/semsa\/wp-json\/wp\/v2\/pages\/218187"}],"collection":[{"href":"https:\/\/www.manaus.am.gov.br\/semsa\/wp-json\/wp\/v2\/pages"}],"about":[{"href":"https:\/\/www.manaus.am.gov.br\/semsa\/wp-json\/wp\/v2\/types\/page"}],"author":[{"embeddable":true,"href":"https:\/\/www.manaus.am.gov.br\/semsa\/wp-json\/wp\/v2\/users\/65"}],"replies":[{"embeddable":true,"href":"https:\/\/www.manaus.am.gov.br\/semsa\/wp-json\/wp\/v2\/comments?post=218187"}],"version-history":[{"count":19,"href":"https:\/\/www.manaus.am.gov.br\/semsa\/wp-json\/wp\/v2\/pages\/218187\/revisions"}],"predecessor-version":[{"id":228030,"href":"https:\/\/www.manaus.am.gov.br\/semsa\/wp-json\/wp\/v2\/pages\/218187\/revisions\/228030"}],"up":[{"embeddable":true,"href":"https:\/\/www.manaus.am.gov.br\/semsa\/wp-json\/wp\/v2\/pages\/208466"}],"wp:attachment":[{"href":"https:\/\/www.manaus.am.gov.br\/semsa\/wp-json\/wp\/v2\/media?parent=218187"}],"curies":[{"name":"wp","href":"https:\/\/api.w.org\/{rel}","templated":true}]}}