{"id":216530,"date":"2024-06-07T11:11:50","date_gmt":"2024-06-07T15:11:50","guid":{"rendered":"https:\/\/www.manaus.am.gov.br\/semsa\/?page_id=216530"},"modified":"2026-08-03T11:16:10","modified_gmt":"2026-08-03T15:16:10","slug":"saude-das-populacoes-vulneraveis","status":"publish","type":"page","link":"https:\/\/www.manaus.am.gov.br\/semsa\/saude-das-populacoes-vulneraveis\/","title":{"rendered":"Sa\u00fade das Popula\u00e7\u00f5es\u00a0Vulner\u00e1veis"},"content":{"rendered":"\n<p>Durante o per\u00edodo de 6 de junho e 5 de julho de 2024, foi realizada <a href=\"https:\/\/www.manaus.am.gov.br\/semsa\/wp-content\/uploads\/sites\/8\/2024\/06\/Proposta-de-Diretrizes-da-Politica-de-Saude-LGBTI-de-Manaus-para-Consulta-Publica.pdf\">consulta p\u00fablica<\/a> para coleta de contribui\u00e7\u00f5es para a Pol\u00edtica Municipal de Sa\u00fade Integral LGBTI+. Foram recebidas 18 contribui\u00e7\u00f5es.<\/p>\n\n\n\n<p><\/p>\n\n\n\n<p>Em 20 de fevereiro de 2025 foi publicada a Portaria 181\/2025, instituindo a <a href=\"https:\/\/www.manaus.am.gov.br\/semsa\/wp-content\/uploads\/sites\/8\/2026\/08\/DOM-6016-20.02.2025-CAD-1-PORTARIA-181.2025-PMSI-LGBTI.pdf\">Pol\u00edtica Municipal de Sa\u00fade Integral de L\u00e9sbicas, Gays, Bissexuais, Travestis, Transexuais, Intersexuais e Outras Express\u00f5es da Sexualidade (PMSI LGBTI+) no \u00e2mbito da Rede de Aten\u00e7\u00e3o Prim\u00e1ria \u00e0 Sa\u00fade do munic\u00edpio de Manaus.<\/a>\u00a0<\/p>\n\n\n\n<p><\/p>\n\n\n\n<p>O Guia de Orienta\u00e7\u00f5es sobre o Preenchimento do Quesito Ra\u00e7a, Cor, Etnia no Prontu\u00e1rio Eletr\u00f4nico foi atualizado e encontra-se na aba&nbsp;<strong><a href=\"https:\/\/www.manaus.am.gov.br\/semsa\/programas-e-servicos\/saude-indigena\/\">Sa\u00fade Ind\u00edgena<\/a>.<\/strong><\/p>\n\n\n\n<p>  <br><\/p>\n\n\n\n<p><\/p>\n\n\n\n<p><\/p>\n","protected":false},"excerpt":{"rendered":"","protected":false},"author":8,"featured_media":0,"parent":0,"menu_order":0,"comment_status":"closed","ping_status":"closed","template":"templates\/turismo.php","meta":{"footnotes":""},"acf":[],"yoast_head":"<!-- This site is optimized with the Yoast SEO plugin v23.0 - https:\/\/yoast.com\/wordpress\/plugins\/seo\/ -->\n<title>Sa\u00fade das Popula\u00e7\u00f5es\u00a0Vulner\u00e1veis - SEMSA<\/title>\n<meta name=\"robots\" content=\"index, follow, max-snippet:-1, max-image-preview:large, max-video-preview:-1\" \/>\n<link rel=\"canonical\" href=\"https:\/\/www.manaus.am.gov.br\/semsa\/saude-das-populacoes-vulneraveis\/\" \/>\n<meta property=\"og:locale\" content=\"pt_BR\" \/>\n<meta property=\"og:type\" content=\"article\" \/>\n<meta property=\"og:title\" content=\"Sa\u00fade das Popula\u00e7\u00f5es\u00a0Vulner\u00e1veis - SEMSA\" \/>\n<meta property=\"og:url\" content=\"https:\/\/www.manaus.am.gov.br\/semsa\/saude-das-populacoes-vulneraveis\/\" \/>\n<meta property=\"og:site_name\" content=\"SEMSA\" \/>\n<meta property=\"article:modified_time\" content=\"2026-08-03T15:16:10+00:00\" \/>\n<meta property=\"og:image\" content=\"https:\/\/www.manaus.am.gov.br\/semsa\/wp-content\/uploads\/sites\/8\/2024\/07\/thumb-default-2.png\" \/>\n\t<meta property=\"og:image:width\" content=\"966\" \/>\n\t<meta property=\"og:image:height\" content=\"520\" \/>\n\t<meta property=\"og:image:type\" content=\"image\/png\" \/>\n<meta name=\"twitter:card\" content=\"summary_large_image\" \/>\n<meta name=\"twitter:label1\" content=\"Est. reading time\" \/>\n\t<meta name=\"twitter:data1\" content=\"1 minuto\" \/>\n<script type=\"application\/ld+json\" class=\"yoast-schema-graph\">{\"@context\":\"https:\/\/schema.org\",\"@graph\":[{\"@type\":\"WebPage\",\"@id\":\"https:\/\/www.manaus.am.gov.br\/semsa\/saude-das-populacoes-vulneraveis\/\",\"url\":\"https:\/\/www.manaus.am.gov.br\/semsa\/saude-das-populacoes-vulneraveis\/\",\"name\":\"Sa\u00fade das Popula\u00e7\u00f5es\u00a0Vulner\u00e1veis - SEMSA\",\"isPartOf\":{\"@id\":\"https:\/\/www.manaus.am.gov.br\/semsa\/#website\"},\"datePublished\":\"2024-06-07T15:11:50+00:00\",\"dateModified\":\"2026-08-03T15:16:10+00:00\",\"inLanguage\":\"pt-BR\",\"potentialAction\":[{\"@type\":\"ReadAction\",\"target\":[\"https:\/\/www.manaus.am.gov.br\/semsa\/saude-das-populacoes-vulneraveis\/\"]}]},{\"@type\":\"WebSite\",\"@id\":\"https:\/\/www.manaus.am.gov.br\/semsa\/#website\",\"url\":\"https:\/\/www.manaus.am.gov.br\/semsa\/\",\"name\":\"SEMSA\",\"description\":\"Secretaria Municipal de Sa\u00fade\",\"alternateName\":\"Secretaria Municipal de Sa\u00fade\",\"potentialAction\":[{\"@type\":\"SearchAction\",\"target\":{\"@type\":\"EntryPoint\",\"urlTemplate\":\"https:\/\/www.manaus.am.gov.br\/semsa\/?s={search_term_string}\"},\"query-input\":\"required name=search_term_string\"}],\"inLanguage\":\"pt-BR\"}]}<\/script>\n<!-- \/ Yoast SEO plugin. -->","yoast_head_json":{"title":"Sa\u00fade das Popula\u00e7\u00f5es\u00a0Vulner\u00e1veis - SEMSA","robots":{"index":"index","follow":"follow","max-snippet":"max-snippet:-1","max-image-preview":"max-image-preview:large","max-video-preview":"max-video-preview:-1"},"canonical":"https:\/\/www.manaus.am.gov.br\/semsa\/saude-das-populacoes-vulneraveis\/","og_locale":"pt_BR","og_type":"article","og_title":"Sa\u00fade das Popula\u00e7\u00f5es\u00a0Vulner\u00e1veis - SEMSA","og_url":"https:\/\/www.manaus.am.gov.br\/semsa\/saude-das-populacoes-vulneraveis\/","og_site_name":"SEMSA","article_modified_time":"2026-08-03T15:16:10+00:00","og_image":[{"width":966,"height":520,"url":"https:\/\/www.manaus.am.gov.br\/semsa\/wp-content\/uploads\/sites\/8\/2024\/07\/thumb-default-2.png","type":"image\/png"}],"twitter_card":"summary_large_image","twitter_misc":{"Est. reading time":"1 minuto"},"schema":{"@context":"https:\/\/schema.org","@graph":[{"@type":"WebPage","@id":"https:\/\/www.manaus.am.gov.br\/semsa\/saude-das-populacoes-vulneraveis\/","url":"https:\/\/www.manaus.am.gov.br\/semsa\/saude-das-populacoes-vulneraveis\/","name":"Sa\u00fade das Popula\u00e7\u00f5es\u00a0Vulner\u00e1veis - SEMSA","isPartOf":{"@id":"https:\/\/www.manaus.am.gov.br\/semsa\/#website"},"datePublished":"2024-06-07T15:11:50+00:00","dateModified":"2026-08-03T15:16:10+00:00","inLanguage":"pt-BR","potentialAction":[{"@type":"ReadAction","target":["https:\/\/www.manaus.am.gov.br\/semsa\/saude-das-populacoes-vulneraveis\/"]}]},{"@type":"WebSite","@id":"https:\/\/www.manaus.am.gov.br\/semsa\/#website","url":"https:\/\/www.manaus.am.gov.br\/semsa\/","name":"SEMSA","description":"Secretaria Municipal de Sa\u00fade","alternateName":"Secretaria Municipal de Sa\u00fade","potentialAction":[{"@type":"SearchAction","target":{"@type":"EntryPoint","urlTemplate":"https:\/\/www.manaus.am.gov.br\/semsa\/?s={search_term_string}"},"query-input":"required name=search_term_string"}],"inLanguage":"pt-BR"}]}},"_links":{"self":[{"href":"https:\/\/www.manaus.am.gov.br\/semsa\/wp-json\/wp\/v2\/pages\/216530"}],"collection":[{"href":"https:\/\/www.manaus.am.gov.br\/semsa\/wp-json\/wp\/v2\/pages"}],"about":[{"href":"https:\/\/www.manaus.am.gov.br\/semsa\/wp-json\/wp\/v2\/types\/page"}],"author":[{"embeddable":true,"href":"https:\/\/www.manaus.am.gov.br\/semsa\/wp-json\/wp\/v2\/users\/8"}],"replies":[{"embeddable":true,"href":"https:\/\/www.manaus.am.gov.br\/semsa\/wp-json\/wp\/v2\/comments?post=216530"}],"version-history":[{"count":15,"href":"https:\/\/www.manaus.am.gov.br\/semsa\/wp-json\/wp\/v2\/pages\/216530\/revisions"}],"predecessor-version":[{"id":230317,"href":"https:\/\/www.manaus.am.gov.br\/semsa\/wp-json\/wp\/v2\/pages\/216530\/revisions\/230317"}],"wp:attachment":[{"href":"https:\/\/www.manaus.am.gov.br\/semsa\/wp-json\/wp\/v2\/media?parent=216530"}],"curies":[{"name":"wp","href":"https:\/\/api.w.org\/{rel}","templated":true}]}}

Saúde das Populações Vulneráveis

<p>Durante o período de 6 de junho e 5 de julho de 2024, foi realizada <a href="https://www.manaus.am.gov.br/semsa/wp-content/uploads/sites/8/2024/06/Proposta-de-Diretrizes-da-Politica-de-Saude-LGBTI-de-Manaus-para-Consulta-Publica.pdf">consulta pública</a> para coleta de contribuições para a Política Municipal de Saúde Integral LGBTI+. Foram recebidas 18 contribuições.</p>



<p></p>



<p>Em 20 de fevereiro de 2025 foi publicada a Portaria 181/2025, instituindo a <a href="https://www.manaus.am.gov.br/semsa/wp-content/uploads/sites/8/2026/08/DOM-6016-20.02.2025-CAD-1-PORTARIA-181.2025-PMSI-LGBTI.pdf">Política Municipal de Saúde Integral de Lésbicas, Gays, Bissexuais, Travestis, Transexuais, Intersexuais e Outras Expressões da Sexualidade (PMSI LGBTI+) no âmbito da Rede de Atenção Primária à Saúde do município de Manaus.</a> </p>



<p></p>



<p>O Guia de Orientações sobre o Preenchimento do Quesito Raça, Cor, Etnia no Prontuário Eletrônico foi atualizado e encontra-se na aba&nbsp;<strong><a href="https://www.manaus.am.gov.br/semsa/programas-e-servicos/saude-indigena/">Saúde Indígena</a>.</strong></p>



<p>  <br></p>



<p></p>



<p></p>

<!-- This site is optimized with the Yoast SEO plugin v23.0 - https://yoast.com/wordpress/plugins/seo/ -->
<title>Saúde das Populações Vulneráveis - SEMSA</title>
<meta name="robots" content="index, follow, max-snippet:-1, max-image-preview:large, max-video-preview:-1" />
<link rel="canonical" href="https://www.manaus.am.gov.br/semsa/saude-das-populacoes-vulneraveis/" />
<meta property="og:locale" content="pt_BR" />
<meta property="og:type" content="article" />
<meta property="og:title" content="Saúde das Populações Vulneráveis - SEMSA" />
<meta property="og:url" content="https://www.manaus.am.gov.br/semsa/saude-das-populacoes-vulneraveis/" />
<meta property="og:site_name" content="SEMSA" />
<meta property="article:modified_time" content="2026-08-03T15:16:10+00:00" />
<meta property="og:image" content="https://www.manaus.am.gov.br/semsa/wp-content/uploads/sites/8/2024/07/thumb-default-2.png" />
	<meta property="og:image:width" content="966" />
	<meta property="og:image:height" content="520" />
	<meta property="og:image:type" content="image/png" />
<meta name="twitter:card" content="summary_large_image" />
<meta name="twitter:label1" content="Est. reading time" />
	<meta name="twitter:data1" content="1 minuto" />
<script type="application/ld+json" class="yoast-schema-graph">{"@context":"https://schema.org","@graph":[{"@type":"WebPage","@id":"https://www.manaus.am.gov.br/semsa/saude-das-populacoes-vulneraveis/","url":"https://www.manaus.am.gov.br/semsa/saude-das-populacoes-vulneraveis/","name":"Saúde das Populações Vulneráveis - SEMSA","isPartOf":{"@id":"https://www.manaus.am.gov.br/semsa/#website"},"datePublished":"2024-06-07T15:11:50+00:00","dateModified":"2026-08-03T15:16:10+00:00","inLanguage":"pt-BR","potentialAction":[{"@type":"ReadAction","target":["https://www.manaus.am.gov.br/semsa/saude-das-populacoes-vulneraveis/"]}]},{"@type":"WebSite","@id":"https://www.manaus.am.gov.br/semsa/#website","url":"https://www.manaus.am.gov.br/semsa/","name":"SEMSA","description":"Secretaria Municipal de Saúde","alternateName":"Secretaria Municipal de Saúde","potentialAction":[{"@type":"SearchAction","target":{"@type":"EntryPoint","urlTemplate":"https://www.manaus.am.gov.br/semsa/?s={search_term_string}"},"query-input":"required name=search_term_string"}],"inLanguage":"pt-BR"}]}</script>
<!-- / Yoast SEO plugin. -->

Saúde das Populações Vulneráveis - SEMSA

Secretaria Municipal de Saúde
