{"id":215618,"date":"2024-05-14T15:36:58","date_gmt":"2024-05-14T19:36:58","guid":{"rendered":"https:\/\/www.manaus.am.gov.br\/semsa\/?page_id=215618"},"modified":"2025-03-19T22:00:25","modified_gmt":"2025-03-20T02:00:25","slug":"ii-mostra-manaus-aqui-tem-sus","status":"publish","type":"page","link":"https:\/\/www.manaus.am.gov.br\/semsa\/escola-de-saude-publica\/eventos\/ii-mostra-manaus-aqui-tem-sus\/","title":{"rendered":"II Mostra \u201cManaus, aqui tem SUS\u201d"},"content":{"rendered":"<div class=\"wp-block-image\">\n<figure class=\"aligncenter size-full\"><img loading=\"lazy\" decoding=\"async\" width=\"720\" height=\"408\" src=\"https:\/\/www.manaus.am.gov.br\/semsa\/wp-content\/uploads\/sites\/8\/2024\/05\/WhatsApp-Image-2024-03-14-at-15.45.52.jpeg\" alt=\"\" class=\"wp-image-215624\" srcset=\"https:\/\/www.manaus.am.gov.br\/semsa\/wp-content\/uploads\/sites\/8\/2024\/05\/WhatsApp-Image-2024-03-14-at-15.45.52.jpeg 720w, https:\/\/www.manaus.am.gov.br\/semsa\/wp-content\/uploads\/sites\/8\/2024\/05\/WhatsApp-Image-2024-03-14-at-15.45.52-300x170.jpeg 300w\" sizes=\"(max-width: 720px) 100vw, 720px\" \/><\/figure><\/div>\n\n\n<p>A Secretaria Municipal de Sa\u00fade de Manaus torna p\u00fablica a abertura das inscri\u00e7\u00f5es de experi\u00eancias para participa\u00e7\u00e3o da II Mostra Manaus, Aqui tem SUS que ocorrer\u00e1 nos dias 10 a 12 de abril de 2024, com os objetivos de propiciar o compartilhamento de experi\u00eancias bem-sucedidas no \u00e2mbito do SUS e promover um espa\u00e7o para a troca de experi\u00eancias e reflex\u00f5es sobre a gest\u00e3o e organiza\u00e7\u00e3o de servi\u00e7os de sa\u00fade.<\/p>\n\n\n\n<p>O per\u00edodo de inscri\u00e7\u00f5es das experi\u00eancias ser\u00e1 de 05 de mar\u00e7o de 2024 a 21 de mar\u00e7o de 2024, devendo o Termo de Anu\u00eancia para Relato de Experi\u00eancia, ser solicitado at\u00e9 o dia 17 de mar\u00e7o. O cronograma completo da mostra poder\u00e1 ser consultado no Regulamento e retifica\u00e7\u00f5es posteriores.\u201d<\/p>\n\n\n\n<p>Poder\u00e3o se inscrever as experi\u00eancias das equipes de trabalhadores do munic\u00edpio e\/ou experi\u00eancias da gest\u00e3o municipal, incluindo aquelas executadas de forma compartilhada, cooperada, intersetorial ou interfederativa, nos territ\u00f3rios.<\/p>\n\n\n\n<p>As melhores experi\u00eancias ser\u00e3o premiadas nas categorias Primeiro, Segundo e Terceiro lugares, Honra ao M\u00e9rito, Melhor Trabalho por \u00c1rea Tem\u00e1tica e Melhor Trabalho na Categoria J\u00fari Popular.<\/p>\n\n\n\n<p>As experi\u00eancias melhor classificadas representar\u00e3o o munic\u00edpio na V Mostra Amazonas, aqui tem SUS.<\/p>\n\n\n\n<p>Demais informa\u00e7\u00f5es e orienta\u00e7\u00f5es poder\u00e3o ser obtidas no Regulamento da Mostra ou pelo e-mail:&nbsp;<a href=\"mailto:manausaquitemsus@manaus.am.gov.br\">manausaquitemsus@manaus.am.gov.br<\/a><\/p>\n\n\n\n<p><\/p>\n\n\n\n<p><a href=\"https:\/\/www.manaus.am.gov.br\/semsa\/wp-content\/uploads\/sites\/8\/2025\/03\/Anais-da-II-mostra-Manaus-aqui-tem-SUS-pdf.io_.pdf\">Anais da II Mostra \u201cManaus, aqui tem SUS\u201d<\/a><\/p>\n\n\n\n<p><\/p>\n\n\n\n<p><a href=\"https:\/\/www.manaus.am.gov.br\/semsa\/wp-content\/uploads\/sites\/8\/2024\/05\/REGULAMENTO-II-MOSTRA-MANAUS-AQUI-TEM-SUS-EDIC\u0327A\u0303O-2024-DOM-5777.pdf\">Regulamento da&nbsp; II Mostra \u201cManaus, aqui tem SUS\u201d<\/a><\/p>\n\n\n\n<p><\/p>\n\n\n\n<p class=\"has-text-align-left\"><a href=\"https:\/\/www.manaus.am.gov.br\/semsa\/wp-content\/uploads\/sites\/8\/2024\/05\/REPUBLICACAO-DO-REGULAMENTO-DA-II-MOSTRA-MANAUS-AQUI-TEM-SUS.pdf\">Republica\u00e7\u00e3o do Regulamento da II Mostra \u201cManaus, aqui tem SUS\u201d<\/a><\/p>\n\n\n\n<p><\/p>\n\n\n\n<p class=\"has-text-align-left\"><a href=\"https:\/\/www.manaus.am.gov.br\/semsa\/wp-content\/uploads\/sites\/8\/2024\/05\/RELACAO-DAS-EXPERIENCIAS-INSCRITAS-NA-II-MOSTRA-MANAUS-AQUI-TEM-SUS-REPUBLICACAO.pdf\">Rela\u00e7\u00e3o das Experi\u00eancias inscritas na II Mostra \u201cManaus, aqui tem SUS\u201d<\/a><\/p>\n\n\n\n<p><\/p>\n\n\n\n<p class=\"has-text-align-left\"><a href=\"https:\/\/www.manaus.am.gov.br\/semsa\/wp-content\/uploads\/sites\/8\/2024\/05\/Microsoft-Word-DOM-5792-25.03.2024-CAD-1.doc.pdf\">Comit\u00ea Executivo da II Mostra \u201cManaus, aqui tem SUS\u201d<\/a><\/p>\n\n\n\n<p><\/p>\n\n\n\n<p class=\"has-text-align-left\"><a href=\"https:\/\/www.manaus.am.gov.br\/semsa\/wp-content\/uploads\/sites\/8\/2024\/05\/RESULTADO-DA-ETAPA-ESCRITA-DA-II-MOSTRA-MANAUS-AQUI-TEM-SUS-1.pdf\">Resultado da etapa escrita da II Mostra \u201cManaus, aqui tem SUS \u201d \u2013 Retificado<\/a><\/p>\n\n\n\n<p><\/p>\n\n\n\n<p class=\"has-text-align-left\"><a href=\"https:\/\/www.manaus.am.gov.br\/semsa\/wp-content\/uploads\/sites\/8\/2024\/05\/Modelo-Banner-II-Mostra-Manaus_80x120cm-2.pptx\">Modelo Banner II Mostra \u201cManaus, aqui tem SUS \u201c<\/a><\/p>\n\n\n\n<p><\/p>\n\n\n\n<p class=\"has-text-align-left\"><a href=\"https:\/\/www.manaus.am.gov.br\/semsa\/wp-content\/uploads\/sites\/8\/2024\/05\/Modelo-Slide-II-Mostra-Manaus.pptx\">Modelo Slide II Mostra \u201cManaus, aqui tem SUS \u201c<\/a><\/p>\n\n\n\n<p><\/p>\n\n\n\n<p class=\"has-text-align-left\"><a href=\"https:\/\/www.manaus.am.gov.br\/semsa\/wp-content\/uploads\/sites\/8\/2024\/05\/RETIFICACAO-DO-CRONOGRAMA-DA-REGULAMENTO-II-MOSTRA-MANAUS-AQUI-TEM-SUS-EDIC\u0327A\u0303O-2024-1.pdf\">Retifica\u00e7\u00e3o do cronograma do regulamento II Mostra \u201cManaus, aqui tem SUS\u201d<\/a><\/p>\n\n\n\n<p><\/p>\n\n\n\n<p class=\"has-text-align-left\"><a href=\"https:\/\/www.manaus.am.gov.br\/semsa\/wp-content\/uploads\/sites\/8\/2024\/05\/PROGRAMACAO-DA-II-MOSTRA-MANAUS-AQUI-TEM-SUS-EDICAO-2024.pdf\">Programa\u00e7\u00e3o da II Mostra \u201cManaus, aqui tem SUS\u201d<\/a><\/p>\n\n\n\n<p><\/p>\n\n\n\n<p class=\"has-text-align-left\"><a href=\"https:\/\/www.manaus.am.gov.br\/semsa\/wp-content\/uploads\/sites\/8\/2024\/05\/RESULTADO-FINAL-DA-II-MOSTRA-MANAUS-AQUI-TEM-SUS-1.pdf\">Resultado final da II Mostra \u201cManaus aqui tem SUS\u201d<\/a><\/p>\n\n\n\n<p><\/p>\n\n\n\n<p class=\"has-text-align-left\"><a href=\"https:\/\/www.manaus.am.gov.br\/semsa\/wp-content\/uploads\/sites\/8\/2024\/05\/RESULTADO-MELHOR-TRABALHO-POR-AREA-TEMATICA-DA-II-MOSTRA-MANAUS-AQUI-TEM-SUS.pdf\">Resultado \u2013 Melhor trabalho por \u00e1rea Tem\u00e1tica da II Mostra \u201cManaus, aqui tem SUS\u201d<\/a><\/p>\n\n\n\n<p><\/p>\n\n\n\n<p class=\"has-text-align-left\"><a href=\"https:\/\/www.manaus.am.gov.br\/semsa\/wp-content\/uploads\/sites\/8\/2024\/05\/RESULTADO-MELHOR-TRABALHO-POR-JURI-POPULAR-NA-II-MOSTRA-MANAUS-AQUI-TEM-SUS-1.pdf\">Resultado \u2013 Melhor trabalho por J\u00fari Popular da II Mostra \u201cManaus, aqui tem SUS\u201d<\/a><\/p>\n\n\n\n<p><\/p>\n\n\n\n<p class=\"has-text-align-left\"><a href=\"https:\/\/www.manaus.am.gov.br\/semsa\/eventos\/ii-mostra-manaus-aqui-tem-sus\/galeria-de-fotos-ii-mostra-manaus-aqui-tem-sus\/\">Galeria de Fotos \u2013 II Mostra \u201cManaus, aqui tem SUS\u201d<\/a><\/p>\n\n\n\n<p><\/p>\n","protected":false},"excerpt":{"rendered":"","protected":false},"author":65,"featured_media":0,"parent":215247,"menu_order":0,"comment_status":"closed","ping_status":"closed","template":"templates\/turismo.php","meta":{"footnotes":""},"acf":[],"yoast_head":"<!-- This site is optimized with the Yoast SEO plugin v23.0 - https:\/\/yoast.com\/wordpress\/plugins\/seo\/ -->\n<title>II Mostra \u201cManaus, aqui tem SUS\u201d - SEMSA<\/title>\n<meta name=\"robots\" content=\"index, follow, max-snippet:-1, max-image-preview:large, max-video-preview:-1\" \/>\n<link rel=\"canonical\" href=\"https:\/\/www.manaus.am.gov.br\/semsa\/escola-de-saude-publica\/eventos\/ii-mostra-manaus-aqui-tem-sus\/\" \/>\n<meta property=\"og:locale\" content=\"pt_BR\" \/>\n<meta property=\"og:type\" content=\"article\" \/>\n<meta property=\"og:title\" content=\"II Mostra \u201cManaus, aqui tem SUS\u201d - SEMSA\" \/>\n<meta property=\"og:url\" content=\"https:\/\/www.manaus.am.gov.br\/semsa\/escola-de-saude-publica\/eventos\/ii-mostra-manaus-aqui-tem-sus\/\" \/>\n<meta property=\"og:site_name\" content=\"SEMSA\" \/>\n<meta property=\"article:modified_time\" content=\"2025-03-20T02:00:25+00:00\" \/>\n<meta property=\"og:image\" content=\"https:\/\/www.manaus.am.gov.br\/semsa\/wp-content\/uploads\/sites\/8\/2024\/05\/WhatsApp-Image-2024-03-14-at-15.45.52.jpeg\" \/>\n<meta name=\"twitter:card\" content=\"summary_large_image\" \/>\n<meta name=\"twitter:label1\" content=\"Est. reading time\" \/>\n\t<meta name=\"twitter:data1\" content=\"3 minutos\" \/>\n<script type=\"application\/ld+json\" class=\"yoast-schema-graph\">{\"@context\":\"https:\/\/schema.org\",\"@graph\":[{\"@type\":\"WebPage\",\"@id\":\"https:\/\/www.manaus.am.gov.br\/semsa\/escola-de-saude-publica\/eventos\/ii-mostra-manaus-aqui-tem-sus\/\",\"url\":\"https:\/\/www.manaus.am.gov.br\/semsa\/escola-de-saude-publica\/eventos\/ii-mostra-manaus-aqui-tem-sus\/\",\"name\":\"II Mostra \u201cManaus, aqui tem SUS\u201d - SEMSA\",\"isPartOf\":{\"@id\":\"https:\/\/www.manaus.am.gov.br\/semsa\/#website\"},\"primaryImageOfPage\":{\"@id\":\"https:\/\/www.manaus.am.gov.br\/semsa\/escola-de-saude-publica\/eventos\/ii-mostra-manaus-aqui-tem-sus\/#primaryimage\"},\"image\":{\"@id\":\"https:\/\/www.manaus.am.gov.br\/semsa\/escola-de-saude-publica\/eventos\/ii-mostra-manaus-aqui-tem-sus\/#primaryimage\"},\"thumbnailUrl\":\"https:\/\/www.manaus.am.gov.br\/semsa\/wp-content\/uploads\/sites\/8\/2024\/05\/WhatsApp-Image-2024-03-14-at-15.45.52.jpeg\",\"datePublished\":\"2024-05-14T19:36:58+00:00\",\"dateModified\":\"2025-03-20T02:00:25+00:00\",\"breadcrumb\":{\"@id\":\"https:\/\/www.manaus.am.gov.br\/semsa\/escola-de-saude-publica\/eventos\/ii-mostra-manaus-aqui-tem-sus\/#breadcrumb\"},\"inLanguage\":\"pt-BR\",\"potentialAction\":[{\"@type\":\"ReadAction\",\"target\":[\"https:\/\/www.manaus.am.gov.br\/semsa\/escola-de-saude-publica\/eventos\/ii-mostra-manaus-aqui-tem-sus\/\"]}]},{\"@type\":\"ImageObject\",\"inLanguage\":\"pt-BR\",\"@id\":\"https:\/\/www.manaus.am.gov.br\/semsa\/escola-de-saude-publica\/eventos\/ii-mostra-manaus-aqui-tem-sus\/#primaryimage\",\"url\":\"https:\/\/www.manaus.am.gov.br\/semsa\/wp-content\/uploads\/sites\/8\/2024\/05\/WhatsApp-Image-2024-03-14-at-15.45.52.jpeg\",\"contentUrl\":\"https:\/\/www.manaus.am.gov.br\/semsa\/wp-content\/uploads\/sites\/8\/2024\/05\/WhatsApp-Image-2024-03-14-at-15.45.52.jpeg\",\"width\":720,\"height\":408},{\"@type\":\"BreadcrumbList\",\"@id\":\"https:\/\/www.manaus.am.gov.br\/semsa\/escola-de-saude-publica\/eventos\/ii-mostra-manaus-aqui-tem-sus\/#breadcrumb\",\"itemListElement\":[{\"@type\":\"ListItem\",\"position\":1,\"name\":\"Escola de Sa\u00fade P\u00fablica (Esap)\",\"item\":\"https:\/\/www.manaus.am.gov.br\/semsa\/escola-de-saude-publica\/\"},{\"@type\":\"ListItem\",\"position\":2,\"name\":\"Eventos\",\"item\":\"https:\/\/www.manaus.am.gov.br\/semsa\/escola-de-saude-publica\/eventos\/\"},{\"@type\":\"ListItem\",\"position\":3,\"name\":\"II Mostra \u201cManaus, aqui tem SUS\u201d\"}]},{\"@type\":\"WebSite\",\"@id\":\"https:\/\/www.manaus.am.gov.br\/semsa\/#website\",\"url\":\"https:\/\/www.manaus.am.gov.br\/semsa\/\",\"name\":\"SEMSA\",\"description\":\"Secretaria Municipal de Sa\u00fade\",\"alternateName\":\"Secretaria Municipal de Sa\u00fade\",\"potentialAction\":[{\"@type\":\"SearchAction\",\"target\":{\"@type\":\"EntryPoint\",\"urlTemplate\":\"https:\/\/www.manaus.am.gov.br\/semsa\/?s={search_term_string}\"},\"query-input\":\"required name=search_term_string\"}],\"inLanguage\":\"pt-BR\"}]}<\/script>\n<!-- \/ Yoast SEO plugin. -->","yoast_head_json":{"title":"II Mostra \u201cManaus, aqui tem SUS\u201d - SEMSA","robots":{"index":"index","follow":"follow","max-snippet":"max-snippet:-1","max-image-preview":"max-image-preview:large","max-video-preview":"max-video-preview:-1"},"canonical":"https:\/\/www.manaus.am.gov.br\/semsa\/escola-de-saude-publica\/eventos\/ii-mostra-manaus-aqui-tem-sus\/","og_locale":"pt_BR","og_type":"article","og_title":"II Mostra \u201cManaus, aqui tem SUS\u201d - SEMSA","og_url":"https:\/\/www.manaus.am.gov.br\/semsa\/escola-de-saude-publica\/eventos\/ii-mostra-manaus-aqui-tem-sus\/","og_site_name":"SEMSA","article_modified_time":"2025-03-20T02:00:25+00:00","og_image":[{"url":"https:\/\/www.manaus.am.gov.br\/semsa\/wp-content\/uploads\/sites\/8\/2024\/05\/WhatsApp-Image-2024-03-14-at-15.45.52.jpeg"}],"twitter_card":"summary_large_image","twitter_misc":{"Est. reading time":"3 minutos"},"schema":{"@context":"https:\/\/schema.org","@graph":[{"@type":"WebPage","@id":"https:\/\/www.manaus.am.gov.br\/semsa\/escola-de-saude-publica\/eventos\/ii-mostra-manaus-aqui-tem-sus\/","url":"https:\/\/www.manaus.am.gov.br\/semsa\/escola-de-saude-publica\/eventos\/ii-mostra-manaus-aqui-tem-sus\/","name":"II Mostra \u201cManaus, aqui tem SUS\u201d - SEMSA","isPartOf":{"@id":"https:\/\/www.manaus.am.gov.br\/semsa\/#website"},"primaryImageOfPage":{"@id":"https:\/\/www.manaus.am.gov.br\/semsa\/escola-de-saude-publica\/eventos\/ii-mostra-manaus-aqui-tem-sus\/#primaryimage"},"image":{"@id":"https:\/\/www.manaus.am.gov.br\/semsa\/escola-de-saude-publica\/eventos\/ii-mostra-manaus-aqui-tem-sus\/#primaryimage"},"thumbnailUrl":"https:\/\/www.manaus.am.gov.br\/semsa\/wp-content\/uploads\/sites\/8\/2024\/05\/WhatsApp-Image-2024-03-14-at-15.45.52.jpeg","datePublished":"2024-05-14T19:36:58+00:00","dateModified":"2025-03-20T02:00:25+00:00","breadcrumb":{"@id":"https:\/\/www.manaus.am.gov.br\/semsa\/escola-de-saude-publica\/eventos\/ii-mostra-manaus-aqui-tem-sus\/#breadcrumb"},"inLanguage":"pt-BR","potentialAction":[{"@type":"ReadAction","target":["https:\/\/www.manaus.am.gov.br\/semsa\/escola-de-saude-publica\/eventos\/ii-mostra-manaus-aqui-tem-sus\/"]}]},{"@type":"ImageObject","inLanguage":"pt-BR","@id":"https:\/\/www.manaus.am.gov.br\/semsa\/escola-de-saude-publica\/eventos\/ii-mostra-manaus-aqui-tem-sus\/#primaryimage","url":"https:\/\/www.manaus.am.gov.br\/semsa\/wp-content\/uploads\/sites\/8\/2024\/05\/WhatsApp-Image-2024-03-14-at-15.45.52.jpeg","contentUrl":"https:\/\/www.manaus.am.gov.br\/semsa\/wp-content\/uploads\/sites\/8\/2024\/05\/WhatsApp-Image-2024-03-14-at-15.45.52.jpeg","width":720,"height":408},{"@type":"BreadcrumbList","@id":"https:\/\/www.manaus.am.gov.br\/semsa\/escola-de-saude-publica\/eventos\/ii-mostra-manaus-aqui-tem-sus\/#breadcrumb","itemListElement":[{"@type":"ListItem","position":1,"name":"Escola de Sa\u00fade P\u00fablica (Esap)","item":"https:\/\/www.manaus.am.gov.br\/semsa\/escola-de-saude-publica\/"},{"@type":"ListItem","position":2,"name":"Eventos","item":"https:\/\/www.manaus.am.gov.br\/semsa\/escola-de-saude-publica\/eventos\/"},{"@type":"ListItem","position":3,"name":"II Mostra \u201cManaus, aqui tem SUS\u201d"}]},{"@type":"WebSite","@id":"https:\/\/www.manaus.am.gov.br\/semsa\/#website","url":"https:\/\/www.manaus.am.gov.br\/semsa\/","name":"SEMSA","description":"Secretaria Municipal de Sa\u00fade","alternateName":"Secretaria Municipal de Sa\u00fade","potentialAction":[{"@type":"SearchAction","target":{"@type":"EntryPoint","urlTemplate":"https:\/\/www.manaus.am.gov.br\/semsa\/?s={search_term_string}"},"query-input":"required name=search_term_string"}],"inLanguage":"pt-BR"}]}},"_links":{"self":[{"href":"https:\/\/www.manaus.am.gov.br\/semsa\/wp-json\/wp\/v2\/pages\/215618"}],"collection":[{"href":"https:\/\/www.manaus.am.gov.br\/semsa\/wp-json\/wp\/v2\/pages"}],"about":[{"href":"https:\/\/www.manaus.am.gov.br\/semsa\/wp-json\/wp\/v2\/types\/page"}],"author":[{"embeddable":true,"href":"https:\/\/www.manaus.am.gov.br\/semsa\/wp-json\/wp\/v2\/users\/65"}],"replies":[{"embeddable":true,"href":"https:\/\/www.manaus.am.gov.br\/semsa\/wp-json\/wp\/v2\/comments?post=215618"}],"version-history":[{"count":20,"href":"https:\/\/www.manaus.am.gov.br\/semsa\/wp-json\/wp\/v2\/pages\/215618\/revisions"}],"predecessor-version":[{"id":221637,"href":"https:\/\/www.manaus.am.gov.br\/semsa\/wp-json\/wp\/v2\/pages\/215618\/revisions\/221637"}],"up":[{"embeddable":true,"href":"https:\/\/www.manaus.am.gov.br\/semsa\/wp-json\/wp\/v2\/pages\/215247"}],"wp:attachment":[{"href":"https:\/\/www.manaus.am.gov.br\/semsa\/wp-json\/wp\/v2\/media?parent=215618"}],"curies":[{"name":"wp","href":"https:\/\/api.w.org\/{rel}","templated":true}]}}