{"id":211942,"date":"2023-04-19T18:50:28","date_gmt":"2023-04-19T22:50:28","guid":{"rendered":"https:\/\/www.manaus.am.gov.br\/semsa\/?page_id=211942"},"modified":"2023-04-19T18:55:14","modified_gmt":"2023-04-19T22:55:14","slug":"selecao-de-preceptores-multiprofissionais","status":"publish","type":"page","link":"https:\/\/www.manaus.am.gov.br\/semsa\/selecao-de-preceptores-multiprofissionais\/","title":{"rendered":"Sele\u00e7\u00e3o de Preceptores Multiprofissionais"},"content":{"rendered":"\n<p>Link para inscri\u00e7\u00e3o \u2013\u00a0\u00a0<a href=\"https:\/\/psesap.manaus.am.gov.br\/\" target=\"_blank\" rel=\"noreferrer noopener\">https:\/\/psesap.manaus.am.gov.br\/<\/a><\/p>\n\n\n\n<p><\/p>\n\n\n\n<h2 class=\"wp-block-heading\"><a href=\"https:\/\/www.manaus.am.gov.br\/semsa\/wp-content\/uploads\/sites\/8\/2023\/04\/Edital_preceptores.pdf\" target=\"_blank\" rel=\"noreferrer noopener\">Edital N\u00ba 002\/2018 \u2013 SEMSA<\/a><\/h2>\n\n\n\n<h2 class=\"wp-block-heading\"><a href=\"https:\/\/www.manaus.am.gov.br\/semsa\/wp-content\/uploads\/sites\/8\/2023\/04\/Prorrogacao-de-Inscricoes.pdf\" target=\"_blank\" rel=\"noreferrer noopener\">Prorroga\u00e7\u00e3o de Inscri\u00e7\u00f5es<\/a><\/h2>\n\n\n\n<h2 class=\"wp-block-heading\"><a href=\"https:\/\/www.manaus.am.gov.br\/semsa\/wp-content\/uploads\/sites\/8\/2023\/04\/1.ETAPA-_-RESULTADO-PRELIMINAR-211120181.pdf\" target=\"_blank\" rel=\"noreferrer noopener\">Resultado Preliminar \u2013 1\u00aa Etapa<\/a><\/h2>\n\n\n\n<h2 class=\"wp-block-heading\"><a href=\"https:\/\/www.manaus.am.gov.br\/semsa\/wp-content\/uploads\/sites\/8\/2023\/04\/2.-RESULTADO-RECURSOS_ETAPA-1.pdf\" target=\"_blank\" rel=\"noreferrer noopener\">Resultado dos Recursos Interpostos \u2013 1\u00aa Etapa<\/a><\/h2>\n\n\n\n<h2 class=\"wp-block-heading\"><a href=\"https:\/\/www.manaus.am.gov.br\/semsa\/wp-content\/uploads\/sites\/8\/2023\/04\/3.-RESULTADO-FINAL-_ETAPA-1-e-CONVOCACAO-OFICINA.pdf\" target=\"_blank\" rel=\"noreferrer noopener\">Resultado Final \u2013 1\u00aa Etapa e Convoca\u00e7\u00e3o para Oficina de Forma\u00e7\u00e3o<\/a><\/h2>\n\n\n\n<h2 class=\"wp-block-heading\"><a href=\"https:\/\/www.manaus.am.gov.br\/semsa\/wp-content\/uploads\/sites\/8\/2023\/04\/RESULTADO-PRELIMINAR-2-etapa.pdf\" target=\"_blank\" rel=\"noreferrer noopener\">Resultado Preliminar \u2013 2 \u00aa Etapa<\/a><\/h2>\n\n\n\n<h2 class=\"wp-block-heading\"><a href=\"https:\/\/www.manaus.am.gov.br\/semsa\/wp-content\/uploads\/sites\/8\/2023\/04\/4.-RESULTADO-FINAL-_-ETAPA-2-1.pdf\" target=\"_blank\" rel=\"noreferrer noopener\">Resultado Final- 2\u00aa Etapa<\/a><\/h2>\n\n\n\n<h2 class=\"wp-block-heading\"><a href=\"https:\/\/www.manaus.am.gov.br\/semsa\/wp-content\/uploads\/sites\/8\/2023\/04\/Convocacao-para-matricula-preceptores-multiprofissional-1.pdf\" target=\"_blank\" rel=\"noreferrer noopener\">1\u00aa. Convoca\u00e7\u00e3o \u2013 Ades\u00e3o e Matr\u00edcula no Promais<\/a><\/h2>\n\n\n\n<p><\/p>\n","protected":false},"excerpt":{"rendered":"","protected":false},"author":27,"featured_media":0,"parent":0,"menu_order":0,"comment_status":"closed","ping_status":"closed","template":"templates\/prefeitura.php","meta":{"footnotes":""},"acf":[],"yoast_head":"<!-- This site is optimized with the Yoast SEO plugin v23.0 - https:\/\/yoast.com\/wordpress\/plugins\/seo\/ -->\n<title>Sele\u00e7\u00e3o de Preceptores Multiprofissionais - SEMSA<\/title>\n<meta name=\"robots\" content=\"index, follow, max-snippet:-1, max-image-preview:large, max-video-preview:-1\" \/>\n<link rel=\"canonical\" href=\"https:\/\/www.manaus.am.gov.br\/semsa\/selecao-de-preceptores-multiprofissionais\/\" \/>\n<meta property=\"og:locale\" content=\"pt_BR\" \/>\n<meta property=\"og:type\" content=\"article\" \/>\n<meta property=\"og:title\" content=\"Sele\u00e7\u00e3o de Preceptores Multiprofissionais - SEMSA\" \/>\n<meta property=\"og:url\" content=\"https:\/\/www.manaus.am.gov.br\/semsa\/selecao-de-preceptores-multiprofissionais\/\" \/>\n<meta property=\"og:site_name\" content=\"SEMSA\" \/>\n<meta property=\"article:modified_time\" content=\"2023-04-19T22:55:14+00:00\" \/>\n<meta property=\"og:image\" content=\"https:\/\/www.manaus.am.gov.br\/semsa\/wp-content\/uploads\/sites\/8\/2024\/07\/thumb-default-2.png\" \/>\n\t<meta property=\"og:image:width\" content=\"966\" \/>\n\t<meta property=\"og:image:height\" content=\"520\" \/>\n\t<meta property=\"og:image:type\" content=\"image\/png\" \/>\n<meta name=\"twitter:card\" content=\"summary_large_image\" \/>\n<meta name=\"twitter:label1\" content=\"Est. reading time\" \/>\n\t<meta name=\"twitter:data1\" content=\"1 minuto\" \/>\n<script type=\"application\/ld+json\" class=\"yoast-schema-graph\">{\"@context\":\"https:\/\/schema.org\",\"@graph\":[{\"@type\":\"WebPage\",\"@id\":\"https:\/\/www.manaus.am.gov.br\/semsa\/selecao-de-preceptores-multiprofissionais\/\",\"url\":\"https:\/\/www.manaus.am.gov.br\/semsa\/selecao-de-preceptores-multiprofissionais\/\",\"name\":\"Sele\u00e7\u00e3o de Preceptores Multiprofissionais - SEMSA\",\"isPartOf\":{\"@id\":\"https:\/\/www.manaus.am.gov.br\/semsa\/#website\"},\"datePublished\":\"2023-04-19T22:50:28+00:00\",\"dateModified\":\"2023-04-19T22:55:14+00:00\",\"inLanguage\":\"pt-BR\",\"potentialAction\":[{\"@type\":\"ReadAction\",\"target\":[\"https:\/\/www.manaus.am.gov.br\/semsa\/selecao-de-preceptores-multiprofissionais\/\"]}]},{\"@type\":\"WebSite\",\"@id\":\"https:\/\/www.manaus.am.gov.br\/semsa\/#website\",\"url\":\"https:\/\/www.manaus.am.gov.br\/semsa\/\",\"name\":\"SEMSA\",\"description\":\"Secretaria Municipal de Sa\u00fade\",\"alternateName\":\"Secretaria Municipal de Sa\u00fade\",\"potentialAction\":[{\"@type\":\"SearchAction\",\"target\":{\"@type\":\"EntryPoint\",\"urlTemplate\":\"https:\/\/www.manaus.am.gov.br\/semsa\/?s={search_term_string}\"},\"query-input\":\"required name=search_term_string\"}],\"inLanguage\":\"pt-BR\"}]}<\/script>\n<!-- \/ Yoast SEO plugin. -->","yoast_head_json":{"title":"Sele\u00e7\u00e3o de Preceptores Multiprofissionais - SEMSA","robots":{"index":"index","follow":"follow","max-snippet":"max-snippet:-1","max-image-preview":"max-image-preview:large","max-video-preview":"max-video-preview:-1"},"canonical":"https:\/\/www.manaus.am.gov.br\/semsa\/selecao-de-preceptores-multiprofissionais\/","og_locale":"pt_BR","og_type":"article","og_title":"Sele\u00e7\u00e3o de Preceptores Multiprofissionais - SEMSA","og_url":"https:\/\/www.manaus.am.gov.br\/semsa\/selecao-de-preceptores-multiprofissionais\/","og_site_name":"SEMSA","article_modified_time":"2023-04-19T22:55:14+00:00","og_image":[{"width":966,"height":520,"url":"https:\/\/www.manaus.am.gov.br\/semsa\/wp-content\/uploads\/sites\/8\/2024\/07\/thumb-default-2.png","type":"image\/png"}],"twitter_card":"summary_large_image","twitter_misc":{"Est. reading time":"1 minuto"},"schema":{"@context":"https:\/\/schema.org","@graph":[{"@type":"WebPage","@id":"https:\/\/www.manaus.am.gov.br\/semsa\/selecao-de-preceptores-multiprofissionais\/","url":"https:\/\/www.manaus.am.gov.br\/semsa\/selecao-de-preceptores-multiprofissionais\/","name":"Sele\u00e7\u00e3o de Preceptores Multiprofissionais - SEMSA","isPartOf":{"@id":"https:\/\/www.manaus.am.gov.br\/semsa\/#website"},"datePublished":"2023-04-19T22:50:28+00:00","dateModified":"2023-04-19T22:55:14+00:00","inLanguage":"pt-BR","potentialAction":[{"@type":"ReadAction","target":["https:\/\/www.manaus.am.gov.br\/semsa\/selecao-de-preceptores-multiprofissionais\/"]}]},{"@type":"WebSite","@id":"https:\/\/www.manaus.am.gov.br\/semsa\/#website","url":"https:\/\/www.manaus.am.gov.br\/semsa\/","name":"SEMSA","description":"Secretaria Municipal de Sa\u00fade","alternateName":"Secretaria Municipal de Sa\u00fade","potentialAction":[{"@type":"SearchAction","target":{"@type":"EntryPoint","urlTemplate":"https:\/\/www.manaus.am.gov.br\/semsa\/?s={search_term_string}"},"query-input":"required name=search_term_string"}],"inLanguage":"pt-BR"}]}},"_links":{"self":[{"href":"https:\/\/www.manaus.am.gov.br\/semsa\/wp-json\/wp\/v2\/pages\/211942"}],"collection":[{"href":"https:\/\/www.manaus.am.gov.br\/semsa\/wp-json\/wp\/v2\/pages"}],"about":[{"href":"https:\/\/www.manaus.am.gov.br\/semsa\/wp-json\/wp\/v2\/types\/page"}],"author":[{"embeddable":true,"href":"https:\/\/www.manaus.am.gov.br\/semsa\/wp-json\/wp\/v2\/users\/27"}],"replies":[{"embeddable":true,"href":"https:\/\/www.manaus.am.gov.br\/semsa\/wp-json\/wp\/v2\/comments?post=211942"}],"version-history":[{"count":3,"href":"https:\/\/www.manaus.am.gov.br\/semsa\/wp-json\/wp\/v2\/pages\/211942\/revisions"}],"predecessor-version":[{"id":211955,"href":"https:\/\/www.manaus.am.gov.br\/semsa\/wp-json\/wp\/v2\/pages\/211942\/revisions\/211955"}],"wp:attachment":[{"href":"https:\/\/www.manaus.am.gov.br\/semsa\/wp-json\/wp\/v2\/media?parent=211942"}],"curies":[{"name":"wp","href":"https:\/\/api.w.org\/{rel}","templated":true}]}}

Seleção de Preceptores Multiprofissionais

<p>Link para inscrição –  <a href="https://psesap.manaus.am.gov.br/" target="_blank" rel="noreferrer noopener">https://psesap.manaus.am.gov.br/</a></p>



<p></p>



<h2 class="wp-block-heading"><a href="https://www.manaus.am.gov.br/semsa/wp-content/uploads/sites/8/2023/04/Edital_preceptores.pdf" target="_blank" rel="noreferrer noopener">Edital Nº 002/2018 – SEMSA</a></h2>



<h2 class="wp-block-heading"><a href="https://www.manaus.am.gov.br/semsa/wp-content/uploads/sites/8/2023/04/Prorrogacao-de-Inscricoes.pdf" target="_blank" rel="noreferrer noopener">Prorrogação de Inscrições</a></h2>



<h2 class="wp-block-heading"><a href="https://www.manaus.am.gov.br/semsa/wp-content/uploads/sites/8/2023/04/1.ETAPA-_-RESULTADO-PRELIMINAR-211120181.pdf" target="_blank" rel="noreferrer noopener">Resultado Preliminar – 1ª Etapa</a></h2>



<h2 class="wp-block-heading"><a href="https://www.manaus.am.gov.br/semsa/wp-content/uploads/sites/8/2023/04/2.-RESULTADO-RECURSOS_ETAPA-1.pdf" target="_blank" rel="noreferrer noopener">Resultado dos Recursos Interpostos – 1ª Etapa</a></h2>



<h2 class="wp-block-heading"><a href="https://www.manaus.am.gov.br/semsa/wp-content/uploads/sites/8/2023/04/3.-RESULTADO-FINAL-_ETAPA-1-e-CONVOCACAO-OFICINA.pdf" target="_blank" rel="noreferrer noopener">Resultado Final – 1ª Etapa e Convocação para Oficina de Formação</a></h2>



<h2 class="wp-block-heading"><a href="https://www.manaus.am.gov.br/semsa/wp-content/uploads/sites/8/2023/04/RESULTADO-PRELIMINAR-2-etapa.pdf" target="_blank" rel="noreferrer noopener">Resultado Preliminar – 2 ª Etapa</a></h2>



<h2 class="wp-block-heading"><a href="https://www.manaus.am.gov.br/semsa/wp-content/uploads/sites/8/2023/04/4.-RESULTADO-FINAL-_-ETAPA-2-1.pdf" target="_blank" rel="noreferrer noopener">Resultado Final- 2ª Etapa</a></h2>



<h2 class="wp-block-heading"><a href="https://www.manaus.am.gov.br/semsa/wp-content/uploads/sites/8/2023/04/Convocacao-para-matricula-preceptores-multiprofissional-1.pdf" target="_blank" rel="noreferrer noopener">1ª. Convocação – Adesão e Matrícula no Promais</a></h2>



<p></p>

<!-- This site is optimized with the Yoast SEO plugin v23.0 - https://yoast.com/wordpress/plugins/seo/ -->
<title>Seleção de Preceptores Multiprofissionais - SEMSA</title>
<meta name="robots" content="index, follow, max-snippet:-1, max-image-preview:large, max-video-preview:-1" />
<link rel="canonical" href="https://www.manaus.am.gov.br/semsa/selecao-de-preceptores-multiprofissionais/" />
<meta property="og:locale" content="pt_BR" />
<meta property="og:type" content="article" />
<meta property="og:title" content="Seleção de Preceptores Multiprofissionais - SEMSA" />
<meta property="og:url" content="https://www.manaus.am.gov.br/semsa/selecao-de-preceptores-multiprofissionais/" />
<meta property="og:site_name" content="SEMSA" />
<meta property="article:modified_time" content="2023-04-19T22:55:14+00:00" />
<meta property="og:image" content="https://www.manaus.am.gov.br/semsa/wp-content/uploads/sites/8/2024/07/thumb-default-2.png" />
	<meta property="og:image:width" content="966" />
	<meta property="og:image:height" content="520" />
	<meta property="og:image:type" content="image/png" />
<meta name="twitter:card" content="summary_large_image" />
<meta name="twitter:label1" content="Est. reading time" />
	<meta name="twitter:data1" content="1 minuto" />
<script type="application/ld+json" class="yoast-schema-graph">{"@context":"https://schema.org","@graph":[{"@type":"WebPage","@id":"https://www.manaus.am.gov.br/semsa/selecao-de-preceptores-multiprofissionais/","url":"https://www.manaus.am.gov.br/semsa/selecao-de-preceptores-multiprofissionais/","name":"Seleção de Preceptores Multiprofissionais - SEMSA","isPartOf":{"@id":"https://www.manaus.am.gov.br/semsa/#website"},"datePublished":"2023-04-19T22:50:28+00:00","dateModified":"2023-04-19T22:55:14+00:00","inLanguage":"pt-BR","potentialAction":[{"@type":"ReadAction","target":["https://www.manaus.am.gov.br/semsa/selecao-de-preceptores-multiprofissionais/"]}]},{"@type":"WebSite","@id":"https://www.manaus.am.gov.br/semsa/#website","url":"https://www.manaus.am.gov.br/semsa/","name":"SEMSA","description":"Secretaria Municipal de Saúde","alternateName":"Secretaria Municipal de Saúde","potentialAction":[{"@type":"SearchAction","target":{"@type":"EntryPoint","urlTemplate":"https://www.manaus.am.gov.br/semsa/?s={search_term_string}"},"query-input":"required name=search_term_string"}],"inLanguage":"pt-BR"}]}</script>
<!-- / Yoast SEO plugin. -->

Seleção de Preceptores Multiprofissionais - SEMSA

Secretaria Municipal de Saúde
