{"id":211928,"date":"2023-04-19T18:40:53","date_gmt":"2023-04-19T22:40:53","guid":{"rendered":"https:\/\/www.manaus.am.gov.br\/semsa\/?page_id=211928"},"modified":"2023-04-19T18:49:17","modified_gmt":"2023-04-19T22:49:17","slug":"selecao-de-nutricionistas-psicologos-educador-fisico-assistente-social-fisioterapeuta-e-psiquiatra","status":"publish","type":"page","link":"https:\/\/www.manaus.am.gov.br\/semsa\/selecao-de-nutricionistas-psicologos-educador-fisico-assistente-social-fisioterapeuta-e-psiquiatra\/","title":{"rendered":"Sele\u00e7\u00e3o de Nutricionistas, Psic\u00f3logos, Educador F\u00edsico, Assistente Social, Fisioterapeuta e Psiquiatra"},"content":{"rendered":"\n<p>Link para inscri\u00e7\u00e3o:\u00a0\u00a0<a href=\"https:\/\/psesap.manaus.am.gov.br\/\" target=\"_blank\" rel=\"noreferrer noopener\">https:\/\/psesap.manaus.am.gov.br\/<\/a><\/p>\n\n\n\n<p><\/p>\n\n\n\n<h2 class=\"wp-block-heading\"><a href=\"https:\/\/www.manaus.am.gov.br\/semsa\/wp-content\/uploads\/sites\/8\/2023\/04\/RESULTADO-PRELIMINAR-_-ETAPA-1.pdf\" target=\"_blank\" rel=\"noreferrer noopener\">Resultado Preliminar- 1\u00ba Etapa<\/a><\/h2>\n\n\n\n<h2 class=\"wp-block-heading\"><a href=\"https:\/\/www.manaus.am.gov.br\/semsa\/wp-content\/uploads\/sites\/8\/2023\/04\/Resultado-do-julgamento_recursos.pdf\" target=\"_blank\" rel=\"noreferrer noopener\">Resultado do Julgamento dos Recursos \u2013 1\u00aa Etapa<\/a><\/h2>\n\n\n\n<h2 class=\"wp-block-heading\"><a href=\"https:\/\/www.manaus.am.gov.br\/semsa\/wp-content\/uploads\/sites\/8\/2023\/04\/Resultado-1-etapa-convocacao.pdf\" target=\"_blank\" rel=\"noreferrer noopener\">Resultado \u2013 1\u00aa Etapa e Convoca\u00e7\u00e3o para o Curso de Integra\u00e7\u00e3o<\/a><\/h2>\n\n\n\n<h2 class=\"wp-block-heading\"><a href=\"https:\/\/www.manaus.am.gov.br\/semsa\/wp-content\/uploads\/sites\/8\/2023\/04\/ALUNOS-II-1o-RESULTADO-RECURSOS-_-RETIFICACAO-1.pdf\" target=\"_blank\" rel=\"noreferrer noopener\">Retifica\u00e7\u00e3o do Resultado do Julgamento dos Recursos<\/a><\/h2>\n\n\n\n<h2 class=\"wp-block-heading\"><a href=\"https:\/\/www.manaus.am.gov.br\/semsa\/wp-content\/uploads\/sites\/8\/2023\/04\/6.-RESULTADO-FINAL-PRELIMINAR-_-2a-ETAPA.pdf\" target=\"_blank\" rel=\"noreferrer noopener\">Resultado Final Preliminar \u2013 2\u00aa Etapa<\/a><\/h2>\n\n\n\n<h2 class=\"wp-block-heading\"><a href=\"https:\/\/www.manaus.am.gov.br\/semsa\/wp-content\/uploads\/sites\/8\/2023\/04\/Resultado-do-Julgamentos-dos-recursos-2o-Etapa.pdf\" target=\"_blank\" rel=\"noreferrer noopener\">Resultado do Julgamentos dos Recursos \u2013 2\u00ba Etapa<\/a><\/h2>\n\n\n\n<h2 class=\"wp-block-heading\"><a href=\"https:\/\/www.manaus.am.gov.br\/semsa\/wp-content\/uploads\/sites\/8\/2023\/04\/Resultado-Final-2aetap-e-convocacao.pdf\" target=\"_blank\" rel=\"noreferrer noopener\">Resultado Final- 2\u00aa Etapa e Convoca\u00e7\u00e3o para a Matricula\u00a0<\/a><\/h2>\n\n\n\n<h2 class=\"wp-block-heading\"><a href=\"https:\/\/www.manaus.am.gov.br\/semsa\/wp-content\/uploads\/sites\/8\/2023\/04\/Retificacao-do-resultado-final-e-convocacao.pdf\" target=\"_blank\" rel=\"noreferrer noopener\">Retifica\u00e7\u00e3o do Resultado Final- 2\u00aa Etapa e Convoca\u00e7\u00e3o para a Matr\u00edcula<\/a><\/h2>\n\n\n\n<h2 class=\"wp-block-heading\"><a href=\"https:\/\/www.manaus.am.gov.br\/semsa\/wp-content\/uploads\/sites\/8\/2023\/04\/2a.-Convocacao-para-matricula-e-aula-inaugural-_-psicologo.pdf\" target=\"_blank\" rel=\"noreferrer noopener\">2\u00aa. Convoca\u00e7\u00e3o \u2013 Ades\u00e3o e Matr\u00edcula no Promais<\/a><\/h2>\n\n\n\n<p><\/p>\n\n\n\n<p><\/p>\n\n\n\n<p><\/p>\n\n\n\n<p><\/p>\n\n\n\n<p><\/p>\n\n\n\n<p><\/p>\n\n\n\n<p><\/p>\n\n\n\n<p><\/p>\n","protected":false},"excerpt":{"rendered":"","protected":false},"author":27,"featured_media":0,"parent":0,"menu_order":0,"comment_status":"closed","ping_status":"closed","template":"templates\/prefeitura.php","meta":{"footnotes":""},"acf":[],"yoast_head":"<!-- This site is optimized with the Yoast SEO plugin v23.0 - https:\/\/yoast.com\/wordpress\/plugins\/seo\/ -->\n<title>Sele\u00e7\u00e3o de Nutricionistas, Psic\u00f3logos, Educador F\u00edsico, Assistente Social, Fisioterapeuta e Psiquiatra - SEMSA<\/title>\n<meta name=\"robots\" content=\"index, follow, max-snippet:-1, max-image-preview:large, max-video-preview:-1\" \/>\n<link rel=\"canonical\" href=\"https:\/\/www.manaus.am.gov.br\/semsa\/selecao-de-nutricionistas-psicologos-educador-fisico-assistente-social-fisioterapeuta-e-psiquiatra\/\" \/>\n<meta property=\"og:locale\" content=\"pt_BR\" \/>\n<meta property=\"og:type\" content=\"article\" \/>\n<meta property=\"og:title\" content=\"Sele\u00e7\u00e3o de Nutricionistas, Psic\u00f3logos, Educador F\u00edsico, Assistente Social, Fisioterapeuta e Psiquiatra - SEMSA\" \/>\n<meta property=\"og:url\" content=\"https:\/\/www.manaus.am.gov.br\/semsa\/selecao-de-nutricionistas-psicologos-educador-fisico-assistente-social-fisioterapeuta-e-psiquiatra\/\" \/>\n<meta property=\"og:site_name\" content=\"SEMSA\" \/>\n<meta property=\"article:modified_time\" content=\"2023-04-19T22:49:17+00:00\" \/>\n<meta property=\"og:image\" content=\"https:\/\/www.manaus.am.gov.br\/semsa\/wp-content\/uploads\/sites\/8\/2024\/07\/thumb-default-2.png\" \/>\n\t<meta property=\"og:image:width\" content=\"966\" \/>\n\t<meta property=\"og:image:height\" content=\"520\" \/>\n\t<meta property=\"og:image:type\" content=\"image\/png\" \/>\n<meta name=\"twitter:card\" content=\"summary_large_image\" \/>\n<meta name=\"twitter:label1\" content=\"Est. reading time\" \/>\n\t<meta name=\"twitter:data1\" content=\"1 minuto\" \/>\n<script type=\"application\/ld+json\" class=\"yoast-schema-graph\">{\"@context\":\"https:\/\/schema.org\",\"@graph\":[{\"@type\":\"WebPage\",\"@id\":\"https:\/\/www.manaus.am.gov.br\/semsa\/selecao-de-nutricionistas-psicologos-educador-fisico-assistente-social-fisioterapeuta-e-psiquiatra\/\",\"url\":\"https:\/\/www.manaus.am.gov.br\/semsa\/selecao-de-nutricionistas-psicologos-educador-fisico-assistente-social-fisioterapeuta-e-psiquiatra\/\",\"name\":\"Sele\u00e7\u00e3o de Nutricionistas, Psic\u00f3logos, Educador F\u00edsico, Assistente Social, Fisioterapeuta e Psiquiatra - SEMSA\",\"isPartOf\":{\"@id\":\"https:\/\/www.manaus.am.gov.br\/semsa\/#website\"},\"datePublished\":\"2023-04-19T22:40:53+00:00\",\"dateModified\":\"2023-04-19T22:49:17+00:00\",\"inLanguage\":\"pt-BR\",\"potentialAction\":[{\"@type\":\"ReadAction\",\"target\":[\"https:\/\/www.manaus.am.gov.br\/semsa\/selecao-de-nutricionistas-psicologos-educador-fisico-assistente-social-fisioterapeuta-e-psiquiatra\/\"]}]},{\"@type\":\"WebSite\",\"@id\":\"https:\/\/www.manaus.am.gov.br\/semsa\/#website\",\"url\":\"https:\/\/www.manaus.am.gov.br\/semsa\/\",\"name\":\"SEMSA\",\"description\":\"Secretaria Municipal de Sa\u00fade\",\"alternateName\":\"Secretaria Municipal de Sa\u00fade\",\"potentialAction\":[{\"@type\":\"SearchAction\",\"target\":{\"@type\":\"EntryPoint\",\"urlTemplate\":\"https:\/\/www.manaus.am.gov.br\/semsa\/?s={search_term_string}\"},\"query-input\":\"required name=search_term_string\"}],\"inLanguage\":\"pt-BR\"}]}<\/script>\n<!-- \/ Yoast SEO plugin. -->","yoast_head_json":{"title":"Sele\u00e7\u00e3o de Nutricionistas, Psic\u00f3logos, Educador F\u00edsico, Assistente Social, Fisioterapeuta e Psiquiatra - SEMSA","robots":{"index":"index","follow":"follow","max-snippet":"max-snippet:-1","max-image-preview":"max-image-preview:large","max-video-preview":"max-video-preview:-1"},"canonical":"https:\/\/www.manaus.am.gov.br\/semsa\/selecao-de-nutricionistas-psicologos-educador-fisico-assistente-social-fisioterapeuta-e-psiquiatra\/","og_locale":"pt_BR","og_type":"article","og_title":"Sele\u00e7\u00e3o de Nutricionistas, Psic\u00f3logos, Educador F\u00edsico, Assistente Social, Fisioterapeuta e Psiquiatra - SEMSA","og_url":"https:\/\/www.manaus.am.gov.br\/semsa\/selecao-de-nutricionistas-psicologos-educador-fisico-assistente-social-fisioterapeuta-e-psiquiatra\/","og_site_name":"SEMSA","article_modified_time":"2023-04-19T22:49:17+00:00","og_image":[{"width":966,"height":520,"url":"https:\/\/www.manaus.am.gov.br\/semsa\/wp-content\/uploads\/sites\/8\/2024\/07\/thumb-default-2.png","type":"image\/png"}],"twitter_card":"summary_large_image","twitter_misc":{"Est. reading time":"1 minuto"},"schema":{"@context":"https:\/\/schema.org","@graph":[{"@type":"WebPage","@id":"https:\/\/www.manaus.am.gov.br\/semsa\/selecao-de-nutricionistas-psicologos-educador-fisico-assistente-social-fisioterapeuta-e-psiquiatra\/","url":"https:\/\/www.manaus.am.gov.br\/semsa\/selecao-de-nutricionistas-psicologos-educador-fisico-assistente-social-fisioterapeuta-e-psiquiatra\/","name":"Sele\u00e7\u00e3o de Nutricionistas, Psic\u00f3logos, Educador F\u00edsico, Assistente Social, Fisioterapeuta e Psiquiatra - SEMSA","isPartOf":{"@id":"https:\/\/www.manaus.am.gov.br\/semsa\/#website"},"datePublished":"2023-04-19T22:40:53+00:00","dateModified":"2023-04-19T22:49:17+00:00","inLanguage":"pt-BR","potentialAction":[{"@type":"ReadAction","target":["https:\/\/www.manaus.am.gov.br\/semsa\/selecao-de-nutricionistas-psicologos-educador-fisico-assistente-social-fisioterapeuta-e-psiquiatra\/"]}]},{"@type":"WebSite","@id":"https:\/\/www.manaus.am.gov.br\/semsa\/#website","url":"https:\/\/www.manaus.am.gov.br\/semsa\/","name":"SEMSA","description":"Secretaria Municipal de Sa\u00fade","alternateName":"Secretaria Municipal de Sa\u00fade","potentialAction":[{"@type":"SearchAction","target":{"@type":"EntryPoint","urlTemplate":"https:\/\/www.manaus.am.gov.br\/semsa\/?s={search_term_string}"},"query-input":"required name=search_term_string"}],"inLanguage":"pt-BR"}]}},"_links":{"self":[{"href":"https:\/\/www.manaus.am.gov.br\/semsa\/wp-json\/wp\/v2\/pages\/211928"}],"collection":[{"href":"https:\/\/www.manaus.am.gov.br\/semsa\/wp-json\/wp\/v2\/pages"}],"about":[{"href":"https:\/\/www.manaus.am.gov.br\/semsa\/wp-json\/wp\/v2\/types\/page"}],"author":[{"embeddable":true,"href":"https:\/\/www.manaus.am.gov.br\/semsa\/wp-json\/wp\/v2\/users\/27"}],"replies":[{"embeddable":true,"href":"https:\/\/www.manaus.am.gov.br\/semsa\/wp-json\/wp\/v2\/comments?post=211928"}],"version-history":[{"count":2,"href":"https:\/\/www.manaus.am.gov.br\/semsa\/wp-json\/wp\/v2\/pages\/211928\/revisions"}],"predecessor-version":[{"id":211941,"href":"https:\/\/www.manaus.am.gov.br\/semsa\/wp-json\/wp\/v2\/pages\/211928\/revisions\/211941"}],"wp:attachment":[{"href":"https:\/\/www.manaus.am.gov.br\/semsa\/wp-json\/wp\/v2\/media?parent=211928"}],"curies":[{"name":"wp","href":"https:\/\/api.w.org\/{rel}","templated":true}]}}

Seleção de Nutricionistas, Psicólogos, Educador Físico, Assistente Social, Fisioterapeuta e Psiquiatra

<p>Link para inscrição:  <a href="https://psesap.manaus.am.gov.br/" target="_blank" rel="noreferrer noopener">https://psesap.manaus.am.gov.br/</a></p>



<p></p>



<h2 class="wp-block-heading"><a href="https://www.manaus.am.gov.br/semsa/wp-content/uploads/sites/8/2023/04/RESULTADO-PRELIMINAR-_-ETAPA-1.pdf" target="_blank" rel="noreferrer noopener">Resultado Preliminar- 1º Etapa</a></h2>



<h2 class="wp-block-heading"><a href="https://www.manaus.am.gov.br/semsa/wp-content/uploads/sites/8/2023/04/Resultado-do-julgamento_recursos.pdf" target="_blank" rel="noreferrer noopener">Resultado do Julgamento dos Recursos – 1ª Etapa</a></h2>



<h2 class="wp-block-heading"><a href="https://www.manaus.am.gov.br/semsa/wp-content/uploads/sites/8/2023/04/Resultado-1-etapa-convocacao.pdf" target="_blank" rel="noreferrer noopener">Resultado – 1ª Etapa e Convocação para o Curso de Integração</a></h2>



<h2 class="wp-block-heading"><a href="https://www.manaus.am.gov.br/semsa/wp-content/uploads/sites/8/2023/04/ALUNOS-II-1o-RESULTADO-RECURSOS-_-RETIFICACAO-1.pdf" target="_blank" rel="noreferrer noopener">Retificação do Resultado do Julgamento dos Recursos</a></h2>



<h2 class="wp-block-heading"><a href="https://www.manaus.am.gov.br/semsa/wp-content/uploads/sites/8/2023/04/6.-RESULTADO-FINAL-PRELIMINAR-_-2a-ETAPA.pdf" target="_blank" rel="noreferrer noopener">Resultado Final Preliminar – 2ª Etapa</a></h2>



<h2 class="wp-block-heading"><a href="https://www.manaus.am.gov.br/semsa/wp-content/uploads/sites/8/2023/04/Resultado-do-Julgamentos-dos-recursos-2o-Etapa.pdf" target="_blank" rel="noreferrer noopener">Resultado do Julgamentos dos Recursos – 2º Etapa</a></h2>



<h2 class="wp-block-heading"><a href="https://www.manaus.am.gov.br/semsa/wp-content/uploads/sites/8/2023/04/Resultado-Final-2aetap-e-convocacao.pdf" target="_blank" rel="noreferrer noopener">Resultado Final- 2ª Etapa e Convocação para a Matricula </a></h2>



<h2 class="wp-block-heading"><a href="https://www.manaus.am.gov.br/semsa/wp-content/uploads/sites/8/2023/04/Retificacao-do-resultado-final-e-convocacao.pdf" target="_blank" rel="noreferrer noopener">Retificação do Resultado Final- 2ª Etapa e Convocação para a Matrícula</a></h2>



<h2 class="wp-block-heading"><a href="https://www.manaus.am.gov.br/semsa/wp-content/uploads/sites/8/2023/04/2a.-Convocacao-para-matricula-e-aula-inaugural-_-psicologo.pdf" target="_blank" rel="noreferrer noopener">2ª. Convocação – Adesão e Matrícula no Promais</a></h2>



<p></p>



<p></p>



<p></p>



<p></p>



<p></p>



<p></p>



<p></p>



<p></p>

<!-- This site is optimized with the Yoast SEO plugin v23.0 - https://yoast.com/wordpress/plugins/seo/ -->
<title>Seleção de Nutricionistas, Psicólogos, Educador Físico, Assistente Social, Fisioterapeuta e Psiquiatra - SEMSA</title>
<meta name="robots" content="index, follow, max-snippet:-1, max-image-preview:large, max-video-preview:-1" />
<link rel="canonical" href="https://www.manaus.am.gov.br/semsa/selecao-de-nutricionistas-psicologos-educador-fisico-assistente-social-fisioterapeuta-e-psiquiatra/" />
<meta property="og:locale" content="pt_BR" />
<meta property="og:type" content="article" />
<meta property="og:title" content="Seleção de Nutricionistas, Psicólogos, Educador Físico, Assistente Social, Fisioterapeuta e Psiquiatra - SEMSA" />
<meta property="og:url" content="https://www.manaus.am.gov.br/semsa/selecao-de-nutricionistas-psicologos-educador-fisico-assistente-social-fisioterapeuta-e-psiquiatra/" />
<meta property="og:site_name" content="SEMSA" />
<meta property="article:modified_time" content="2023-04-19T22:49:17+00:00" />
<meta property="og:image" content="https://www.manaus.am.gov.br/semsa/wp-content/uploads/sites/8/2024/07/thumb-default-2.png" />
	<meta property="og:image:width" content="966" />
	<meta property="og:image:height" content="520" />
	<meta property="og:image:type" content="image/png" />
<meta name="twitter:card" content="summary_large_image" />
<meta name="twitter:label1" content="Est. reading time" />
	<meta name="twitter:data1" content="1 minuto" />
<script type="application/ld+json" class="yoast-schema-graph">{"@context":"https://schema.org","@graph":[{"@type":"WebPage","@id":"https://www.manaus.am.gov.br/semsa/selecao-de-nutricionistas-psicologos-educador-fisico-assistente-social-fisioterapeuta-e-psiquiatra/","url":"https://www.manaus.am.gov.br/semsa/selecao-de-nutricionistas-psicologos-educador-fisico-assistente-social-fisioterapeuta-e-psiquiatra/","name":"Seleção de Nutricionistas, Psicólogos, Educador Físico, Assistente Social, Fisioterapeuta e Psiquiatra - SEMSA","isPartOf":{"@id":"https://www.manaus.am.gov.br/semsa/#website"},"datePublished":"2023-04-19T22:40:53+00:00","dateModified":"2023-04-19T22:49:17+00:00","inLanguage":"pt-BR","potentialAction":[{"@type":"ReadAction","target":["https://www.manaus.am.gov.br/semsa/selecao-de-nutricionistas-psicologos-educador-fisico-assistente-social-fisioterapeuta-e-psiquiatra/"]}]},{"@type":"WebSite","@id":"https://www.manaus.am.gov.br/semsa/#website","url":"https://www.manaus.am.gov.br/semsa/","name":"SEMSA","description":"Secretaria Municipal de Saúde","alternateName":"Secretaria Municipal de Saúde","potentialAction":[{"@type":"SearchAction","target":{"@type":"EntryPoint","urlTemplate":"https://www.manaus.am.gov.br/semsa/?s={search_term_string}"},"query-input":"required name=search_term_string"}],"inLanguage":"pt-BR"}]}</script>
<!-- / Yoast SEO plugin. -->

Seleção de Nutricionistas, Psicólogos, Educador Físico, Assistente Social, Fisioterapeuta e Psiquiatra - SEMSA

Secretaria Municipal de Saúde
