{"id":210628,"date":"2023-02-13T09:49:25","date_gmt":"2023-02-13T13:49:25","guid":{"rendered":"https:\/\/www.manaus.am.gov.br\/semsa\/?page_id=210628"},"modified":"2025-01-20T14:28:19","modified_gmt":"2025-01-20T18:28:19","slug":"fale-conosco","status":"publish","type":"page","link":"https:\/\/www.manaus.am.gov.br\/semsa\/conselho-municipal-de-saude\/fale-conosco\/","title":{"rendered":"Fale Conosco"},"content":{"rendered":"\n<p><strong>Endere\u00e7o:<\/strong> Rua Comandante Paulo Lasmar, s\/n &#8211; Conj. Santos Dumont, Bairro da Paz<br><strong>E-mail:<\/strong> cms.sms@pmm.am.gov.br \/ cmsmanaus@gmail.com<br><strong>Contato:<\/strong> (92) 98842-7397<br>Den\u00fancias, Reclama\u00e7\u00f5es ou Elogios: 0800 280 8485<\/p>\n\n\n\n<p><strong>Diretoria Executiva do CMS\/MAO<\/strong><\/p>\n\n\n\n<p><strong>Presidente:<\/strong> Elson Moreira de Melo<br><strong>Segmento<\/strong>: Representants de Usu\u00e1rios do Sistema \u00danico de Sa\u00fade \u2013 SUS<br><strong>E-mail:<\/strong> 65.elson@gmail.com<\/p>\n\n\n\n<p><strong>Vice-Presidente<\/strong>: Jorge Luiz Maia Carneiro<br><strong>Segmento:<\/strong> Representante de Trabalhadores do Sistema \u00danico de Sa\u00fade &#8211; SUS<br><strong>E-mail: <\/strong>jorge_vet@hotmail.com<\/p>\n\n\n\n<p><strong>1\u00aa Secret\u00e1ria:<\/strong> \u00c2ngela Maria Loureiro da Silva<br><strong>Segmento:<\/strong> Representantes de Governo e de Entidades Prestadoras de Servi\u00e7os de Sa\u00fade<br><strong>E-mail:<\/strong> angela.silva@pmm.am.gov.br<\/p>\n\n\n\n<p><strong>2\u00ba Secret\u00e1rio:<\/strong> Barone de Castro<br><strong>Segmento:<\/strong> Representantes de Usu\u00e1rios do Sistema \u00danico de Sa\u00fade \u2013 SUS<br><strong>E-mail:<\/strong> 65barone@gmail.com<\/p>\n","protected":false},"excerpt":{"rendered":"","protected":false},"author":27,"featured_media":0,"parent":208278,"menu_order":0,"comment_status":"closed","ping_status":"closed","template":"","meta":{"footnotes":""},"acf":[],"yoast_head":"<!-- This site is optimized with the Yoast SEO plugin v23.0 - https:\/\/yoast.com\/wordpress\/plugins\/seo\/ -->\n<title>Fale Conosco - SEMSA<\/title>\n<meta name=\"robots\" content=\"index, follow, max-snippet:-1, max-image-preview:large, max-video-preview:-1\" \/>\n<link rel=\"canonical\" href=\"https:\/\/www.manaus.am.gov.br\/semsa\/conselho-municipal-de-saude\/fale-conosco\/\" \/>\n<meta property=\"og:locale\" content=\"pt_BR\" \/>\n<meta property=\"og:type\" content=\"article\" \/>\n<meta property=\"og:title\" content=\"Fale Conosco - SEMSA\" \/>\n<meta property=\"og:url\" content=\"https:\/\/www.manaus.am.gov.br\/semsa\/conselho-municipal-de-saude\/fale-conosco\/\" \/>\n<meta property=\"og:site_name\" content=\"SEMSA\" \/>\n<meta property=\"article:modified_time\" content=\"2025-01-20T18:28:19+00:00\" \/>\n<meta property=\"og:image\" content=\"https:\/\/www.manaus.am.gov.br\/semsa\/wp-content\/uploads\/sites\/8\/2024\/07\/thumb-default-2.png\" \/>\n\t<meta property=\"og:image:width\" content=\"966\" \/>\n\t<meta property=\"og:image:height\" content=\"520\" \/>\n\t<meta property=\"og:image:type\" content=\"image\/png\" \/>\n<meta name=\"twitter:card\" content=\"summary_large_image\" \/>\n<meta name=\"twitter:label1\" content=\"Est. reading time\" \/>\n\t<meta name=\"twitter:data1\" content=\"1 minuto\" \/>\n<script type=\"application\/ld+json\" class=\"yoast-schema-graph\">{\"@context\":\"https:\/\/schema.org\",\"@graph\":[{\"@type\":\"WebPage\",\"@id\":\"https:\/\/www.manaus.am.gov.br\/semsa\/conselho-municipal-de-saude\/fale-conosco\/\",\"url\":\"https:\/\/www.manaus.am.gov.br\/semsa\/conselho-municipal-de-saude\/fale-conosco\/\",\"name\":\"Fale Conosco - SEMSA\",\"isPartOf\":{\"@id\":\"https:\/\/www.manaus.am.gov.br\/semsa\/#website\"},\"datePublished\":\"2023-02-13T13:49:25+00:00\",\"dateModified\":\"2025-01-20T18:28:19+00:00\",\"breadcrumb\":{\"@id\":\"https:\/\/www.manaus.am.gov.br\/semsa\/conselho-municipal-de-saude\/fale-conosco\/#breadcrumb\"},\"inLanguage\":\"pt-BR\",\"potentialAction\":[{\"@type\":\"ReadAction\",\"target\":[\"https:\/\/www.manaus.am.gov.br\/semsa\/conselho-municipal-de-saude\/fale-conosco\/\"]}]},{\"@type\":\"BreadcrumbList\",\"@id\":\"https:\/\/www.manaus.am.gov.br\/semsa\/conselho-municipal-de-saude\/fale-conosco\/#breadcrumb\",\"itemListElement\":[{\"@type\":\"ListItem\",\"position\":1,\"name\":\"Conselho Municipal de Sa\u00fade\",\"item\":\"https:\/\/www.manaus.am.gov.br\/semsa\/conselho-municipal-de-saude\/\"},{\"@type\":\"ListItem\",\"position\":2,\"name\":\"Fale Conosco\"}]},{\"@type\":\"WebSite\",\"@id\":\"https:\/\/www.manaus.am.gov.br\/semsa\/#website\",\"url\":\"https:\/\/www.manaus.am.gov.br\/semsa\/\",\"name\":\"SEMSA\",\"description\":\"Secretaria Municipal de Sa\u00fade\",\"alternateName\":\"Secretaria Municipal de Sa\u00fade\",\"potentialAction\":[{\"@type\":\"SearchAction\",\"target\":{\"@type\":\"EntryPoint\",\"urlTemplate\":\"https:\/\/www.manaus.am.gov.br\/semsa\/?s={search_term_string}\"},\"query-input\":\"required name=search_term_string\"}],\"inLanguage\":\"pt-BR\"}]}<\/script>\n<!-- \/ Yoast SEO plugin. -->","yoast_head_json":{"title":"Fale Conosco - SEMSA","robots":{"index":"index","follow":"follow","max-snippet":"max-snippet:-1","max-image-preview":"max-image-preview:large","max-video-preview":"max-video-preview:-1"},"canonical":"https:\/\/www.manaus.am.gov.br\/semsa\/conselho-municipal-de-saude\/fale-conosco\/","og_locale":"pt_BR","og_type":"article","og_title":"Fale Conosco - SEMSA","og_url":"https:\/\/www.manaus.am.gov.br\/semsa\/conselho-municipal-de-saude\/fale-conosco\/","og_site_name":"SEMSA","article_modified_time":"2025-01-20T18:28:19+00:00","og_image":[{"width":966,"height":520,"url":"https:\/\/www.manaus.am.gov.br\/semsa\/wp-content\/uploads\/sites\/8\/2024\/07\/thumb-default-2.png","type":"image\/png"}],"twitter_card":"summary_large_image","twitter_misc":{"Est. reading time":"1 minuto"},"schema":{"@context":"https:\/\/schema.org","@graph":[{"@type":"WebPage","@id":"https:\/\/www.manaus.am.gov.br\/semsa\/conselho-municipal-de-saude\/fale-conosco\/","url":"https:\/\/www.manaus.am.gov.br\/semsa\/conselho-municipal-de-saude\/fale-conosco\/","name":"Fale Conosco - SEMSA","isPartOf":{"@id":"https:\/\/www.manaus.am.gov.br\/semsa\/#website"},"datePublished":"2023-02-13T13:49:25+00:00","dateModified":"2025-01-20T18:28:19+00:00","breadcrumb":{"@id":"https:\/\/www.manaus.am.gov.br\/semsa\/conselho-municipal-de-saude\/fale-conosco\/#breadcrumb"},"inLanguage":"pt-BR","potentialAction":[{"@type":"ReadAction","target":["https:\/\/www.manaus.am.gov.br\/semsa\/conselho-municipal-de-saude\/fale-conosco\/"]}]},{"@type":"BreadcrumbList","@id":"https:\/\/www.manaus.am.gov.br\/semsa\/conselho-municipal-de-saude\/fale-conosco\/#breadcrumb","itemListElement":[{"@type":"ListItem","position":1,"name":"Conselho Municipal de Sa\u00fade","item":"https:\/\/www.manaus.am.gov.br\/semsa\/conselho-municipal-de-saude\/"},{"@type":"ListItem","position":2,"name":"Fale Conosco"}]},{"@type":"WebSite","@id":"https:\/\/www.manaus.am.gov.br\/semsa\/#website","url":"https:\/\/www.manaus.am.gov.br\/semsa\/","name":"SEMSA","description":"Secretaria Municipal de Sa\u00fade","alternateName":"Secretaria Municipal de Sa\u00fade","potentialAction":[{"@type":"SearchAction","target":{"@type":"EntryPoint","urlTemplate":"https:\/\/www.manaus.am.gov.br\/semsa\/?s={search_term_string}"},"query-input":"required name=search_term_string"}],"inLanguage":"pt-BR"}]}},"_links":{"self":[{"href":"https:\/\/www.manaus.am.gov.br\/semsa\/wp-json\/wp\/v2\/pages\/210628"}],"collection":[{"href":"https:\/\/www.manaus.am.gov.br\/semsa\/wp-json\/wp\/v2\/pages"}],"about":[{"href":"https:\/\/www.manaus.am.gov.br\/semsa\/wp-json\/wp\/v2\/types\/page"}],"author":[{"embeddable":true,"href":"https:\/\/www.manaus.am.gov.br\/semsa\/wp-json\/wp\/v2\/users\/27"}],"replies":[{"embeddable":true,"href":"https:\/\/www.manaus.am.gov.br\/semsa\/wp-json\/wp\/v2\/comments?post=210628"}],"version-history":[{"count":3,"href":"https:\/\/www.manaus.am.gov.br\/semsa\/wp-json\/wp\/v2\/pages\/210628\/revisions"}],"predecessor-version":[{"id":220126,"href":"https:\/\/www.manaus.am.gov.br\/semsa\/wp-json\/wp\/v2\/pages\/210628\/revisions\/220126"}],"up":[{"embeddable":true,"href":"https:\/\/www.manaus.am.gov.br\/semsa\/wp-json\/wp\/v2\/pages\/208278"}],"wp:attachment":[{"href":"https:\/\/www.manaus.am.gov.br\/semsa\/wp-json\/wp\/v2\/media?parent=210628"}],"curies":[{"name":"wp","href":"https:\/\/api.w.org\/{rel}","templated":true}]}}

<p><strong>Endereço:</strong> Rua Comandante Paulo Lasmar, s/n &#8211; Conj. Santos Dumont, Bairro da Paz<br><strong>E-mail:</strong> cms.sms@pmm.am.gov.br / cmsmanaus@gmail.com<br><strong>Contato:</strong> (92) 98842-7397<br>Denúncias, Reclamações ou Elogios: 0800 280 8485</p>



<p><strong>Diretoria Executiva do CMS/MAO</strong></p>



<p><strong>Presidente:</strong> Elson Moreira de Melo<br><strong>Segmento</strong>: Representants de Usuários do Sistema Único de Saúde – SUS<br><strong>E-mail:</strong> 65.elson@gmail.com</p>



<p><strong>Vice-Presidente</strong>: Jorge Luiz Maia Carneiro<br><strong>Segmento:</strong> Representante de Trabalhadores do Sistema Único de Saúde &#8211; SUS<br><strong>E-mail: </strong>jorge_vet@hotmail.com</p>



<p><strong>1ª Secretária:</strong> Ângela Maria Loureiro da Silva<br><strong>Segmento:</strong> Representantes de Governo e de Entidades Prestadoras de Serviços de Saúde<br><strong>E-mail:</strong> angela.silva@pmm.am.gov.br</p>



<p><strong>2º Secretário:</strong> Barone de Castro<br><strong>Segmento:</strong> Representantes de Usuários do Sistema Único de Saúde – SUS<br><strong>E-mail:</strong> 65barone@gmail.com</p>

<!-- This site is optimized with the Yoast SEO plugin v23.0 - https://yoast.com/wordpress/plugins/seo/ -->
<title>Fale Conosco - SEMSA</title>
<meta name="robots" content="index, follow, max-snippet:-1, max-image-preview:large, max-video-preview:-1" />
<link rel="canonical" href="https://www.manaus.am.gov.br/semsa/conselho-municipal-de-saude/fale-conosco/" />
<meta property="og:locale" content="pt_BR" />
<meta property="og:type" content="article" />
<meta property="og:title" content="Fale Conosco - SEMSA" />
<meta property="og:url" content="https://www.manaus.am.gov.br/semsa/conselho-municipal-de-saude/fale-conosco/" />
<meta property="og:site_name" content="SEMSA" />
<meta property="article:modified_time" content="2025-01-20T18:28:19+00:00" />
<meta property="og:image" content="https://www.manaus.am.gov.br/semsa/wp-content/uploads/sites/8/2024/07/thumb-default-2.png" />
	<meta property="og:image:width" content="966" />
	<meta property="og:image:height" content="520" />
	<meta property="og:image:type" content="image/png" />
<meta name="twitter:card" content="summary_large_image" />
<meta name="twitter:label1" content="Est. reading time" />
	<meta name="twitter:data1" content="1 minuto" />
<script type="application/ld+json" class="yoast-schema-graph">{"@context":"https://schema.org","@graph":[{"@type":"WebPage","@id":"https://www.manaus.am.gov.br/semsa/conselho-municipal-de-saude/fale-conosco/","url":"https://www.manaus.am.gov.br/semsa/conselho-municipal-de-saude/fale-conosco/","name":"Fale Conosco - SEMSA","isPartOf":{"@id":"https://www.manaus.am.gov.br/semsa/#website"},"datePublished":"2023-02-13T13:49:25+00:00","dateModified":"2025-01-20T18:28:19+00:00","breadcrumb":{"@id":"https://www.manaus.am.gov.br/semsa/conselho-municipal-de-saude/fale-conosco/#breadcrumb"},"inLanguage":"pt-BR","potentialAction":[{"@type":"ReadAction","target":["https://www.manaus.am.gov.br/semsa/conselho-municipal-de-saude/fale-conosco/"]}]},{"@type":"BreadcrumbList","@id":"https://www.manaus.am.gov.br/semsa/conselho-municipal-de-saude/fale-conosco/#breadcrumb","itemListElement":[{"@type":"ListItem","position":1,"name":"Conselho Municipal de Saúde","item":"https://www.manaus.am.gov.br/semsa/conselho-municipal-de-saude/"},{"@type":"ListItem","position":2,"name":"Fale Conosco"}]},{"@type":"WebSite","@id":"https://www.manaus.am.gov.br/semsa/#website","url":"https://www.manaus.am.gov.br/semsa/","name":"SEMSA","description":"Secretaria Municipal de Saúde","alternateName":"Secretaria Municipal de Saúde","potentialAction":[{"@type":"SearchAction","target":{"@type":"EntryPoint","urlTemplate":"https://www.manaus.am.gov.br/semsa/?s={search_term_string}"},"query-input":"required name=search_term_string"}],"inLanguage":"pt-BR"}]}</script>
<!-- / Yoast SEO plugin. -->

Conselho Municipal de Saúde

Secretaria Municipal de Saúde
