{"id":210055,"date":"2023-01-23T23:41:01","date_gmt":"2023-01-24T03:41:01","guid":{"rendered":"https:\/\/www.manaus.am.gov.br\/semsa\/?page_id=210055"},"modified":"2025-09-26T09:17:03","modified_gmt":"2025-09-26T13:17:03","slug":"qualidade-de-vida-no-trabalho","status":"publish","type":"page","link":"https:\/\/www.manaus.am.gov.br\/semsa\/qualidade-de-vida-no-trabalho\/","title":{"rendered":"Qualidade de Vida no Trabalho"},"content":{"rendered":"\n<p><strong>\u00c1rea Respons\u00e1vel:<\/strong>\u00a0Divis\u00e3o de Qualidade de Vida no Trabalho \u2013 Diqvt\/Gtrab\/Dtrab<br><strong>Contatos:\u00a0<\/strong>92 98842-8469<br><strong>E-mail:<\/strong>\u00a0ssocial.semsa@pmm.am.gov.br\u00a0 \u00a0diqvt.semsa@pmm.am.gov.br<\/p>\n\n\n\n<h3 class=\"wp-block-heading\">O que \u00e9?<\/h3>\n\n\n\n<p>A Divis\u00e3o de Qualidade de Vida no Trabalho \u00e9 um setor que foi criado com o intuito de manter e melhorar o ambiente de trabalho, seja em suas condi\u00e7\u00f5es f\u00edsicas, de higiene e seguran\u00e7a, bem como nas condi\u00e7\u00f5es psicol\u00f3gicas e sociais dos servidores, dentro do contexto organizacional, aplicando projetos que visem maior bem-estar e a promo\u00e7\u00e3o da sa\u00fade e seguran\u00e7a do trabalhador, levando \u00e0 melhoria da ambi\u00eancia do local de trabalho, refletindo na qualidade de vida do servidor interna e externamente, culminando com o crescimento pessoal e organizacional.<\/p>\n\n\n\n<h3 class=\"wp-block-heading\">Eixos de trabalho<\/h3>\n\n\n\n<p>Promo\u00e7\u00e3o e Valoriza\u00e7\u00e3o do Servidor; &#8211; Medicina do Trabalho; &#8211; Seguran\u00e7a do Trabalho.<\/p>\n\n\n\n<h3 class=\"wp-block-heading\">Legisla\u00e7\u00f5es:<\/h3>\n\n\n\n<p><a href=\"https:\/\/leismunicipais.com.br\/a\/am\/m\/manaus\/lei-ordinaria\/2008\/123\/1222\/lei-ordinaria-n-1222-2008-dispoe-sobre-o-plano-de-cargos-carreiras-e-subsidios-dos-subsidios-dos-servidores-publicos-da-saude-seu-quantitativo-e-correspondente-subsidio-e-adota-outras-providencias\" target=\"_blank\" rel=\"noreferrer noopener\">LEI N\u00ba 1.222, DE 26 DE MAR\u00c7O DE 2008<\/a><\/p>\n\n\n\n<p>Disp\u00f5e sobre o plano de cargos, carreiras e subs\u00eddios dos subs\u00eddios dos servidores p\u00fablicos da sa\u00fade, seu quantitativo e correspondente subsidio, e adota outras provid\u00eancias.<\/p>\n\n\n\n<p><a href=\"https:\/\/leismunicipais.com.br\/a\/am\/m\/manaus\/lei-ordinaria\/2008\/122\/1223\/lei-ordinaria-n-1223-2008-dispoe-sobre-o-plano-de-cargos-carreiras-e-subsidios-dos-subsidios-do-especialista-em-saude-medico-seu-quantitativo-e-correspondente-subsidio-e-adota-outras-providencias\" target=\"_blank\" rel=\"noreferrer noopener\">LEI N\u00ba 1.223, DE 26 DE MAR\u00c7O DE 2008<\/a><\/p>\n\n\n\n<p>Disp\u00f5e sobre o plano de cargos, carreiras e subs\u00eddios dos subs\u00eddios do especialista em sa\u00fade &#8211; m\u00e9dico, seu quantitativo e correspondente subs\u00eddio, e adota outras provid\u00eancias.<\/p>\n\n\n\n<h3 class=\"wp-block-heading\">Normas Regulamentadoras do Minist\u00e9rio do Trabalho:<\/h3>\n\n\n\n<p>NR-07 \u2013&nbsp;PCMSO&nbsp;(Programa de Controle M\u00e9dico de Sa\u00fade Ocupacional);<br>NR-09 \u2013&nbsp;PPRA&nbsp;(Programa de Preven\u00e7\u00e3o de Riscos Ambientais).<\/p>\n","protected":false},"excerpt":{"rendered":"","protected":false},"author":27,"featured_media":0,"parent":0,"menu_order":0,"comment_status":"closed","ping_status":"closed","template":"templates\/turismo.php","meta":{"footnotes":""},"acf":[],"yoast_head":"<!-- This site is optimized with the Yoast SEO plugin v23.0 - https:\/\/yoast.com\/wordpress\/plugins\/seo\/ -->\n<title>Qualidade de Vida no Trabalho - SEMSA<\/title>\n<meta name=\"robots\" content=\"index, follow, max-snippet:-1, max-image-preview:large, max-video-preview:-1\" \/>\n<link rel=\"canonical\" href=\"https:\/\/www.manaus.am.gov.br\/semsa\/qualidade-de-vida-no-trabalho\/\" \/>\n<meta property=\"og:locale\" content=\"pt_BR\" \/>\n<meta property=\"og:type\" content=\"article\" \/>\n<meta property=\"og:title\" content=\"Qualidade de Vida no Trabalho - SEMSA\" \/>\n<meta property=\"og:url\" content=\"https:\/\/www.manaus.am.gov.br\/semsa\/qualidade-de-vida-no-trabalho\/\" \/>\n<meta property=\"og:site_name\" content=\"SEMSA\" \/>\n<meta property=\"article:modified_time\" content=\"2025-09-26T13:17:03+00:00\" \/>\n<meta property=\"og:image\" content=\"https:\/\/www.manaus.am.gov.br\/semsa\/wp-content\/uploads\/sites\/8\/2024\/07\/thumb-default-2.png\" \/>\n\t<meta property=\"og:image:width\" content=\"966\" \/>\n\t<meta property=\"og:image:height\" content=\"520\" \/>\n\t<meta property=\"og:image:type\" content=\"image\/png\" \/>\n<meta name=\"twitter:card\" content=\"summary_large_image\" \/>\n<meta name=\"twitter:label1\" content=\"Est. reading time\" \/>\n\t<meta name=\"twitter:data1\" content=\"2 minutos\" \/>\n<script type=\"application\/ld+json\" class=\"yoast-schema-graph\">{\"@context\":\"https:\/\/schema.org\",\"@graph\":[{\"@type\":\"WebPage\",\"@id\":\"https:\/\/www.manaus.am.gov.br\/semsa\/qualidade-de-vida-no-trabalho\/\",\"url\":\"https:\/\/www.manaus.am.gov.br\/semsa\/qualidade-de-vida-no-trabalho\/\",\"name\":\"Qualidade de Vida no Trabalho - SEMSA\",\"isPartOf\":{\"@id\":\"https:\/\/www.manaus.am.gov.br\/semsa\/#website\"},\"datePublished\":\"2023-01-24T03:41:01+00:00\",\"dateModified\":\"2025-09-26T13:17:03+00:00\",\"inLanguage\":\"pt-BR\",\"potentialAction\":[{\"@type\":\"ReadAction\",\"target\":[\"https:\/\/www.manaus.am.gov.br\/semsa\/qualidade-de-vida-no-trabalho\/\"]}]},{\"@type\":\"WebSite\",\"@id\":\"https:\/\/www.manaus.am.gov.br\/semsa\/#website\",\"url\":\"https:\/\/www.manaus.am.gov.br\/semsa\/\",\"name\":\"SEMSA\",\"description\":\"Secretaria Municipal de Sa\u00fade\",\"alternateName\":\"Secretaria Municipal de Sa\u00fade\",\"potentialAction\":[{\"@type\":\"SearchAction\",\"target\":{\"@type\":\"EntryPoint\",\"urlTemplate\":\"https:\/\/www.manaus.am.gov.br\/semsa\/?s={search_term_string}\"},\"query-input\":\"required name=search_term_string\"}],\"inLanguage\":\"pt-BR\"}]}<\/script>\n<!-- \/ Yoast SEO plugin. -->","yoast_head_json":{"title":"Qualidade de Vida no Trabalho - SEMSA","robots":{"index":"index","follow":"follow","max-snippet":"max-snippet:-1","max-image-preview":"max-image-preview:large","max-video-preview":"max-video-preview:-1"},"canonical":"https:\/\/www.manaus.am.gov.br\/semsa\/qualidade-de-vida-no-trabalho\/","og_locale":"pt_BR","og_type":"article","og_title":"Qualidade de Vida no Trabalho - SEMSA","og_url":"https:\/\/www.manaus.am.gov.br\/semsa\/qualidade-de-vida-no-trabalho\/","og_site_name":"SEMSA","article_modified_time":"2025-09-26T13:17:03+00:00","og_image":[{"width":966,"height":520,"url":"https:\/\/www.manaus.am.gov.br\/semsa\/wp-content\/uploads\/sites\/8\/2024\/07\/thumb-default-2.png","type":"image\/png"}],"twitter_card":"summary_large_image","twitter_misc":{"Est. reading time":"2 minutos"},"schema":{"@context":"https:\/\/schema.org","@graph":[{"@type":"WebPage","@id":"https:\/\/www.manaus.am.gov.br\/semsa\/qualidade-de-vida-no-trabalho\/","url":"https:\/\/www.manaus.am.gov.br\/semsa\/qualidade-de-vida-no-trabalho\/","name":"Qualidade de Vida no Trabalho - SEMSA","isPartOf":{"@id":"https:\/\/www.manaus.am.gov.br\/semsa\/#website"},"datePublished":"2023-01-24T03:41:01+00:00","dateModified":"2025-09-26T13:17:03+00:00","inLanguage":"pt-BR","potentialAction":[{"@type":"ReadAction","target":["https:\/\/www.manaus.am.gov.br\/semsa\/qualidade-de-vida-no-trabalho\/"]}]},{"@type":"WebSite","@id":"https:\/\/www.manaus.am.gov.br\/semsa\/#website","url":"https:\/\/www.manaus.am.gov.br\/semsa\/","name":"SEMSA","description":"Secretaria Municipal de Sa\u00fade","alternateName":"Secretaria Municipal de Sa\u00fade","potentialAction":[{"@type":"SearchAction","target":{"@type":"EntryPoint","urlTemplate":"https:\/\/www.manaus.am.gov.br\/semsa\/?s={search_term_string}"},"query-input":"required name=search_term_string"}],"inLanguage":"pt-BR"}]}},"_links":{"self":[{"href":"https:\/\/www.manaus.am.gov.br\/semsa\/wp-json\/wp\/v2\/pages\/210055"}],"collection":[{"href":"https:\/\/www.manaus.am.gov.br\/semsa\/wp-json\/wp\/v2\/pages"}],"about":[{"href":"https:\/\/www.manaus.am.gov.br\/semsa\/wp-json\/wp\/v2\/types\/page"}],"author":[{"embeddable":true,"href":"https:\/\/www.manaus.am.gov.br\/semsa\/wp-json\/wp\/v2\/users\/27"}],"replies":[{"embeddable":true,"href":"https:\/\/www.manaus.am.gov.br\/semsa\/wp-json\/wp\/v2\/comments?post=210055"}],"version-history":[{"count":9,"href":"https:\/\/www.manaus.am.gov.br\/semsa\/wp-json\/wp\/v2\/pages\/210055\/revisions"}],"predecessor-version":[{"id":225591,"href":"https:\/\/www.manaus.am.gov.br\/semsa\/wp-json\/wp\/v2\/pages\/210055\/revisions\/225591"}],"wp:attachment":[{"href":"https:\/\/www.manaus.am.gov.br\/semsa\/wp-json\/wp\/v2\/media?parent=210055"}],"curies":[{"name":"wp","href":"https:\/\/api.w.org\/{rel}","templated":true}]}}

<p><strong>Área Responsável:</strong> Divisão de Qualidade de Vida no Trabalho – Diqvt/Gtrab/Dtrab<br><strong>Contatos: </strong>92 98842-8469<br><strong>E-mail:</strong> ssocial.semsa@pmm.am.gov.br   diqvt.semsa@pmm.am.gov.br</p>



<h3 class="wp-block-heading">O que é?</h3>



<p>A Divisão de Qualidade de Vida no Trabalho é um setor que foi criado com o intuito de manter e melhorar o ambiente de trabalho, seja em suas condições físicas, de higiene e segurança, bem como nas condições psicológicas e sociais dos servidores, dentro do contexto organizacional, aplicando projetos que visem maior bem-estar e a promoção da saúde e segurança do trabalhador, levando à melhoria da ambiência do local de trabalho, refletindo na qualidade de vida do servidor interna e externamente, culminando com o crescimento pessoal e organizacional.</p>



<h3 class="wp-block-heading">Eixos de trabalho</h3>



<p>Promoção e Valorização do Servidor; &#8211; Medicina do Trabalho; &#8211; Segurança do Trabalho.</p>



<h3 class="wp-block-heading">Legislações:</h3>



<p><a href="https://leismunicipais.com.br/a/am/m/manaus/lei-ordinaria/2008/123/1222/lei-ordinaria-n-1222-2008-dispoe-sobre-o-plano-de-cargos-carreiras-e-subsidios-dos-subsidios-dos-servidores-publicos-da-saude-seu-quantitativo-e-correspondente-subsidio-e-adota-outras-providencias" target="_blank" rel="noreferrer noopener">LEI Nº 1.222, DE 26 DE MARÇO DE 2008</a></p>



<p>Dispõe sobre o plano de cargos, carreiras e subsídios dos subsídios dos servidores públicos da saúde, seu quantitativo e correspondente subsidio, e adota outras providências.</p>



<p><a href="https://leismunicipais.com.br/a/am/m/manaus/lei-ordinaria/2008/122/1223/lei-ordinaria-n-1223-2008-dispoe-sobre-o-plano-de-cargos-carreiras-e-subsidios-dos-subsidios-do-especialista-em-saude-medico-seu-quantitativo-e-correspondente-subsidio-e-adota-outras-providencias" target="_blank" rel="noreferrer noopener">LEI Nº 1.223, DE 26 DE MARÇO DE 2008</a></p>



<p>Dispõe sobre o plano de cargos, carreiras e subsídios dos subsídios do especialista em saúde &#8211; médico, seu quantitativo e correspondente subsídio, e adota outras providências.</p>



<h3 class="wp-block-heading">Normas Regulamentadoras do Ministério do Trabalho:</h3>



<p>NR-07 –&nbsp;PCMSO&nbsp;(Programa de Controle Médico de Saúde Ocupacional);<br>NR-09 –&nbsp;PPRA&nbsp;(Programa de Prevenção de Riscos Ambientais).</p>

<!-- This site is optimized with the Yoast SEO plugin v23.0 - https://yoast.com/wordpress/plugins/seo/ -->
<title>Qualidade de Vida no Trabalho - SEMSA</title>
<meta name="robots" content="index, follow, max-snippet:-1, max-image-preview:large, max-video-preview:-1" />
<link rel="canonical" href="https://www.manaus.am.gov.br/semsa/qualidade-de-vida-no-trabalho/" />
<meta property="og:locale" content="pt_BR" />
<meta property="og:type" content="article" />
<meta property="og:title" content="Qualidade de Vida no Trabalho - SEMSA" />
<meta property="og:url" content="https://www.manaus.am.gov.br/semsa/qualidade-de-vida-no-trabalho/" />
<meta property="og:site_name" content="SEMSA" />
<meta property="article:modified_time" content="2025-09-26T13:17:03+00:00" />
<meta property="og:image" content="https://www.manaus.am.gov.br/semsa/wp-content/uploads/sites/8/2024/07/thumb-default-2.png" />
	<meta property="og:image:width" content="966" />
	<meta property="og:image:height" content="520" />
	<meta property="og:image:type" content="image/png" />
<meta name="twitter:card" content="summary_large_image" />
<meta name="twitter:label1" content="Est. reading time" />
	<meta name="twitter:data1" content="2 minutos" />
<script type="application/ld+json" class="yoast-schema-graph">{"@context":"https://schema.org","@graph":[{"@type":"WebPage","@id":"https://www.manaus.am.gov.br/semsa/qualidade-de-vida-no-trabalho/","url":"https://www.manaus.am.gov.br/semsa/qualidade-de-vida-no-trabalho/","name":"Qualidade de Vida no Trabalho - SEMSA","isPartOf":{"@id":"https://www.manaus.am.gov.br/semsa/#website"},"datePublished":"2023-01-24T03:41:01+00:00","dateModified":"2025-09-26T13:17:03+00:00","inLanguage":"pt-BR","potentialAction":[{"@type":"ReadAction","target":["https://www.manaus.am.gov.br/semsa/qualidade-de-vida-no-trabalho/"]}]},{"@type":"WebSite","@id":"https://www.manaus.am.gov.br/semsa/#website","url":"https://www.manaus.am.gov.br/semsa/","name":"SEMSA","description":"Secretaria Municipal de Saúde","alternateName":"Secretaria Municipal de Saúde","potentialAction":[{"@type":"SearchAction","target":{"@type":"EntryPoint","urlTemplate":"https://www.manaus.am.gov.br/semsa/?s={search_term_string}"},"query-input":"required name=search_term_string"}],"inLanguage":"pt-BR"}]}</script>
<!-- / Yoast SEO plugin. -->

Secretaria Municipal de Saúde
