{"id":209755,"date":"2023-01-23T14:55:02","date_gmt":"2023-01-23T18:55:02","guid":{"rendered":"https:\/\/www.manaus.am.gov.br\/semsa\/?page_id=209755"},"modified":"2023-01-23T15:29:13","modified_gmt":"2023-01-23T19:29:13","slug":"videos","status":"publish","type":"page","link":"https:\/\/www.manaus.am.gov.br\/semsa\/videos\/","title":{"rendered":"V\u00eddeos"},"content":{"rendered":"\n<ul>\n<li><a href=\"https:\/\/www.manaus.am.gov.br\/semsa\/wp-content\/uploads\/sites\/8\/2023\/01\/Chat-Saude-Online.mp4\" target=\"_blank\" rel=\"noreferrer noopener\">Chat Sa\u00fade Online<\/a><\/li>\n\n\n\n<li><a href=\"https:\/\/www.manaus.am.gov.br\/semsa\/wp-content\/uploads\/sites\/8\/2023\/01\/Prefeitura-nas-Ruas-Fiqueemcasa.mp4\" target=\"_blank\" rel=\"noreferrer noopener\">Prefeitura nas Ruas &#8211; #FiqueEmCasa<\/a><\/li>\n\n\n\n<li><a href=\"https:\/\/www.manaus.am.gov.br\/semsa\/wp-content\/uploads\/sites\/8\/2023\/01\/Prefeitura-nas-Ruas-acoes-contra-o-novo-coronavirus.mp4\" target=\"_blank\" rel=\"noreferrer noopener\">Prefeitura nas Ruas &#8211; A\u00e7\u00f5es contra o Novo Coronav\u00edrus<\/a><\/li>\n\n\n\n<li><a href=\"https:\/\/www.manaus.am.gov.br\/semsa\/wp-content\/uploads\/sites\/8\/2023\/01\/Prevencao-ao-Coronavirus.mp4\" target=\"_blank\" rel=\"noreferrer noopener\">Preven\u00e7\u00e3o ao Coronav\u00edrus<\/a><\/li>\n\n\n\n<li><a href=\"https:\/\/www.manaus.am.gov.br\/semsa\/wp-content\/uploads\/sites\/8\/2023\/01\/Prevencao-Coronavirus.mp4\" target=\"_blank\" rel=\"noreferrer noopener\">Preven\u00e7\u00e3o Coronav\u00edrus<\/a><\/li>\n\n\n\n<li><a href=\"https:\/\/www.manaus.am.gov.br\/semsa\/wp-content\/uploads\/sites\/8\/2023\/01\/Prevencao-Novo-Coronavirus.mp4\" target=\"_blank\" rel=\"noreferrer noopener\">Preven\u00e7\u00e3o Novo Coronav\u00edrus<\/a><\/li>\n\n\n\n<li><a href=\"https:\/\/www.manaus.am.gov.br\/semsa\/wp-content\/uploads\/sites\/8\/2023\/01\/Use-mascara-Covid19.mp4\" target=\"_blank\" rel=\"noreferrer noopener\">Use m\u00e1scara<\/a><\/li>\n\n\n\n<li><a href=\"https:\/\/www.manaus.am.gov.br\/semsa\/wp-content\/uploads\/sites\/8\/2023\/01\/Xo-Coronavirus-Prefeitura-de-Manaus.mp4\" target=\"_blank\" rel=\"noreferrer noopener\">X\u00f4, Coronav\u00edrus<\/a><\/li>\n\n\n\n<li><a href=\"https:\/\/www.manaus.am.gov.br\/semsa\/wp-content\/uploads\/sites\/8\/2023\/01\/Aprenda-como-fazer-sua-MASCARA-de-pano-em-alguns-passos..mp4\" target=\"_blank\" rel=\"noreferrer noopener\">Aprenda como fazer sua m\u00e1scara de pano em alguns passos<\/a><\/li>\n\n\n\n<li><a href=\"https:\/\/www.manaus.am.gov.br\/semsa\/wp-content\/uploads\/sites\/8\/2023\/01\/Prefeitura-nas-Ruas-Hospital-de-Campanha.mp4\" target=\"_blank\" rel=\"noreferrer noopener\">Prefeitura nas Ruas &#8211; Hospital de Campanha<\/a><\/li>\n\n\n\n<li><a href=\"https:\/\/www.manaus.am.gov.br\/semsa\/wp-content\/uploads\/sites\/8\/2023\/01\/Prefeitura-nas-Ruas-Telemonitoramento.mp4\" target=\"_blank\" rel=\"noreferrer noopener\">Prefeitura nas Ruas &#8211; Telemonitoramento<\/a><\/li>\n\n\n\n<li><a href=\"https:\/\/www.manaus.am.gov.br\/semsa\/wp-content\/uploads\/sites\/8\/2023\/01\/Prefeitura-nas-Ruas-UBS-Doutor-Luiz-Montenegro.mp4\" target=\"_blank\" rel=\"noreferrer noopener\">Prefeitura nas Ruas &#8211; UBS Doutor Luiz Montenegro<\/a><\/li>\n\n\n\n<li><a href=\"https:\/\/www.manaus.am.gov.br\/semsa\/wp-content\/uploads\/sites\/8\/2023\/01\/PMM-PEIXE-PITIU_alt_ALTA.mp4\" target=\"_blank\" rel=\"noreferrer noopener\">Peixe Piti\u00fa<\/a><\/li>\n\n\n\n<li><a href=\"https:\/\/www.manaus.am.gov.br\/semsa\/wp-content\/uploads\/sites\/8\/2023\/01\/PM_Evite-locais-ate-o-tucupi-de-gente_ALTA.mp4\" target=\"_blank\" rel=\"noreferrer noopener\">Evite locais at\u00e9 o tucupi de gente<\/a><\/li>\n\n\n\n<li><a href=\"https:\/\/www.manaus.am.gov.br\/semsa\/wp-content\/uploads\/sites\/8\/2023\/01\/Habitos_Higiene.mp4\" target=\"_blank\" rel=\"noreferrer noopener\">H\u00e1bitos de higiene<\/a><\/li>\n\n\n\n<li><a href=\"https:\/\/www.manaus.am.gov.br\/semsa\/wp-content\/uploads\/sites\/8\/2023\/01\/VID-20200620-WA0007.mp4\" target=\"_blank\" rel=\"noreferrer noopener\">Ao sair de casa use m\u00e1scara<\/a><\/li>\n\n\n\n<li><a href=\"https:\/\/www.manaus.am.gov.br\/semsa\/wp-content\/uploads\/sites\/8\/2023\/01\/VID-20200620-WA0015.mp4\" target=\"_blank\" rel=\"noreferrer noopener\">Mantenha o isolamento social &#8211; 1<\/a><\/li>\n\n\n\n<li><a href=\"https:\/\/www.manaus.am.gov.br\/semsa\/wp-content\/uploads\/sites\/8\/2023\/01\/VID-20200620-WA0016.mp4\" target=\"_blank\" rel=\"noreferrer noopener\">Mantenha o isolamento social &#8211; 2<\/a><\/li>\n<\/ul>\n","protected":false},"excerpt":{"rendered":"","protected":false},"author":27,"featured_media":0,"parent":0,"menu_order":0,"comment_status":"closed","ping_status":"closed","template":"","meta":{"footnotes":""},"acf":[],"yoast_head":"<!-- This site is optimized with the Yoast SEO plugin v23.0 - https:\/\/yoast.com\/wordpress\/plugins\/seo\/ -->\n<title>V\u00eddeos - SEMSA<\/title>\n<meta name=\"robots\" content=\"index, follow, max-snippet:-1, max-image-preview:large, max-video-preview:-1\" \/>\n<link rel=\"canonical\" href=\"https:\/\/www.manaus.am.gov.br\/semsa\/campanha-publicitaria__trashed\/videos\/\" \/>\n<meta property=\"og:locale\" content=\"pt_BR\" \/>\n<meta property=\"og:type\" content=\"article\" \/>\n<meta property=\"og:title\" content=\"V\u00eddeos - SEMSA\" \/>\n<meta property=\"og:url\" content=\"https:\/\/www.manaus.am.gov.br\/semsa\/campanha-publicitaria__trashed\/videos\/\" \/>\n<meta property=\"og:site_name\" content=\"SEMSA\" \/>\n<meta property=\"article:modified_time\" content=\"2023-01-23T19:29:13+00:00\" \/>\n<meta property=\"og:image\" content=\"https:\/\/www.manaus.am.gov.br\/semsa\/wp-content\/uploads\/sites\/8\/2024\/07\/thumb-default-2.png\" \/>\n\t<meta property=\"og:image:width\" content=\"966\" \/>\n\t<meta property=\"og:image:height\" content=\"520\" \/>\n\t<meta property=\"og:image:type\" content=\"image\/png\" \/>\n<meta name=\"twitter:card\" content=\"summary_large_image\" \/>\n<meta name=\"twitter:label1\" content=\"Est. reading time\" \/>\n\t<meta name=\"twitter:data1\" content=\"1 minuto\" \/>\n<script type=\"application\/ld+json\" class=\"yoast-schema-graph\">{\"@context\":\"https:\/\/schema.org\",\"@graph\":[{\"@type\":\"WebPage\",\"@id\":\"https:\/\/www.manaus.am.gov.br\/semsa\/campanha-publicitaria__trashed\/videos\/\",\"url\":\"https:\/\/www.manaus.am.gov.br\/semsa\/campanha-publicitaria__trashed\/videos\/\",\"name\":\"V\u00eddeos - SEMSA\",\"isPartOf\":{\"@id\":\"https:\/\/www.manaus.am.gov.br\/semsa\/#website\"},\"datePublished\":\"2023-01-23T18:55:02+00:00\",\"dateModified\":\"2023-01-23T19:29:13+00:00\",\"inLanguage\":\"pt-BR\",\"potentialAction\":[{\"@type\":\"ReadAction\",\"target\":[\"https:\/\/www.manaus.am.gov.br\/semsa\/campanha-publicitaria__trashed\/videos\/\"]}]},{\"@type\":\"WebSite\",\"@id\":\"https:\/\/www.manaus.am.gov.br\/semsa\/#website\",\"url\":\"https:\/\/www.manaus.am.gov.br\/semsa\/\",\"name\":\"SEMSA\",\"description\":\"Secretaria Municipal de Sa\u00fade\",\"alternateName\":\"Secretaria Municipal de Sa\u00fade\",\"potentialAction\":[{\"@type\":\"SearchAction\",\"target\":{\"@type\":\"EntryPoint\",\"urlTemplate\":\"https:\/\/www.manaus.am.gov.br\/semsa\/?s={search_term_string}\"},\"query-input\":\"required name=search_term_string\"}],\"inLanguage\":\"pt-BR\"}]}<\/script>\n<!-- \/ Yoast SEO plugin. -->","yoast_head_json":{"title":"V\u00eddeos - SEMSA","robots":{"index":"index","follow":"follow","max-snippet":"max-snippet:-1","max-image-preview":"max-image-preview:large","max-video-preview":"max-video-preview:-1"},"canonical":"https:\/\/www.manaus.am.gov.br\/semsa\/campanha-publicitaria__trashed\/videos\/","og_locale":"pt_BR","og_type":"article","og_title":"V\u00eddeos - SEMSA","og_url":"https:\/\/www.manaus.am.gov.br\/semsa\/campanha-publicitaria__trashed\/videos\/","og_site_name":"SEMSA","article_modified_time":"2023-01-23T19:29:13+00:00","og_image":[{"width":966,"height":520,"url":"https:\/\/www.manaus.am.gov.br\/semsa\/wp-content\/uploads\/sites\/8\/2024\/07\/thumb-default-2.png","type":"image\/png"}],"twitter_card":"summary_large_image","twitter_misc":{"Est. reading time":"1 minuto"},"schema":{"@context":"https:\/\/schema.org","@graph":[{"@type":"WebPage","@id":"https:\/\/www.manaus.am.gov.br\/semsa\/campanha-publicitaria__trashed\/videos\/","url":"https:\/\/www.manaus.am.gov.br\/semsa\/campanha-publicitaria__trashed\/videos\/","name":"V\u00eddeos - SEMSA","isPartOf":{"@id":"https:\/\/www.manaus.am.gov.br\/semsa\/#website"},"datePublished":"2023-01-23T18:55:02+00:00","dateModified":"2023-01-23T19:29:13+00:00","inLanguage":"pt-BR","potentialAction":[{"@type":"ReadAction","target":["https:\/\/www.manaus.am.gov.br\/semsa\/campanha-publicitaria__trashed\/videos\/"]}]},{"@type":"WebSite","@id":"https:\/\/www.manaus.am.gov.br\/semsa\/#website","url":"https:\/\/www.manaus.am.gov.br\/semsa\/","name":"SEMSA","description":"Secretaria Municipal de Sa\u00fade","alternateName":"Secretaria Municipal de Sa\u00fade","potentialAction":[{"@type":"SearchAction","target":{"@type":"EntryPoint","urlTemplate":"https:\/\/www.manaus.am.gov.br\/semsa\/?s={search_term_string}"},"query-input":"required name=search_term_string"}],"inLanguage":"pt-BR"}]}},"_links":{"self":[{"href":"https:\/\/www.manaus.am.gov.br\/semsa\/wp-json\/wp\/v2\/pages\/209755"}],"collection":[{"href":"https:\/\/www.manaus.am.gov.br\/semsa\/wp-json\/wp\/v2\/pages"}],"about":[{"href":"https:\/\/www.manaus.am.gov.br\/semsa\/wp-json\/wp\/v2\/types\/page"}],"author":[{"embeddable":true,"href":"https:\/\/www.manaus.am.gov.br\/semsa\/wp-json\/wp\/v2\/users\/27"}],"replies":[{"embeddable":true,"href":"https:\/\/www.manaus.am.gov.br\/semsa\/wp-json\/wp\/v2\/comments?post=209755"}],"version-history":[{"count":2,"href":"https:\/\/www.manaus.am.gov.br\/semsa\/wp-json\/wp\/v2\/pages\/209755\/revisions"}],"predecessor-version":[{"id":209777,"href":"https:\/\/www.manaus.am.gov.br\/semsa\/wp-json\/wp\/v2\/pages\/209755\/revisions\/209777"}],"wp:attachment":[{"href":"https:\/\/www.manaus.am.gov.br\/semsa\/wp-json\/wp\/v2\/media?parent=209755"}],"curies":[{"name":"wp","href":"https:\/\/api.w.org\/{rel}","templated":true}]}}