{"id":209595,"date":"2023-01-20T16:44:41","date_gmt":"2023-01-20T20:44:41","guid":{"rendered":"https:\/\/www.manaus.am.gov.br\/semsa\/?page_id=209595"},"modified":"2025-05-13T09:46:29","modified_gmt":"2025-05-13T13:46:29","slug":"passo-a-passo-para-solicitar-a-licenca-sanitaria","status":"publish","type":"page","link":"https:\/\/www.manaus.am.gov.br\/semsa\/vigilancia\/vigilancia-sanitaria\/passo-a-passo-para-solicitar-a-licenca-sanitaria\/","title":{"rendered":"Passo a passo para solicitar a Licen\u00e7a Sanit\u00e1ria"},"content":{"rendered":"\n<h3 class=\"wp-block-heading\"><strong>Como solicitar a&nbsp;primeira&nbsp;Licen\u00e7a Sanit\u00e1ria?<\/strong><\/h3>\n\n\n\n<p>Antes de tudo, \u00e9 importante lembrar que, para solicitar a Licen\u00e7a Sanit\u00e1ria, a empresa deve estar legalmente constitu\u00edda, regularizada junto aos \u00f3rg\u00e3os municipais e ter feito Consulta Pr\u00e9via no Integrador Estadual (Junta Comercial do Estado do Amazonas \u2013 Jucea).<\/p>\n\n\n\n<h3 class=\"wp-block-heading\"><strong>Passo 1<\/strong><\/h3>\n\n\n\n<ul>\n<li>Entrar na p\u00e1gina do Slim (Sistema de Licenciamento Integrado Municipal) <a href=\"https:\/\/slim.manaus.am.gov.br\/\">https:\/\/slim.manaus.am.gov.br\/<\/a><\/li>\n\n\n\n<li>Clicar em Regulariza\u00e7\u00e3o de Empresas ou Aut\u00f4nomos<\/li>\n\n\n\n<li>Escolher a op\u00e7\u00e3o Matriz, Filial ou MEI<\/li>\n<\/ul>\n\n\n\n<h3 class=\"wp-block-heading\"><strong>Passo 2<\/strong><\/h3>\n\n\n\n<ul>\n<li>Preencher os campos indicados pelo sistema e anexar digitalmente os documentos solicitados.<\/li>\n<\/ul>\n\n\n\n<h3 class=\"wp-block-heading\"><strong>Que documentos s\u00e3o exigidos para o licenciamento sanit\u00e1rio?<\/strong><\/h3>\n\n\n\n<ul>\n<li>Gerais<\/li>\n\n\n\n<li>CNPJ<\/li>\n\n\n\n<li>N\u00famero de Identifica\u00e7\u00e3o de Registro das Empresas (Nire)<\/li>\n\n\n\n<li>Espec\u00edficos:<\/li>\n\n\n\n<li>Carteira de Sa\u00fade dos Funcion\u00e1rios ou Atestado de Sa\u00fade Ocupacional (ASO)<\/li>\n\n\n\n<li>Certificado de Controle de Pragas<\/li>\n\n\n\n<li>Certificado e\/ou Anota\u00e7\u00e3o de Responsabilidade T\u00e9cnica (ART) \u2013 Quando Couber<\/li>\n\n\n\n<li>Laudo laboratorial da qualidade de \u00e1gua, se po\u00e7o artesanal (\u00faltimos 30 dias)<\/li>\n\n\n\n<li>Manual de Boas Pr\u00e1ticas e Procedimentos Operacionais Padronizados<\/li>\n\n\n\n<li>Registro de higieniza\u00e7\u00e3o do sistema de climatiza\u00e7\u00e3o e ou Plano de Manuten\u00e7\u00e3o de Equipamentos de Climatiza\u00e7\u00e3o (PMOC)<\/li>\n\n\n\n<li>Registro de limpeza dos reservat\u00f3rios de \u00e1gua destinado ao consumo humano<\/li>\n\n\n\n<li>Comprovante de capacita\u00e7\u00e3o em boas pr\u00e1ticas de manipula\u00e7\u00e3o de alimentos e bebidas<\/li>\n<\/ul>\n\n\n\n<h3 class=\"wp-block-heading\"><strong>Observa\u00e7\u00f5es importantes:<\/strong><\/h3>\n\n\n\n<ul>\n<li>Se a exig\u00eancia de um documento n\u00e3o se aplicar \u00e0 atividade a ser licenciada, o regulado deve anexar uma justificativa.<\/li>\n\n\n\n<li>O documento anexado tem que estar leg\u00edvel.<\/li>\n\n\n\n<li>O documento digital a ser anexado no sistema n\u00e3o pode ultrapassar 2MB.<\/li>\n\n\n\n<li>O documento deve estar atualizado (por exemplo, no caso do controle de pragas, o certificado tem que indicar que o controle de pragas foi at\u00e9 o m\u00eas de solicita\u00e7\u00e3o da Licen\u00e7a).<\/li>\n\n\n\n<li>Em cada \u00edcone deve ser anexado o documento correspondente (cuidado para n\u00e3o trocar!).<\/li>\n\n\n\n<li>A Carteira de Sa\u00fade n\u00e3o \u00e9 a Carteira de Vacina, mas o Atestado de Sa\u00fade Ocupacional (ASO), emitido por um m\u00e9dico atestando que o colaborador est\u00e1 apto a exercer suas fun\u00e7\u00f5es no estabelecimento. Este documento \u00e9 fornecido por empresas especializadas, que devem estar devidamente regularizadas na Vigil\u00e2ncia Sanit\u00e1ria.<\/li>\n\n\n\n<li>O Plano de Manuten\u00e7\u00e3o de Equipamentos de Climatiza\u00e7\u00e3o (PMOC) \u00e9 elaborado por empresas especializadas, que devem ter Licen\u00e7a Sanit\u00e1ria e um respons\u00e1vel t\u00e9cnico devidamente regularizado no Conselho Regional de Engenharia e Agronomia (CREA-AM).<\/li>\n<\/ul>\n\n\n\n<h3 class=\"wp-block-heading\"><strong>Pend\u00eancia<\/strong><\/h3>\n\n\n\n<ul>\n<li>Caso o sistema emita um aviso de que \u00e9 necess\u00e1rio realizar uma Consulta Pr\u00e9via de Legado no Integrador Estadual, o regulado deve:<\/li>\n\n\n\n<li>Acessar o Portal de Servi\u00e7os da Jucea atrav\u00e9s do site&nbsp;portalservicos.am.gov.br&nbsp;e fazer um cadastro para ter acesso aos servi\u00e7os da RedeSim\/AM.<\/li>\n\n\n\n<li>Depois deve clicar no link \u201cViabilidade\u201d e, na p\u00e1gina seguinte, em \u201cViabilidade para Legado e MEI\u201d para a consulta pr\u00e9via.<\/li>\n\n\n\n<li>Retornar ao sistema Slim ap\u00f3s aprova\u00e7\u00e3o da consulta, o que leva entre 2 e 3 dias.<\/li>\n<\/ul>\n\n\n\n<h3 class=\"wp-block-heading\"><strong>Quem pode solicitar a licen\u00e7a sanit\u00e1ria?<\/strong><\/h3>\n\n\n\n<ul>\n<li>O propriet\u00e1rio do estabelecimento, com orienta\u00e7\u00e3o respons\u00e1vel t\u00e9cnico.<\/li>\n\n\n\n<li>O contador, com a orienta\u00e7\u00e3o do respons\u00e1vel t\u00e9cnico.<\/li>\n\n\n\n<li>O respons\u00e1vel t\u00e9cnico.<\/li>\n<\/ul>\n\n\n\n<h3 class=\"wp-block-heading\"><strong>Observa\u00e7\u00e3o importante<\/strong><\/h3>\n\n\n\n<p>Ao solicitar a licen\u00e7a sanit\u00e1ria, o interessado deve ter o cuidado de apresentar documentos aut\u00eanticos e responder o question\u00e1rio de forma correta. Informa\u00e7\u00f5es falsas ou at\u00e9 mesmo aus\u00eancia de informa\u00e7\u00e3o podem causar san\u00e7\u00f5es.<\/p>\n\n\n\n<h3 class=\"wp-block-heading\"><strong>O que acontece ap\u00f3s a solicita\u00e7\u00e3o da Licen\u00e7a?<\/strong><\/h3>\n\n\n\n<ul>\n<li>O Sistema gera um n\u00famero de protocolo (AMP) referente ao processo de licenciamento (este n\u00famero deve ser utilizado para todas as consultas referentes ao licenciamento).<\/li>\n\n\n\n<li>O processo \u00e9 distribu\u00eddo automaticamente para um fiscal, que ser\u00e1 o respons\u00e1vel pela inspe\u00e7\u00e3o no estabelecimento.<\/li>\n\n\n\n<li>O fiscal analisa os documentos e caso haja pend\u00eancias, a solicita\u00e7\u00e3o \u00e9 colocada em \u201cexig\u00eancia\u201d e s\u00f3 avan\u00e7a ap\u00f3s as exig\u00eancias terem sido respondidas.<\/li>\n\n\n\n<li>Conclu\u00edda a an\u00e1lise dos documentos, a inspe\u00e7\u00e3o \u00e9 feita a inspe\u00e7\u00e3o.<\/li>\n\n\n\n<li>Atestada a conformidade do estabelecimento durante a inspe\u00e7\u00e3o, a Licen\u00e7a Sanit\u00e1ria \u00e9 liberada no sistema.<\/li>\n\n\n\n<li>Caso a equipe de fiscaliza\u00e7\u00e3o, no momento da inspe\u00e7\u00e3o, identifique n\u00e3o conformidades de estrutura, documentos, processos de trabalho ou outros, o regulado recebe um Auto de Infra\u00e7\u00e3o e providencia os ajustes necess\u00e1rios para uma nova inspe\u00e7\u00e3o.<\/li>\n<\/ul>\n\n\n\n<h3 class=\"wp-block-heading\"><strong>Qual a validade da Licen\u00e7a Sanit\u00e1ria?<\/strong><\/h3>\n\n\n\n<p>A Licen\u00e7a \u00e9 v\u00e1lida por 1 ano.<\/p>\n\n\n\n<h3 class=\"wp-block-heading\"><strong>Como solicitar&nbsp;Renova\u00e7\u00e3o&nbsp;de Licen\u00e7a Sanit\u00e1ria?<\/strong><\/h3>\n\n\n\n<p>O passo a passo para o pedido de renova\u00e7\u00e3o da Licen\u00e7a Sanit\u00e1ria \u00e9 o mesmo da solicita\u00e7\u00e3o da primeira licen\u00e7a.<\/p>\n\n\n\n<p>Neste tipo de solicita\u00e7\u00e3o, caso a atividade seja de Assist\u00eancia \u00e0 Sa\u00fade, o regulado deve apresentar o Cadastro Nacional de Estabelecimento de Sa\u00fade (CNES).<\/p>\n\n\n\n<h3 class=\"wp-block-heading\"><strong>Observa\u00e7\u00e3o importante<\/strong><\/h3>\n\n\n\n<p>Caso o estabelecimento tenha uma Licen\u00e7a Sanit\u00e1ria v\u00e1lida, emitida pelo procedimento antigo ou at\u00e9 mesmo pelo SLIM, no momento da regulariza\u00e7\u00e3o o sistema solicita que o interessado apresente este documento para an\u00e1lise e posterior aprova\u00e7\u00e3o.<\/p>\n\n\n\n<h3 class=\"wp-block-heading\"><strong>Quando a Renova\u00e7\u00e3o da Licen\u00e7a deve ser solicitada?<\/strong><\/h3>\n\n\n\n<p>A Renova\u00e7\u00e3o deve ser solicitada a partir de 90 dias antes do vencimento da validade. Caso n\u00e3o solicite a renova\u00e7\u00e3o at\u00e9 a data em que expira a validade do documento, o regulado est\u00e1 sujeito ao pagamento de multa por funcionamento irregular do servi\u00e7o.<\/p>\n\n\n\n<p><a href=\"https:\/\/semsa.manaus.am.gov.br\/wp-content\/uploads\/2019\/04\/VID-20190415-WA0042-1.mp4\">Assista aqui Tutorial Licenciamento Sanit\u00e1rio de Drogarias<\/a><\/p>\n","protected":false},"excerpt":{"rendered":"","protected":false},"author":27,"featured_media":0,"parent":208517,"menu_order":0,"comment_status":"closed","ping_status":"closed","template":"templates\/turismo.php","meta":{"footnotes":""},"acf":[],"yoast_head":"<!-- This site is optimized with the Yoast SEO plugin v23.0 - https:\/\/yoast.com\/wordpress\/plugins\/seo\/ -->\n<title>Passo a passo para solicitar a Licen\u00e7a Sanit\u00e1ria - SEMSA<\/title>\n<meta name=\"robots\" content=\"index, follow, max-snippet:-1, max-image-preview:large, max-video-preview:-1\" \/>\n<link rel=\"canonical\" href=\"https:\/\/www.manaus.am.gov.br\/semsa\/vigilancia\/vigilancia-sanitaria\/passo-a-passo-para-solicitar-a-licenca-sanitaria\/\" \/>\n<meta property=\"og:locale\" content=\"pt_BR\" \/>\n<meta property=\"og:type\" content=\"article\" \/>\n<meta property=\"og:title\" content=\"Passo a passo para solicitar a Licen\u00e7a Sanit\u00e1ria - SEMSA\" \/>\n<meta property=\"og:url\" content=\"https:\/\/www.manaus.am.gov.br\/semsa\/vigilancia\/vigilancia-sanitaria\/passo-a-passo-para-solicitar-a-licenca-sanitaria\/\" \/>\n<meta property=\"og:site_name\" content=\"SEMSA\" \/>\n<meta property=\"article:modified_time\" content=\"2025-05-13T13:46:29+00:00\" \/>\n<meta property=\"og:image\" content=\"https:\/\/www.manaus.am.gov.br\/semsa\/wp-content\/uploads\/sites\/8\/2024\/07\/thumb-default-2.png\" \/>\n\t<meta property=\"og:image:width\" content=\"966\" \/>\n\t<meta property=\"og:image:height\" content=\"520\" \/>\n\t<meta property=\"og:image:type\" content=\"image\/png\" \/>\n<meta name=\"twitter:card\" content=\"summary_large_image\" \/>\n<meta name=\"twitter:label1\" content=\"Est. reading time\" \/>\n\t<meta name=\"twitter:data1\" content=\"5 minutos\" \/>\n<script type=\"application\/ld+json\" class=\"yoast-schema-graph\">{\"@context\":\"https:\/\/schema.org\",\"@graph\":[{\"@type\":\"WebPage\",\"@id\":\"https:\/\/www.manaus.am.gov.br\/semsa\/vigilancia\/vigilancia-sanitaria\/passo-a-passo-para-solicitar-a-licenca-sanitaria\/\",\"url\":\"https:\/\/www.manaus.am.gov.br\/semsa\/vigilancia\/vigilancia-sanitaria\/passo-a-passo-para-solicitar-a-licenca-sanitaria\/\",\"name\":\"Passo a passo para solicitar a Licen\u00e7a Sanit\u00e1ria - SEMSA\",\"isPartOf\":{\"@id\":\"https:\/\/www.manaus.am.gov.br\/semsa\/#website\"},\"datePublished\":\"2023-01-20T20:44:41+00:00\",\"dateModified\":\"2025-05-13T13:46:29+00:00\",\"breadcrumb\":{\"@id\":\"https:\/\/www.manaus.am.gov.br\/semsa\/vigilancia\/vigilancia-sanitaria\/passo-a-passo-para-solicitar-a-licenca-sanitaria\/#breadcrumb\"},\"inLanguage\":\"pt-BR\",\"potentialAction\":[{\"@type\":\"ReadAction\",\"target\":[\"https:\/\/www.manaus.am.gov.br\/semsa\/vigilancia\/vigilancia-sanitaria\/passo-a-passo-para-solicitar-a-licenca-sanitaria\/\"]}]},{\"@type\":\"BreadcrumbList\",\"@id\":\"https:\/\/www.manaus.am.gov.br\/semsa\/vigilancia\/vigilancia-sanitaria\/passo-a-passo-para-solicitar-a-licenca-sanitaria\/#breadcrumb\",\"itemListElement\":[{\"@type\":\"ListItem\",\"position\":1,\"name\":\"Vigil\u00e2ncia\",\"item\":\"https:\/\/www.manaus.am.gov.br\/semsa\/vigilancia\/\"},{\"@type\":\"ListItem\",\"position\":2,\"name\":\"Sanit\u00e1ria\",\"item\":\"https:\/\/www.manaus.am.gov.br\/semsa\/vigilancia\/vigilancia-sanitaria\/\"},{\"@type\":\"ListItem\",\"position\":3,\"name\":\"Passo a passo para solicitar a Licen\u00e7a Sanit\u00e1ria\"}]},{\"@type\":\"WebSite\",\"@id\":\"https:\/\/www.manaus.am.gov.br\/semsa\/#website\",\"url\":\"https:\/\/www.manaus.am.gov.br\/semsa\/\",\"name\":\"SEMSA\",\"description\":\"Secretaria Municipal de Sa\u00fade\",\"alternateName\":\"Secretaria Municipal de Sa\u00fade\",\"potentialAction\":[{\"@type\":\"SearchAction\",\"target\":{\"@type\":\"EntryPoint\",\"urlTemplate\":\"https:\/\/www.manaus.am.gov.br\/semsa\/?s={search_term_string}\"},\"query-input\":\"required name=search_term_string\"}],\"inLanguage\":\"pt-BR\"}]}<\/script>\n<!-- \/ Yoast SEO plugin. -->","yoast_head_json":{"title":"Passo a passo para solicitar a Licen\u00e7a Sanit\u00e1ria - SEMSA","robots":{"index":"index","follow":"follow","max-snippet":"max-snippet:-1","max-image-preview":"max-image-preview:large","max-video-preview":"max-video-preview:-1"},"canonical":"https:\/\/www.manaus.am.gov.br\/semsa\/vigilancia\/vigilancia-sanitaria\/passo-a-passo-para-solicitar-a-licenca-sanitaria\/","og_locale":"pt_BR","og_type":"article","og_title":"Passo a passo para solicitar a Licen\u00e7a Sanit\u00e1ria - SEMSA","og_url":"https:\/\/www.manaus.am.gov.br\/semsa\/vigilancia\/vigilancia-sanitaria\/passo-a-passo-para-solicitar-a-licenca-sanitaria\/","og_site_name":"SEMSA","article_modified_time":"2025-05-13T13:46:29+00:00","og_image":[{"width":966,"height":520,"url":"https:\/\/www.manaus.am.gov.br\/semsa\/wp-content\/uploads\/sites\/8\/2024\/07\/thumb-default-2.png","type":"image\/png"}],"twitter_card":"summary_large_image","twitter_misc":{"Est. reading time":"5 minutos"},"schema":{"@context":"https:\/\/schema.org","@graph":[{"@type":"WebPage","@id":"https:\/\/www.manaus.am.gov.br\/semsa\/vigilancia\/vigilancia-sanitaria\/passo-a-passo-para-solicitar-a-licenca-sanitaria\/","url":"https:\/\/www.manaus.am.gov.br\/semsa\/vigilancia\/vigilancia-sanitaria\/passo-a-passo-para-solicitar-a-licenca-sanitaria\/","name":"Passo a passo para solicitar a Licen\u00e7a Sanit\u00e1ria - SEMSA","isPartOf":{"@id":"https:\/\/www.manaus.am.gov.br\/semsa\/#website"},"datePublished":"2023-01-20T20:44:41+00:00","dateModified":"2025-05-13T13:46:29+00:00","breadcrumb":{"@id":"https:\/\/www.manaus.am.gov.br\/semsa\/vigilancia\/vigilancia-sanitaria\/passo-a-passo-para-solicitar-a-licenca-sanitaria\/#breadcrumb"},"inLanguage":"pt-BR","potentialAction":[{"@type":"ReadAction","target":["https:\/\/www.manaus.am.gov.br\/semsa\/vigilancia\/vigilancia-sanitaria\/passo-a-passo-para-solicitar-a-licenca-sanitaria\/"]}]},{"@type":"BreadcrumbList","@id":"https:\/\/www.manaus.am.gov.br\/semsa\/vigilancia\/vigilancia-sanitaria\/passo-a-passo-para-solicitar-a-licenca-sanitaria\/#breadcrumb","itemListElement":[{"@type":"ListItem","position":1,"name":"Vigil\u00e2ncia","item":"https:\/\/www.manaus.am.gov.br\/semsa\/vigilancia\/"},{"@type":"ListItem","position":2,"name":"Sanit\u00e1ria","item":"https:\/\/www.manaus.am.gov.br\/semsa\/vigilancia\/vigilancia-sanitaria\/"},{"@type":"ListItem","position":3,"name":"Passo a passo para solicitar a Licen\u00e7a Sanit\u00e1ria"}]},{"@type":"WebSite","@id":"https:\/\/www.manaus.am.gov.br\/semsa\/#website","url":"https:\/\/www.manaus.am.gov.br\/semsa\/","name":"SEMSA","description":"Secretaria Municipal de Sa\u00fade","alternateName":"Secretaria Municipal de Sa\u00fade","potentialAction":[{"@type":"SearchAction","target":{"@type":"EntryPoint","urlTemplate":"https:\/\/www.manaus.am.gov.br\/semsa\/?s={search_term_string}"},"query-input":"required name=search_term_string"}],"inLanguage":"pt-BR"}]}},"_links":{"self":[{"href":"https:\/\/www.manaus.am.gov.br\/semsa\/wp-json\/wp\/v2\/pages\/209595"}],"collection":[{"href":"https:\/\/www.manaus.am.gov.br\/semsa\/wp-json\/wp\/v2\/pages"}],"about":[{"href":"https:\/\/www.manaus.am.gov.br\/semsa\/wp-json\/wp\/v2\/types\/page"}],"author":[{"embeddable":true,"href":"https:\/\/www.manaus.am.gov.br\/semsa\/wp-json\/wp\/v2\/users\/27"}],"replies":[{"embeddable":true,"href":"https:\/\/www.manaus.am.gov.br\/semsa\/wp-json\/wp\/v2\/comments?post=209595"}],"version-history":[{"count":12,"href":"https:\/\/www.manaus.am.gov.br\/semsa\/wp-json\/wp\/v2\/pages\/209595\/revisions"}],"predecessor-version":[{"id":223280,"href":"https:\/\/www.manaus.am.gov.br\/semsa\/wp-json\/wp\/v2\/pages\/209595\/revisions\/223280"}],"up":[{"embeddable":true,"href":"https:\/\/www.manaus.am.gov.br\/semsa\/wp-json\/wp\/v2\/pages\/208517"}],"wp:attachment":[{"href":"https:\/\/www.manaus.am.gov.br\/semsa\/wp-json\/wp\/v2\/media?parent=209595"}],"curies":[{"name":"wp","href":"https:\/\/api.w.org\/{rel}","templated":true}]}}