{"id":209469,"date":"2023-01-20T14:14:11","date_gmt":"2023-01-20T18:14:11","guid":{"rendered":"https:\/\/www.manaus.am.gov.br\/semsa\/?page_id=209469"},"modified":"2023-01-31T11:20:05","modified_gmt":"2023-01-31T15:20:05","slug":"profilaxia-pre-exposicao-ao-hiv","status":"publish","type":"page","link":"https:\/\/www.manaus.am.gov.br\/semsa\/vigilancia\/vigilancia-epidemiologica\/profilaxia-pre-exposicao-ao-hiv\/","title":{"rendered":"Profilaxia Pr\u00e9-exposi\u00e7\u00e3o ao HIV"},"content":{"rendered":"\n<h2 class=\"wp-block-heading\">O que \u00e9?<\/h2>\n\n\n\n<p>A Profilaxia Pr\u00e9-Exposi\u00e7\u00e3o ao HIV \u00e9 um novo m\u00e9todo de preven\u00e7\u00e3o combinada \u00e0 infec\u00e7\u00e3o pelo HIV, disponibilizado pelo Sistema \u00danico de Sa\u00fade (SUS) e destinado a p\u00fablico espec\u00edfico, segundo crit\u00e9rios estabelecidos pelo Minist\u00e9rio da Sa\u00fade. A PrEP consiste na tomada di\u00e1ria de medica\u00e7\u00e3o espec\u00edfica, capaz de impedir que o v\u00edrus causador da aids infecte o organismo, antes de a pessoa ter contato com o HIV.<\/p>\n\n\n\n<h2 class=\"wp-block-heading\">P\u00fablico alvo<\/h2>\n\n\n\n<p>O p\u00fablico priorit\u00e1rio para tratamento com a PrEP s\u00e3o gays e outros homens que fazem sexo com homens (HSH); pessoas trans; trabalhadores(as) do sexo e parcerias sorodiferentes (quando uma pessoa est\u00e1 infectada pelo HIV e a outra n\u00e3o).<\/p>\n\n\n\n<p>\u00c9 importante ressaltar que somente o fato de pertencer a um desses grupos n\u00e3o \u00e9 suficiente para prescri\u00e7\u00e3o da PrEP. O tratamento poder\u00e1 ser indicado para pessoas pertencentes aos grupos priorit\u00e1rios citados, que realizaram sexo anal ou vaginal sem preservativo nos \u00faltimos seis meses e\/ou apresentaram epis\u00f3dios frequentes de Infec\u00e7\u00e3o Sexualmente Transmiss\u00edvel (IST) ou uso repetido da Profilaxia P\u00f3s-Exposi\u00e7\u00e3o ao HIV (PEP).<\/p>\n\n\n\n<h3 class=\"wp-block-heading\">Como a PrEP funciona?<\/h3>\n\n\n\n<p>A PrEP \u00e9 a combina\u00e7\u00e3o de dois medicamentos (tenofovir + entricitabina). Essa medica\u00e7\u00e3o \u00e9 capaz de bloquear alguns \u201ccaminhos\u201d que o HIV usa para infectar o organismo. Tomando a PrEP diariamente, a medica\u00e7\u00e3o pode impedir que o HIV se estabele\u00e7a e se espalhe pelo corpo.<\/p>\n\n\n\n<h3 class=\"wp-block-heading\">A PrEP protege contra outras as Infec\u00e7\u00f5es Sexualmente Transmiss\u00edveis?<\/h3>\n\n\n\n<p>N\u00e3o, a PrEP n\u00e3o protege contra outras Infec\u00e7\u00f5es Sexualmente Transmiss\u00edveis (IST), como s\u00edfilis, clam\u00eddia e gonorreia, assim sendo, deve ser combinada com outras formas de preven\u00e7\u00e3o, como a camisinha.<\/p>\n\n\n\n<h3 class=\"wp-block-heading\">Como ter acesso?<\/h3>\n\n\n\n<p>Na rede municipal de sa\u00fade, esse servi\u00e7o \u00e9 oferecido na Cl\u00ednica de Sa\u00fade da Fam\u00edlia Raimundo Franco de S\u00e1, na avenida 5, s\/n, Nova Esperan\u00e7a.<\/p>\n\n\n\n<p>Na unidade a pessoa interessada passa por um processo de triagem, feito por meio de uma entrevista, e se estiver dentro dos crit\u00e9rios estabelecidos pelo Minist\u00e9rio da Sa\u00fade, ser\u00e1 encaminhada para fazer o teste r\u00e1pido para detec\u00e7\u00e3o do HIV.<\/p>\n\n\n\n<p>Se o resultado for negativo, o enfermeiro respons\u00e1vel pelo atendimento far\u00e1 a prescri\u00e7\u00e3o da medica\u00e7\u00e3o em quantidade suficiente para uso nos primeiros 30 dias, com agendamento de retorno \u00e0 unidade no per\u00edodo entre 25 e 28 dias para seu segundo atendimento, quando passar\u00e1 por uma consulta m\u00e9dica para avalia\u00e7\u00e3o e continuidade da profilaxia.<\/p>\n\n\n\n<p>Acompanhamento: O usu\u00e1rio dever\u00e1 retornar \u00e0 unidade a cada tr\u00eas meses para fazer acompanhamento da PrEP (avalia\u00e7\u00e3o cl\u00ednico-laboratorial), quando realizar\u00e1 teste r\u00e1pido, ser\u00e1 avaliado pelo profissional de sa\u00fade e receber\u00e1 sua medica\u00e7\u00e3o.<\/p>\n\n\n\n<p>\u00c9 importante ressaltar que se o resultado do teste r\u00e1pido for positivo para a infec\u00e7\u00e3o pelo HIV, o usu\u00e1rio ser\u00e1 imediatamente encaminhado para o tratamento no Servi\u00e7o de Aten\u00e7\u00e3o Especializada (SAE), localizado na pr\u00f3pria unidade.<\/p>\n\n\n\n<h3 class=\"wp-block-heading\">E se eu esquecer de tomar a PrEP um dia, perde o efeito logo em seguida?<\/h3>\n\n\n\n<p>N\u00e3o tomar a medica\u00e7\u00e3o por um dia vai diminuir o efeito protetivo. Mas, um dia s\u00f3 n\u00e3o vai comprometer a preven\u00e7\u00e3o.<\/p>\n\n\n\n<h3 class=\"wp-block-heading\">O efeito da medica\u00e7\u00e3o \u00e9 imediato?<\/h3>\n\n\n\n<p>N\u00e3o. Para praticantes do sexo vaginal, a prote\u00e7\u00e3o \u00e9 dada a partir dos 20 primeiros dias tomando o medicamento. E para sexo anal, \u00e9 a partir do s\u00e9timo dia.<\/p>\n\n\n\n<h3 class=\"wp-block-heading\">\u00c9 preciso estar em jejum para tomar a PrEP?<\/h3>\n\n\n\n<p>N\u00e3o. Voc\u00ea pode escolher o melhor hor\u00e1rio para tomar o medicamento. O ideal \u00e9 que voc\u00ea tome sempre nesse mesmo hor\u00e1rio.<\/p>\n\n\n\n<h3 class=\"wp-block-heading\">Bebida alco\u00f3lica corta o efeito da PrEP?<\/h3>\n\n\n\n<p>N\u00e3o.<\/p>\n\n\n\n<h3 class=\"wp-block-heading\">Esse tratamento j\u00e1 foi testado?<\/h3>\n\n\n\n<p>Sim, diversos estudos mostraram que a PrEP reduz o risco de adquirir o HIV. A PrEP foi testada em estudos com homens que fazem sexo com homens, homens que fazem sexo com mulheres e mulheres que fazem sexo com homens. <\/p>\n\n\n\n<p>Todas as pessoas nesses estudos: (1) fizeram teste de HIV no in\u00edcio da pesquisa para ter certeza de que n\u00e3o estavam infectados pelo HIV; (2) concordaram em tomar um comprimido de PrEP diariamente; (3) receberam orienta\u00e7\u00f5es sobre sexo seguro; (4) foram testadas regularmente para infec\u00e7\u00f5es sexualmente transmiss\u00edveis (IST); e (5) receberam preservativos regularmente.<\/p>\n\n\n\n<p>Os homens que fazem sexo com homens que receberam PrEP tiveram, em m\u00e9dia, 44% menos chances de adquirir a infec\u00e7\u00e3o pelo HIV. Entre os homens que disseram ter tomado a maioria dos medicamentos diariamente, a PrEP reduziu o risco de infec\u00e7\u00e3o pelo HIV em 73%, em alguns casos chegando at\u00e9 92%, dependendo da ades\u00e3o ao medicamento.<\/p>\n\n\n\n<p>Entre os casais sorodiferentes de homens e mulheres (onde um parceiro tinha HIV e o outro n\u00e3o), aqueles que receberam PrEP tiveram 75% menos chance de serem infectados. Entre aqueles que disseram ter tomado a maioria dos comprimidos di\u00e1rios, a PrEP reduziu o risco de infec\u00e7\u00e3o pelo HIV em at\u00e9 90%.<\/p>\n\n\n\n<h3 class=\"wp-block-heading\">A PrEP \u00e9 uma vacina?<\/h3>\n\n\n\n<p>N\u00e3o. A PrEP \u00e9 um medicamento e n\u00e3o funciona da mesma forma que uma vacina. Quando voc\u00ea toma uma vacina, ela pode proteger voc\u00ea por muitos anos. A PrEP, para fazer efeito, precisa ser tomada todos os dias.<\/p>\n","protected":false},"excerpt":{"rendered":"","protected":false},"author":27,"featured_media":0,"parent":209193,"menu_order":0,"comment_status":"closed","ping_status":"closed","template":"","meta":{"footnotes":""},"acf":[],"yoast_head":"<!-- This site is optimized with the Yoast SEO plugin v23.0 - https:\/\/yoast.com\/wordpress\/plugins\/seo\/ -->\n<title>Profilaxia Pr\u00e9-exposi\u00e7\u00e3o ao HIV - SEMSA<\/title>\n<meta name=\"robots\" content=\"index, follow, max-snippet:-1, max-image-preview:large, max-video-preview:-1\" \/>\n<link rel=\"canonical\" href=\"https:\/\/www.manaus.am.gov.br\/semsa\/vigilancia\/vigilancia-epidemiologica\/profilaxia-pre-exposicao-ao-hiv\/\" \/>\n<meta property=\"og:locale\" content=\"pt_BR\" \/>\n<meta property=\"og:type\" content=\"article\" \/>\n<meta property=\"og:title\" content=\"Profilaxia Pr\u00e9-exposi\u00e7\u00e3o ao HIV - SEMSA\" \/>\n<meta property=\"og:url\" content=\"https:\/\/www.manaus.am.gov.br\/semsa\/vigilancia\/vigilancia-epidemiologica\/profilaxia-pre-exposicao-ao-hiv\/\" \/>\n<meta property=\"og:site_name\" content=\"SEMSA\" \/>\n<meta property=\"article:modified_time\" content=\"2023-01-31T15:20:05+00:00\" \/>\n<meta property=\"og:image\" content=\"https:\/\/www.manaus.am.gov.br\/semsa\/wp-content\/uploads\/sites\/8\/2024\/07\/thumb-default-2.png\" \/>\n\t<meta property=\"og:image:width\" content=\"966\" \/>\n\t<meta property=\"og:image:height\" content=\"520\" \/>\n\t<meta property=\"og:image:type\" content=\"image\/png\" \/>\n<meta name=\"twitter:card\" content=\"summary_large_image\" \/>\n<meta name=\"twitter:label1\" content=\"Est. reading time\" \/>\n\t<meta name=\"twitter:data1\" content=\"5 minutos\" \/>\n<script type=\"application\/ld+json\" class=\"yoast-schema-graph\">{\"@context\":\"https:\/\/schema.org\",\"@graph\":[{\"@type\":\"WebPage\",\"@id\":\"https:\/\/www.manaus.am.gov.br\/semsa\/vigilancia\/vigilancia-epidemiologica\/profilaxia-pre-exposicao-ao-hiv\/\",\"url\":\"https:\/\/www.manaus.am.gov.br\/semsa\/vigilancia\/vigilancia-epidemiologica\/profilaxia-pre-exposicao-ao-hiv\/\",\"name\":\"Profilaxia Pr\u00e9-exposi\u00e7\u00e3o ao HIV - SEMSA\",\"isPartOf\":{\"@id\":\"https:\/\/www.manaus.am.gov.br\/semsa\/#website\"},\"datePublished\":\"2023-01-20T18:14:11+00:00\",\"dateModified\":\"2023-01-31T15:20:05+00:00\",\"breadcrumb\":{\"@id\":\"https:\/\/www.manaus.am.gov.br\/semsa\/vigilancia\/vigilancia-epidemiologica\/profilaxia-pre-exposicao-ao-hiv\/#breadcrumb\"},\"inLanguage\":\"pt-BR\",\"potentialAction\":[{\"@type\":\"ReadAction\",\"target\":[\"https:\/\/www.manaus.am.gov.br\/semsa\/vigilancia\/vigilancia-epidemiologica\/profilaxia-pre-exposicao-ao-hiv\/\"]}]},{\"@type\":\"BreadcrumbList\",\"@id\":\"https:\/\/www.manaus.am.gov.br\/semsa\/vigilancia\/vigilancia-epidemiologica\/profilaxia-pre-exposicao-ao-hiv\/#breadcrumb\",\"itemListElement\":[{\"@type\":\"ListItem\",\"position\":1,\"name\":\"Vigil\u00e2ncia\",\"item\":\"https:\/\/www.manaus.am.gov.br\/semsa\/vigilancia\/\"},{\"@type\":\"ListItem\",\"position\":2,\"name\":\"Epidemiol\u00f3gica\",\"item\":\"https:\/\/www.manaus.am.gov.br\/semsa\/vigilancia\/vigilancia-epidemiologica\/\"},{\"@type\":\"ListItem\",\"position\":3,\"name\":\"Profilaxia Pr\u00e9-exposi\u00e7\u00e3o ao HIV\"}]},{\"@type\":\"WebSite\",\"@id\":\"https:\/\/www.manaus.am.gov.br\/semsa\/#website\",\"url\":\"https:\/\/www.manaus.am.gov.br\/semsa\/\",\"name\":\"SEMSA\",\"description\":\"Secretaria Municipal de Sa\u00fade\",\"alternateName\":\"Secretaria Municipal de Sa\u00fade\",\"potentialAction\":[{\"@type\":\"SearchAction\",\"target\":{\"@type\":\"EntryPoint\",\"urlTemplate\":\"https:\/\/www.manaus.am.gov.br\/semsa\/?s={search_term_string}\"},\"query-input\":\"required name=search_term_string\"}],\"inLanguage\":\"pt-BR\"}]}<\/script>\n<!-- \/ Yoast SEO plugin. -->","yoast_head_json":{"title":"Profilaxia Pr\u00e9-exposi\u00e7\u00e3o ao HIV - SEMSA","robots":{"index":"index","follow":"follow","max-snippet":"max-snippet:-1","max-image-preview":"max-image-preview:large","max-video-preview":"max-video-preview:-1"},"canonical":"https:\/\/www.manaus.am.gov.br\/semsa\/vigilancia\/vigilancia-epidemiologica\/profilaxia-pre-exposicao-ao-hiv\/","og_locale":"pt_BR","og_type":"article","og_title":"Profilaxia Pr\u00e9-exposi\u00e7\u00e3o ao HIV - SEMSA","og_url":"https:\/\/www.manaus.am.gov.br\/semsa\/vigilancia\/vigilancia-epidemiologica\/profilaxia-pre-exposicao-ao-hiv\/","og_site_name":"SEMSA","article_modified_time":"2023-01-31T15:20:05+00:00","og_image":[{"width":966,"height":520,"url":"https:\/\/www.manaus.am.gov.br\/semsa\/wp-content\/uploads\/sites\/8\/2024\/07\/thumb-default-2.png","type":"image\/png"}],"twitter_card":"summary_large_image","twitter_misc":{"Est. reading time":"5 minutos"},"schema":{"@context":"https:\/\/schema.org","@graph":[{"@type":"WebPage","@id":"https:\/\/www.manaus.am.gov.br\/semsa\/vigilancia\/vigilancia-epidemiologica\/profilaxia-pre-exposicao-ao-hiv\/","url":"https:\/\/www.manaus.am.gov.br\/semsa\/vigilancia\/vigilancia-epidemiologica\/profilaxia-pre-exposicao-ao-hiv\/","name":"Profilaxia Pr\u00e9-exposi\u00e7\u00e3o ao HIV - SEMSA","isPartOf":{"@id":"https:\/\/www.manaus.am.gov.br\/semsa\/#website"},"datePublished":"2023-01-20T18:14:11+00:00","dateModified":"2023-01-31T15:20:05+00:00","breadcrumb":{"@id":"https:\/\/www.manaus.am.gov.br\/semsa\/vigilancia\/vigilancia-epidemiologica\/profilaxia-pre-exposicao-ao-hiv\/#breadcrumb"},"inLanguage":"pt-BR","potentialAction":[{"@type":"ReadAction","target":["https:\/\/www.manaus.am.gov.br\/semsa\/vigilancia\/vigilancia-epidemiologica\/profilaxia-pre-exposicao-ao-hiv\/"]}]},{"@type":"BreadcrumbList","@id":"https:\/\/www.manaus.am.gov.br\/semsa\/vigilancia\/vigilancia-epidemiologica\/profilaxia-pre-exposicao-ao-hiv\/#breadcrumb","itemListElement":[{"@type":"ListItem","position":1,"name":"Vigil\u00e2ncia","item":"https:\/\/www.manaus.am.gov.br\/semsa\/vigilancia\/"},{"@type":"ListItem","position":2,"name":"Epidemiol\u00f3gica","item":"https:\/\/www.manaus.am.gov.br\/semsa\/vigilancia\/vigilancia-epidemiologica\/"},{"@type":"ListItem","position":3,"name":"Profilaxia Pr\u00e9-exposi\u00e7\u00e3o ao HIV"}]},{"@type":"WebSite","@id":"https:\/\/www.manaus.am.gov.br\/semsa\/#website","url":"https:\/\/www.manaus.am.gov.br\/semsa\/","name":"SEMSA","description":"Secretaria Municipal de Sa\u00fade","alternateName":"Secretaria Municipal de Sa\u00fade","potentialAction":[{"@type":"SearchAction","target":{"@type":"EntryPoint","urlTemplate":"https:\/\/www.manaus.am.gov.br\/semsa\/?s={search_term_string}"},"query-input":"required name=search_term_string"}],"inLanguage":"pt-BR"}]}},"_links":{"self":[{"href":"https:\/\/www.manaus.am.gov.br\/semsa\/wp-json\/wp\/v2\/pages\/209469"}],"collection":[{"href":"https:\/\/www.manaus.am.gov.br\/semsa\/wp-json\/wp\/v2\/pages"}],"about":[{"href":"https:\/\/www.manaus.am.gov.br\/semsa\/wp-json\/wp\/v2\/types\/page"}],"author":[{"embeddable":true,"href":"https:\/\/www.manaus.am.gov.br\/semsa\/wp-json\/wp\/v2\/users\/27"}],"replies":[{"embeddable":true,"href":"https:\/\/www.manaus.am.gov.br\/semsa\/wp-json\/wp\/v2\/comments?post=209469"}],"version-history":[{"count":5,"href":"https:\/\/www.manaus.am.gov.br\/semsa\/wp-json\/wp\/v2\/pages\/209469\/revisions"}],"predecessor-version":[{"id":210376,"href":"https:\/\/www.manaus.am.gov.br\/semsa\/wp-json\/wp\/v2\/pages\/209469\/revisions\/210376"}],"up":[{"embeddable":true,"href":"https:\/\/www.manaus.am.gov.br\/semsa\/wp-json\/wp\/v2\/pages\/209193"}],"wp:attachment":[{"href":"https:\/\/www.manaus.am.gov.br\/semsa\/wp-json\/wp\/v2\/media?parent=209469"}],"curies":[{"name":"wp","href":"https:\/\/api.w.org\/{rel}","templated":true}]}}