{"id":209068,"date":"2024-07-12T11:07:46","date_gmt":"2024-07-12T15:07:46","guid":{"rendered":"https:\/\/www.manaus.am.gov.br\/semsa\/?page_id=209068"},"modified":"2024-07-12T11:07:46","modified_gmt":"2024-07-12T15:07:46","slug":"programa-de-apoio-a-iniciacao-cientifica","status":"publish","type":"page","link":"https:\/\/www.manaus.am.gov.br\/semsa\/escola-de-saude-publica\/programa-de-apoio-a-iniciacao-cientifica\/","title":{"rendered":"Programa de Apoio \u00e0 Inicia\u00e7\u00e3o Cient\u00edfica"},"content":{"rendered":"\n<p>O PAIC \u2013 ESAP\/Semsa \u00e9 um programa institucional apoiado com recursos financeiros e bolsas pela Funda\u00e7\u00e3o de Amparo \u00e0 Pesquisa do Estado do Amazonas (FAPEAM) para o desenvolvimento de pesquisas cient\u00edficas em cen\u00e1rios de pr\u00e1ticas da Secretaria Municipal de Sa\u00fade de Manaus.<\/p>\n\n\n\n<p>A FAPEAM repassa a bolsa diretamente ao estudante de gradua\u00e7\u00e3o, que \u00e9 selecionado pela ESAP\/Semsa em cada edi\u00e7\u00e3o.<\/p>\n\n\n\n<p>A gest\u00e3o do Programa, acompanhamento dos bolsistas e dos projetos \u00e9 de responsabilidade do N\u00facleo de Pesquisa, Extens\u00e3o e Inova\u00e7\u00e3o da ESAP\/Semsa.<\/p>\n\n\n\n<h2 class=\"wp-block-heading\">Objetivos<\/h2>\n\n\n\n<h3 class=\"wp-block-heading\">Geral<\/h3>\n\n\n\n<p>Fomentar a pesquisa cient\u00edfica, viabilizando a produ\u00e7\u00e3o do conhecimento e o desenvolvimento de habilidades que permitam a inicia\u00e7\u00e3o de discentes de gradua\u00e7\u00e3o no campo da pesquisa e fazendo com que, futuramente, se desperte o interesse destes para a P\u00f3s-Gradua\u00e7\u00e3o Stricto Sensu.<\/p>\n\n\n\n<h3 class=\"wp-block-heading\">Espec\u00edficos<\/h3>\n\n\n\n<p><strong>\u2013 <\/strong>Despertar e incentivar a voca\u00e7\u00e3o cient\u00edfica entre estudantes de gradua\u00e7\u00e3o, de institui\u00e7\u00f5es p\u00fablicas e privadas da cidade de Manaus \u2013 AM;<br><strong>\u2013<\/strong> Consolidar o grupo de pesquisa da ESAP\/Semsa;<br><strong>\u2013<\/strong> Formar novos Grupos de Pesquisa na Semsa, estimulando a participa\u00e7\u00e3o de profissionais de sa\u00fade e de discentes em pesquisas e eventos cient\u00edficos que envolvam, prioritariamente, temas na linhas de pesquisa de Aten\u00e7\u00e3o Prim\u00e1ria \u00e0 Sa\u00fade; Educa\u00e7\u00e3o, Promo\u00e7\u00e3o e Comunica\u00e7\u00e3o na Sa\u00fade; Pol\u00edticas P\u00fablicas na Amaz\u00f4nia e Vigil\u00e2ncia em Sa\u00fade;<br><strong>\u2013<\/strong> Propiciar ao bolsista o estudo e o aprendizado de metodologias de pesquisa cient\u00edfica, bem como estimular o pensamento cr\u00edtico dos estudantes de gradua\u00e7\u00e3o;<br><strong>\u2013<\/strong> Colaborar com o aumento da produ\u00e7\u00e3o cient\u00edfica na ESAP\/Semsa;<br><strong>\u2013<\/strong> Realizar acordos de coopera\u00e7\u00e3o com universidades, institui\u00e7\u00f5es, organiza\u00e7\u00f5es e redes de pesquisa.<\/p>\n\n\n\n<h3 class=\"wp-block-heading\">Grupo de Pesquisa\/ESAP<\/h3>\n\n\n\n<p>N\u00facleo de Pesquisas em Pol\u00edticas P\u00fablicas e Sa\u00fade na Amaz\u00f4nia<\/p>\n\n\n\n<h2 class=\"wp-block-heading\">Linhas de Pesquisa<\/h2>\n\n\n\n<p><a class=\"custom-link amarelo\" href=\"https:\/\/www.manaus.am.gov.br\/semsa\/wp-content\/uploads\/sites\/8\/2023\/01\/1-Atenc\u0327a\u0303o-Prima\u0301ria-a\u0300-Sau\u0301de.pdf\" target=\"_blank\" rel=\"noreferrer noopener\">Aten\u00e7\u00e3o Prim\u00e1ria \u00e0 Sa\u00fade<\/a><\/p>\n\n\n\n<p><a class=\"custom-link amarelo\" href=\"https:\/\/www.manaus.am.gov.br\/semsa\/wp-content\/uploads\/sites\/8\/2023\/01\/2-Educac\u0327a\u0303o-Promoc\u0327a\u0303o-e-Comunicac\u0327a\u0303o-na-Sau\u0301de.pdf\" target=\"_blank\" rel=\"noreferrer noopener\">Educa\u00e7\u00e3o, Promo\u00e7\u00e3o e Comunica\u00e7\u00e3o na Sa\u00fade<\/a><\/p>\n\n\n\n<p><a class=\"custom-link amarelo\" href=\"https:\/\/www.manaus.am.gov.br\/semsa\/wp-content\/uploads\/sites\/8\/2023\/01\/3-Poli\u0301ticas-Pu\u0301blicas-na-Amazo\u0302nia.pdf\" target=\"_blank\" rel=\"noreferrer noopener\">Pol\u00edticas P\u00fablicas na Amaz\u00f4nia<\/a><\/p>\n\n\n\n<p><a class=\"custom-link amarelo\" href=\"https:\/\/www.manaus.am.gov.br\/semsa\/wp-content\/uploads\/sites\/8\/2023\/01\/4-Vigila\u0302ncia-em-Sau\u0301de.pdf\" target=\"_blank\" rel=\"noreferrer noopener\">Vigil\u00e2ncia em Sa\u00fade<\/a><\/p>\n\n\n\n<h2 class=\"wp-block-heading\">Processo seletivo<\/h2>\n\n\n\n<p><a class=\"custom-link laranjao\" href=\"https:\/\/www.manaus.am.gov.br\/semsa\/wp-content\/uploads\/sites\/8\/2023\/01\/Ficha-de-Inscric\u0327a\u0303o.pdf\" target=\"_blank\" rel=\"noreferrer noopener\">Ficha de Inscri\u00e7\u00e3o<\/a><\/p>\n\n\n\n<p><a class=\"custom-link laranjao\" href=\"https:\/\/www.manaus.am.gov.br\/semsa\/wp-content\/uploads\/sites\/8\/2023\/01\/Formula\u0301rio-de-Interposic\u0327a\u0303o-de-Recurso.pdf\" target=\"_blank\" rel=\"noreferrer noopener\">Formul\u00e1rio de Interposi\u00e7\u00e3o de Recursos<\/a><\/p>\n\n\n\n<p><a class=\"custom-link laranjao\" href=\"https:\/\/www.manaus.am.gov.br\/semsa\/wp-content\/uploads\/sites\/8\/2023\/01\/Plano-de-Atividades-do-Bolsista.pdf\" target=\"_blank\" rel=\"noreferrer noopener\">Plano de Atividades do Bolsista<\/a><\/p>\n\n\n\n<p><a class=\"custom-link laranjao\" href=\"https:\/\/www.manaus.am.gov.br\/semsa\/wp-content\/uploads\/sites\/8\/2023\/01\/Roteiro-para-elaborac\u0327a\u0303o-de-projetos.pdf\" target=\"_blank\" rel=\"noreferrer noopener\">Roteiro para elabora\u00e7\u00e3o de Projetos<\/a><\/p>\n\n\n\n<h2 class=\"wp-block-heading\">Publica\u00e7\u00f5es\/Resultados<\/h2>\n\n\n\n<p>1 &#8211; 29.06.2022 \u2013 <a href=\"https:\/\/www.manaus.am.gov.br\/semsa\/wp-content\/uploads\/sites\/8\/2023\/01\/DOM-5373-29.06.2022-CAD-1.doc-PAIC.pdf\" target=\"_blank\" rel=\"noreferrer noopener\">Edital<\/a><\/p>\n\n\n\n<p>2 &#8211; 08.07.2022 \u2013 <a href=\"https:\/\/www.manaus.am.gov.br\/semsa\/wp-content\/uploads\/sites\/8\/2023\/01\/2.-08.07.2022-DOM-5381-1a-Retificacao-PAIC-Edital-2022-2023.pdf\" target=\"_blank\" rel=\"noreferrer noopener\">DOM 5381 \u2013 1\u00aa Retifica\u00e7\u00e3o PAIC Edital 2022-2023<\/a><\/p>\n\n\n\n<p>3 &#8211; 11.07.2022 \u2013 <a href=\"https:\/\/www.manaus.am.gov.br\/semsa\/wp-content\/uploads\/sites\/8\/2023\/01\/01.-08.07.2022-Homologacao-das-Inscricoes-2.pdf\" target=\"_blank\" rel=\"noreferrer noopener\">Homologa\u00e7\u00e3o das Inscri\u00e7\u00f5es<\/a><\/p>\n\n\n\n<p>4 &#8211; 18.07.2022 \u2013 <a href=\"https:\/\/www.manaus.am.gov.br\/semsa\/wp-content\/uploads\/sites\/8\/2023\/01\/4.-18.07.2022-Resultado-Preliminar.pdf\" target=\"_blank\" rel=\"noreferrer noopener\">Resultado Preliminar<\/a><\/p>\n\n\n\n<p>5 &#8211; 21.07.2022 \u2013 <a href=\"https:\/\/www.manaus.am.gov.br\/semsa\/wp-content\/uploads\/sites\/8\/2023\/01\/05.-21.07.2022-Resultado-Final-e-Convocacao.pdf\" target=\"_blank\" rel=\"noreferrer noopener\">Resultado Final e Convoca\u00e7\u00e3o<\/a><\/p>\n\n\n\n<h2 class=\"wp-block-heading\">Coordena\u00e7\u00e3o<\/h2>\n\n\n\n<p><strong>Priscilla Farias Naiff<\/strong> \u2013 Doutora em Ci\u00eancias da Sa\u00fade<br><strong>M\u00e1rcia Poinho Encarna\u00e7\u00e3o de Morais<\/strong> \u2013 Doutoranda em Imunologia B\u00e1sica e Aplicada<br><strong>Cleamy Marialva de Albuquerque Silva<\/strong> \u2013 Mestre em Ci\u00eancias da Comunica\u00e7\u00e3o<\/p>\n\n\n\n<p><strong>E-mail:<\/strong> <a href=\"mailto:nupes.semsa@pmm.am.gov.br\">nupes.semsa@pmm.am.gov.br<\/a>\/<a href=\"mailto:paicsemsa.esap@gmail.com\">paicsemsa.esap@gmail.com<\/a><br><strong>Telefone:<\/strong> (92) 98842-8247<\/p>\n","protected":false},"excerpt":{"rendered":"","protected":false},"author":27,"featured_media":0,"parent":208859,"menu_order":0,"comment_status":"closed","ping_status":"closed","template":"templates\/prefeitura.php","meta":{"footnotes":""},"acf":[],"yoast_head":"<!-- This site is optimized with the Yoast SEO plugin v23.0 - https:\/\/yoast.com\/wordpress\/plugins\/seo\/ -->\n<title>Programa de Apoio \u00e0 Inicia\u00e7\u00e3o Cient\u00edfica - SEMSA<\/title>\n<meta name=\"robots\" content=\"index, follow, max-snippet:-1, max-image-preview:large, max-video-preview:-1\" \/>\n<link rel=\"canonical\" href=\"https:\/\/www.manaus.am.gov.br\/semsa\/escola-de-saude-publica\/programa-de-apoio-a-iniciacao-cientifica\/\" \/>\n<meta property=\"og:locale\" content=\"pt_BR\" \/>\n<meta property=\"og:type\" content=\"article\" \/>\n<meta property=\"og:title\" content=\"Programa de Apoio \u00e0 Inicia\u00e7\u00e3o Cient\u00edfica - SEMSA\" \/>\n<meta property=\"og:url\" content=\"https:\/\/www.manaus.am.gov.br\/semsa\/escola-de-saude-publica\/programa-de-apoio-a-iniciacao-cientifica\/\" \/>\n<meta property=\"og:site_name\" content=\"SEMSA\" \/>\n<meta property=\"og:image\" content=\"https:\/\/www.manaus.am.gov.br\/semsa\/wp-content\/uploads\/sites\/8\/2024\/07\/thumb-default-2.png\" \/>\n\t<meta property=\"og:image:width\" content=\"966\" \/>\n\t<meta property=\"og:image:height\" content=\"520\" \/>\n\t<meta property=\"og:image:type\" content=\"image\/png\" \/>\n<meta name=\"twitter:card\" content=\"summary_large_image\" \/>\n<meta name=\"twitter:label1\" content=\"Est. reading time\" \/>\n\t<meta name=\"twitter:data1\" content=\"3 minutos\" \/>\n<script type=\"application\/ld+json\" class=\"yoast-schema-graph\">{\"@context\":\"https:\/\/schema.org\",\"@graph\":[{\"@type\":\"WebPage\",\"@id\":\"https:\/\/www.manaus.am.gov.br\/semsa\/escola-de-saude-publica\/programa-de-apoio-a-iniciacao-cientifica\/\",\"url\":\"https:\/\/www.manaus.am.gov.br\/semsa\/escola-de-saude-publica\/programa-de-apoio-a-iniciacao-cientifica\/\",\"name\":\"Programa de Apoio \u00e0 Inicia\u00e7\u00e3o Cient\u00edfica - SEMSA\",\"isPartOf\":{\"@id\":\"https:\/\/www.manaus.am.gov.br\/semsa\/#website\"},\"datePublished\":\"2024-07-12T15:07:46+00:00\",\"dateModified\":\"2024-07-12T15:07:46+00:00\",\"breadcrumb\":{\"@id\":\"https:\/\/www.manaus.am.gov.br\/semsa\/escola-de-saude-publica\/programa-de-apoio-a-iniciacao-cientifica\/#breadcrumb\"},\"inLanguage\":\"pt-BR\",\"potentialAction\":[{\"@type\":\"ReadAction\",\"target\":[\"https:\/\/www.manaus.am.gov.br\/semsa\/escola-de-saude-publica\/programa-de-apoio-a-iniciacao-cientifica\/\"]}]},{\"@type\":\"BreadcrumbList\",\"@id\":\"https:\/\/www.manaus.am.gov.br\/semsa\/escola-de-saude-publica\/programa-de-apoio-a-iniciacao-cientifica\/#breadcrumb\",\"itemListElement\":[{\"@type\":\"ListItem\",\"position\":1,\"name\":\"Escola de Sa\u00fade P\u00fablica (Esap)\",\"item\":\"https:\/\/www.manaus.am.gov.br\/semsa\/escola-de-saude-publica\/\"},{\"@type\":\"ListItem\",\"position\":2,\"name\":\"Programa de Apoio \u00e0 Inicia\u00e7\u00e3o Cient\u00edfica\"}]},{\"@type\":\"WebSite\",\"@id\":\"https:\/\/www.manaus.am.gov.br\/semsa\/#website\",\"url\":\"https:\/\/www.manaus.am.gov.br\/semsa\/\",\"name\":\"SEMSA\",\"description\":\"Secretaria Municipal de Sa\u00fade\",\"alternateName\":\"Secretaria Municipal de Sa\u00fade\",\"potentialAction\":[{\"@type\":\"SearchAction\",\"target\":{\"@type\":\"EntryPoint\",\"urlTemplate\":\"https:\/\/www.manaus.am.gov.br\/semsa\/?s={search_term_string}\"},\"query-input\":\"required name=search_term_string\"}],\"inLanguage\":\"pt-BR\"}]}<\/script>\n<!-- \/ Yoast SEO plugin. -->","yoast_head_json":{"title":"Programa de Apoio \u00e0 Inicia\u00e7\u00e3o Cient\u00edfica - SEMSA","robots":{"index":"index","follow":"follow","max-snippet":"max-snippet:-1","max-image-preview":"max-image-preview:large","max-video-preview":"max-video-preview:-1"},"canonical":"https:\/\/www.manaus.am.gov.br\/semsa\/escola-de-saude-publica\/programa-de-apoio-a-iniciacao-cientifica\/","og_locale":"pt_BR","og_type":"article","og_title":"Programa de Apoio \u00e0 Inicia\u00e7\u00e3o Cient\u00edfica - SEMSA","og_url":"https:\/\/www.manaus.am.gov.br\/semsa\/escola-de-saude-publica\/programa-de-apoio-a-iniciacao-cientifica\/","og_site_name":"SEMSA","og_image":[{"width":966,"height":520,"url":"https:\/\/www.manaus.am.gov.br\/semsa\/wp-content\/uploads\/sites\/8\/2024\/07\/thumb-default-2.png","type":"image\/png"}],"twitter_card":"summary_large_image","twitter_misc":{"Est. reading time":"3 minutos"},"schema":{"@context":"https:\/\/schema.org","@graph":[{"@type":"WebPage","@id":"https:\/\/www.manaus.am.gov.br\/semsa\/escola-de-saude-publica\/programa-de-apoio-a-iniciacao-cientifica\/","url":"https:\/\/www.manaus.am.gov.br\/semsa\/escola-de-saude-publica\/programa-de-apoio-a-iniciacao-cientifica\/","name":"Programa de Apoio \u00e0 Inicia\u00e7\u00e3o Cient\u00edfica - SEMSA","isPartOf":{"@id":"https:\/\/www.manaus.am.gov.br\/semsa\/#website"},"datePublished":"2024-07-12T15:07:46+00:00","dateModified":"2024-07-12T15:07:46+00:00","breadcrumb":{"@id":"https:\/\/www.manaus.am.gov.br\/semsa\/escola-de-saude-publica\/programa-de-apoio-a-iniciacao-cientifica\/#breadcrumb"},"inLanguage":"pt-BR","potentialAction":[{"@type":"ReadAction","target":["https:\/\/www.manaus.am.gov.br\/semsa\/escola-de-saude-publica\/programa-de-apoio-a-iniciacao-cientifica\/"]}]},{"@type":"BreadcrumbList","@id":"https:\/\/www.manaus.am.gov.br\/semsa\/escola-de-saude-publica\/programa-de-apoio-a-iniciacao-cientifica\/#breadcrumb","itemListElement":[{"@type":"ListItem","position":1,"name":"Escola de Sa\u00fade P\u00fablica (Esap)","item":"https:\/\/www.manaus.am.gov.br\/semsa\/escola-de-saude-publica\/"},{"@type":"ListItem","position":2,"name":"Programa de Apoio \u00e0 Inicia\u00e7\u00e3o Cient\u00edfica"}]},{"@type":"WebSite","@id":"https:\/\/www.manaus.am.gov.br\/semsa\/#website","url":"https:\/\/www.manaus.am.gov.br\/semsa\/","name":"SEMSA","description":"Secretaria Municipal de Sa\u00fade","alternateName":"Secretaria Municipal de Sa\u00fade","potentialAction":[{"@type":"SearchAction","target":{"@type":"EntryPoint","urlTemplate":"https:\/\/www.manaus.am.gov.br\/semsa\/?s={search_term_string}"},"query-input":"required name=search_term_string"}],"inLanguage":"pt-BR"}]}},"_links":{"self":[{"href":"https:\/\/www.manaus.am.gov.br\/semsa\/wp-json\/wp\/v2\/pages\/209068"}],"collection":[{"href":"https:\/\/www.manaus.am.gov.br\/semsa\/wp-json\/wp\/v2\/pages"}],"about":[{"href":"https:\/\/www.manaus.am.gov.br\/semsa\/wp-json\/wp\/v2\/types\/page"}],"author":[{"embeddable":true,"href":"https:\/\/www.manaus.am.gov.br\/semsa\/wp-json\/wp\/v2\/users\/27"}],"replies":[{"embeddable":true,"href":"https:\/\/www.manaus.am.gov.br\/semsa\/wp-json\/wp\/v2\/comments?post=209068"}],"version-history":[{"count":10,"href":"https:\/\/www.manaus.am.gov.br\/semsa\/wp-json\/wp\/v2\/pages\/209068\/revisions"}],"predecessor-version":[{"id":210531,"href":"https:\/\/www.manaus.am.gov.br\/semsa\/wp-json\/wp\/v2\/pages\/209068\/revisions\/210531"}],"up":[{"embeddable":true,"href":"https:\/\/www.manaus.am.gov.br\/semsa\/wp-json\/wp\/v2\/pages\/208859"}],"wp:attachment":[{"href":"https:\/\/www.manaus.am.gov.br\/semsa\/wp-json\/wp\/v2\/media?parent=209068"}],"curies":[{"name":"wp","href":"https:\/\/api.w.org\/{rel}","templated":true}]}}