{"id":208840,"date":"2023-01-18T11:13:10","date_gmt":"2023-01-18T15:13:10","guid":{"rendered":"https:\/\/www.manaus.am.gov.br\/semsa\/?page_id=208840"},"modified":"2026-01-29T15:11:31","modified_gmt":"2026-01-29T19:11:31","slug":"publicacoes","status":"publish","type":"page","link":"https:\/\/www.manaus.am.gov.br\/semsa\/cievs\/publicacoes\/","title":{"rendered":"Publica\u00e7\u00f5es"},"content":{"rendered":"\n<p><a href=\"https:\/\/www.manaus.am.gov.br\/semsa\/wp-content\/uploads\/sites\/8\/2026\/01\/Guia-Cievs-2025-1.pdf\">Guia CIEVS<\/a><\/p>\n\n\n\n<p><\/p>\n\n\n\n<p><a href=\"https:\/\/www.manaus.am.gov.br\/semsa\/wp-content\/uploads\/sites\/8\/2026\/01\/MPOX_BOLETIM_2022_2024.pdf\">Boletim Epidemiol\u00f3gico MPOX<\/a><\/p>\n\n\n\n<p><\/p>\n\n\n\n<p><a href=\"https:\/\/www.manaus.am.gov.br\/semsa\/wp-content\/uploads\/sites\/8\/2026\/01\/BOLETIM-DOENC\u0327A-DE-HAFF-DCOM-1.pdf\">Boletim Epidemiol\u00f3gico Doen\u00e7a de Haff<\/a><\/p>\n\n\n\n<p><\/p>\n\n\n\n<p><a href=\"https:\/\/www.manaus.am.gov.br\/semsa\/wp-content\/uploads\/sites\/8\/2026\/01\/Boletim-Epidemiolo\u0301gico-SRAG-2015-2024-DCOM.pdf\">Boletim Epidemiol\u00f3gico S\u00edmdrome Respirat\u00f3ria Aguda Grave<\/a><\/p>\n\n\n\n<p><\/p>\n\n\n\n<p><a href=\"https:\/\/www.manaus.am.gov.br\/semsa\/wp-content\/uploads\/sites\/8\/2023\/02\/Plano-de-Contingencia.pdf\" target=\"_blank\" rel=\"noreferrer noopener\">Plano de Conting\u00eancia Municipal para Infec\u00e7\u00e3o Humana da Monkeypox<\/a><\/p>\n\n\n\n<p><\/p>\n\n\n\n<p><a href=\"https:\/\/www.manaus.am.gov.br\/semsa\/wp-content\/uploads\/sites\/8\/2023\/02\/Info-Monkeypox-3.pdf\" target=\"_blank\" rel=\"noreferrer noopener\">Informa\u00e7\u00f5es sobre Monkeypox<\/a><\/p>\n\n\n\n<p><\/p>\n\n\n\n<p><a href=\"https:\/\/www.manaus.am.gov.br\/semsa\/wp-content\/uploads\/sites\/8\/2023\/02\/manual-de-monitaramento_2016.pdf\" target=\"_blank\" rel=\"noreferrer noopener\">Manual de Monitoramento 2016<\/a><\/p>\n\n\n\n<p><\/p>\n\n\n\n<p><a href=\"https:\/\/www.manaus.am.gov.br\/semsa\/wp-content\/uploads\/sites\/8\/2023\/02\/Manual-vigilancia-sentinela-DNA.pdf\" target=\"_blank\" rel=\"noreferrer noopener\">Manual de Vigil\u00e2ncia Sentinela DNA<\/a><\/p>\n\n\n\n<p><\/p>\n\n\n\n<p><a href=\"https:\/\/www.manaus.am.gov.br\/semsa\/wp-content\/uploads\/sites\/8\/2023\/02\/manual_controle_tracoma.pdf\" target=\"_blank\" rel=\"noreferrer noopener\">Manual de Controle Tracoma<\/a><\/p>\n\n\n\n<p><\/p>\n\n\n\n<p><a href=\"https:\/\/www.manaus.am.gov.br\/semsa\/wp-content\/uploads\/sites\/8\/2023\/02\/plano-de-resposta-emergencias-saude-publica-2014.pdf\" target=\"_blank\" rel=\"noreferrer noopener\">Plano de Resposta de Emerg\u00eancias Sa\u00fade P\u00fablica 2014<\/a><\/p>\n\n\n\n<p><\/p>\n\n\n\n<p><a href=\"https:\/\/www.manaus.am.gov.br\/semsa\/wp-content\/uploads\/sites\/8\/2023\/02\/PROTOCOLO-ATUAL-MICROCEFALIA.pdf\" target=\"_blank\" rel=\"noreferrer noopener\">Protocolo Atual Microcefalia<\/a><\/p>\n\n\n\n<p><\/p>\n\n\n\n<p><a href=\"https:\/\/semsa.manaus.am.gov.br\/wp-content\/uploads\/2019\/01\/protocolo-influenza-2017.pdf\" target=\"_blank\" rel=\"noreferrer noopener\">Protocolo Influenza 2017<\/a><\/p>\n\n\n\n<p><\/p>\n\n\n\n<p><a href=\"https:\/\/www.manaus.am.gov.br\/semsa\/wp-content\/uploads\/sites\/8\/2023\/02\/Guia_VE_Vol1.pdf\" target=\"_blank\" rel=\"noreferrer noopener\">Guia de Vigil\u00e2ncia em Sa\u00fade vol. 1<\/a><\/p>\n\n\n\n<p><\/p>\n\n\n\n<p><a href=\"https:\/\/www.manaus.am.gov.br\/semsa\/wp-content\/uploads\/sites\/8\/2023\/02\/Guia_VE_Vol2.pdf\" target=\"_blank\" rel=\"noreferrer noopener\">Guia de Vigil\u00e2ncia em Sa\u00fade vol. 2<\/a><\/p>\n\n\n\n<p><\/p>\n\n\n\n<p><a href=\"https:\/\/www.manaus.am.gov.br\/semsa\/wp-content\/uploads\/sites\/8\/2023\/02\/Guia_VE_Vol3.pdf\" target=\"_blank\" rel=\"noreferrer noopener\">Guia de Vigil\u00e2ncia em Sa\u00fade vol. 3<\/a><\/p>\n\n\n\n<p><\/p>\n\n\n\n<p><a href=\"https:\/\/www.manaus.am.gov.br\/semsa\/wp-content\/uploads\/sites\/8\/2023\/02\/Regulamento_Sanitario_Internacional_versao-para-impressao.pdf\" target=\"_blank\" rel=\"noreferrer noopener\">Regulamento Sanit\u00e1rio Internacional<\/a><\/p>\n\n\n\n<p><\/p>\n\n\n\n<p><a href=\"https:\/\/www.manaus.am.gov.br\/semsa\/wp-content\/uploads\/sites\/8\/2023\/02\/Alteracao-ao-Regulamento-Sanitario-Internacional-2005-anexo-7_febre-amarela.pdf\" target=\"_blank\" rel=\"noreferrer noopener\">Altera\u00e7\u00e3o ao Regulamento Sanit\u00e1rio Internacional (2005)<\/a><\/p>\n","protected":false},"excerpt":{"rendered":"","protected":false},"author":27,"featured_media":0,"parent":211573,"menu_order":9,"comment_status":"closed","ping_status":"closed","template":"templates\/prefeitura.php","meta":{"footnotes":""},"acf":[],"yoast_head":"<!-- This site is optimized with the Yoast SEO plugin v23.0 - https:\/\/yoast.com\/wordpress\/plugins\/seo\/ -->\n<title>Publica\u00e7\u00f5es - SEMSA<\/title>\n<meta name=\"robots\" content=\"index, follow, max-snippet:-1, max-image-preview:large, max-video-preview:-1\" \/>\n<link rel=\"canonical\" href=\"https:\/\/www.manaus.am.gov.br\/semsa\/cievs\/publicacoes\/\" \/>\n<meta property=\"og:locale\" content=\"pt_BR\" \/>\n<meta property=\"og:type\" content=\"article\" \/>\n<meta property=\"og:title\" content=\"Publica\u00e7\u00f5es - SEMSA\" \/>\n<meta property=\"og:url\" content=\"https:\/\/www.manaus.am.gov.br\/semsa\/cievs\/publicacoes\/\" \/>\n<meta property=\"og:site_name\" content=\"SEMSA\" \/>\n<meta property=\"article:modified_time\" content=\"2026-01-29T19:11:31+00:00\" \/>\n<meta property=\"og:image\" content=\"https:\/\/www.manaus.am.gov.br\/semsa\/wp-content\/uploads\/sites\/8\/2024\/07\/thumb-default-2.png\" \/>\n\t<meta property=\"og:image:width\" content=\"966\" \/>\n\t<meta property=\"og:image:height\" content=\"520\" \/>\n\t<meta property=\"og:image:type\" content=\"image\/png\" \/>\n<meta name=\"twitter:card\" content=\"summary_large_image\" \/>\n<meta name=\"twitter:label1\" content=\"Est. reading time\" \/>\n\t<meta name=\"twitter:data1\" content=\"1 minuto\" \/>\n<script type=\"application\/ld+json\" class=\"yoast-schema-graph\">{\"@context\":\"https:\/\/schema.org\",\"@graph\":[{\"@type\":\"WebPage\",\"@id\":\"https:\/\/www.manaus.am.gov.br\/semsa\/cievs\/publicacoes\/\",\"url\":\"https:\/\/www.manaus.am.gov.br\/semsa\/cievs\/publicacoes\/\",\"name\":\"Publica\u00e7\u00f5es - SEMSA\",\"isPartOf\":{\"@id\":\"https:\/\/www.manaus.am.gov.br\/semsa\/#website\"},\"datePublished\":\"2023-01-18T15:13:10+00:00\",\"dateModified\":\"2026-01-29T19:11:31+00:00\",\"breadcrumb\":{\"@id\":\"https:\/\/www.manaus.am.gov.br\/semsa\/cievs\/publicacoes\/#breadcrumb\"},\"inLanguage\":\"pt-BR\",\"potentialAction\":[{\"@type\":\"ReadAction\",\"target\":[\"https:\/\/www.manaus.am.gov.br\/semsa\/cievs\/publicacoes\/\"]}]},{\"@type\":\"BreadcrumbList\",\"@id\":\"https:\/\/www.manaus.am.gov.br\/semsa\/cievs\/publicacoes\/#breadcrumb\",\"itemListElement\":[{\"@type\":\"ListItem\",\"position\":1,\"name\":\"CIEVS\",\"item\":\"https:\/\/www.manaus.am.gov.br\/semsa\/cievs\/\"},{\"@type\":\"ListItem\",\"position\":2,\"name\":\"Publica\u00e7\u00f5es\"}]},{\"@type\":\"WebSite\",\"@id\":\"https:\/\/www.manaus.am.gov.br\/semsa\/#website\",\"url\":\"https:\/\/www.manaus.am.gov.br\/semsa\/\",\"name\":\"SEMSA\",\"description\":\"Secretaria Municipal de Sa\u00fade\",\"alternateName\":\"Secretaria Municipal de Sa\u00fade\",\"potentialAction\":[{\"@type\":\"SearchAction\",\"target\":{\"@type\":\"EntryPoint\",\"urlTemplate\":\"https:\/\/www.manaus.am.gov.br\/semsa\/?s={search_term_string}\"},\"query-input\":\"required name=search_term_string\"}],\"inLanguage\":\"pt-BR\"}]}<\/script>\n<!-- \/ Yoast SEO plugin. -->","yoast_head_json":{"title":"Publica\u00e7\u00f5es - SEMSA","robots":{"index":"index","follow":"follow","max-snippet":"max-snippet:-1","max-image-preview":"max-image-preview:large","max-video-preview":"max-video-preview:-1"},"canonical":"https:\/\/www.manaus.am.gov.br\/semsa\/cievs\/publicacoes\/","og_locale":"pt_BR","og_type":"article","og_title":"Publica\u00e7\u00f5es - SEMSA","og_url":"https:\/\/www.manaus.am.gov.br\/semsa\/cievs\/publicacoes\/","og_site_name":"SEMSA","article_modified_time":"2026-01-29T19:11:31+00:00","og_image":[{"width":966,"height":520,"url":"https:\/\/www.manaus.am.gov.br\/semsa\/wp-content\/uploads\/sites\/8\/2024\/07\/thumb-default-2.png","type":"image\/png"}],"twitter_card":"summary_large_image","twitter_misc":{"Est. reading time":"1 minuto"},"schema":{"@context":"https:\/\/schema.org","@graph":[{"@type":"WebPage","@id":"https:\/\/www.manaus.am.gov.br\/semsa\/cievs\/publicacoes\/","url":"https:\/\/www.manaus.am.gov.br\/semsa\/cievs\/publicacoes\/","name":"Publica\u00e7\u00f5es - SEMSA","isPartOf":{"@id":"https:\/\/www.manaus.am.gov.br\/semsa\/#website"},"datePublished":"2023-01-18T15:13:10+00:00","dateModified":"2026-01-29T19:11:31+00:00","breadcrumb":{"@id":"https:\/\/www.manaus.am.gov.br\/semsa\/cievs\/publicacoes\/#breadcrumb"},"inLanguage":"pt-BR","potentialAction":[{"@type":"ReadAction","target":["https:\/\/www.manaus.am.gov.br\/semsa\/cievs\/publicacoes\/"]}]},{"@type":"BreadcrumbList","@id":"https:\/\/www.manaus.am.gov.br\/semsa\/cievs\/publicacoes\/#breadcrumb","itemListElement":[{"@type":"ListItem","position":1,"name":"CIEVS","item":"https:\/\/www.manaus.am.gov.br\/semsa\/cievs\/"},{"@type":"ListItem","position":2,"name":"Publica\u00e7\u00f5es"}]},{"@type":"WebSite","@id":"https:\/\/www.manaus.am.gov.br\/semsa\/#website","url":"https:\/\/www.manaus.am.gov.br\/semsa\/","name":"SEMSA","description":"Secretaria Municipal de Sa\u00fade","alternateName":"Secretaria Municipal de Sa\u00fade","potentialAction":[{"@type":"SearchAction","target":{"@type":"EntryPoint","urlTemplate":"https:\/\/www.manaus.am.gov.br\/semsa\/?s={search_term_string}"},"query-input":"required name=search_term_string"}],"inLanguage":"pt-BR"}]}},"_links":{"self":[{"href":"https:\/\/www.manaus.am.gov.br\/semsa\/wp-json\/wp\/v2\/pages\/208840"}],"collection":[{"href":"https:\/\/www.manaus.am.gov.br\/semsa\/wp-json\/wp\/v2\/pages"}],"about":[{"href":"https:\/\/www.manaus.am.gov.br\/semsa\/wp-json\/wp\/v2\/types\/page"}],"author":[{"embeddable":true,"href":"https:\/\/www.manaus.am.gov.br\/semsa\/wp-json\/wp\/v2\/users\/27"}],"replies":[{"embeddable":true,"href":"https:\/\/www.manaus.am.gov.br\/semsa\/wp-json\/wp\/v2\/comments?post=208840"}],"version-history":[{"count":8,"href":"https:\/\/www.manaus.am.gov.br\/semsa\/wp-json\/wp\/v2\/pages\/208840\/revisions"}],"predecessor-version":[{"id":227384,"href":"https:\/\/www.manaus.am.gov.br\/semsa\/wp-json\/wp\/v2\/pages\/208840\/revisions\/227384"}],"up":[{"embeddable":true,"href":"https:\/\/www.manaus.am.gov.br\/semsa\/wp-json\/wp\/v2\/pages\/211573"}],"wp:attachment":[{"href":"https:\/\/www.manaus.am.gov.br\/semsa\/wp-json\/wp\/v2\/media?parent=208840"}],"curies":[{"name":"wp","href":"https:\/\/api.w.org\/{rel}","templated":true}]}}

Publicações

<p><a href="https://www.manaus.am.gov.br/semsa/wp-content/uploads/sites/8/2026/01/Guia-Cievs-2025-1.pdf">Guia CIEVS</a></p>



<p></p>



<p><a href="https://www.manaus.am.gov.br/semsa/wp-content/uploads/sites/8/2026/01/MPOX_BOLETIM_2022_2024.pdf">Boletim Epidemiológico MPOX</a></p>



<p></p>



<p><a href="https://www.manaus.am.gov.br/semsa/wp-content/uploads/sites/8/2026/01/BOLETIM-DOENÇA-DE-HAFF-DCOM-1.pdf">Boletim Epidemiológico Doença de Haff</a></p>



<p></p>



<p><a href="https://www.manaus.am.gov.br/semsa/wp-content/uploads/sites/8/2026/01/Boletim-Epidemiológico-SRAG-2015-2024-DCOM.pdf">Boletim Epidemiológico Símdrome Respiratória Aguda Grave</a></p>



<p></p>



<p><a href="https://www.manaus.am.gov.br/semsa/wp-content/uploads/sites/8/2023/02/Plano-de-Contingencia.pdf" target="_blank" rel="noreferrer noopener">Plano de Contingência Municipal para Infecção Humana da Monkeypox</a></p>



<p></p>



<p><a href="https://www.manaus.am.gov.br/semsa/wp-content/uploads/sites/8/2023/02/Info-Monkeypox-3.pdf" target="_blank" rel="noreferrer noopener">Informações sobre Monkeypox</a></p>



<p></p>



<p><a href="https://www.manaus.am.gov.br/semsa/wp-content/uploads/sites/8/2023/02/manual-de-monitaramento_2016.pdf" target="_blank" rel="noreferrer noopener">Manual de Monitoramento 2016</a></p>



<p></p>



<p><a href="https://www.manaus.am.gov.br/semsa/wp-content/uploads/sites/8/2023/02/Manual-vigilancia-sentinela-DNA.pdf" target="_blank" rel="noreferrer noopener">Manual de Vigilância Sentinela DNA</a></p>



<p></p>



<p><a href="https://www.manaus.am.gov.br/semsa/wp-content/uploads/sites/8/2023/02/manual_controle_tracoma.pdf" target="_blank" rel="noreferrer noopener">Manual de Controle Tracoma</a></p>



<p></p>



<p><a href="https://www.manaus.am.gov.br/semsa/wp-content/uploads/sites/8/2023/02/plano-de-resposta-emergencias-saude-publica-2014.pdf" target="_blank" rel="noreferrer noopener">Plano de Resposta de Emergências Saúde Pública 2014</a></p>



<p></p>



<p><a href="https://www.manaus.am.gov.br/semsa/wp-content/uploads/sites/8/2023/02/PROTOCOLO-ATUAL-MICROCEFALIA.pdf" target="_blank" rel="noreferrer noopener">Protocolo Atual Microcefalia</a></p>



<p></p>



<p><a href="https://semsa.manaus.am.gov.br/wp-content/uploads/2019/01/protocolo-influenza-2017.pdf" target="_blank" rel="noreferrer noopener">Protocolo Influenza 2017</a></p>



<p></p>



<p><a href="https://www.manaus.am.gov.br/semsa/wp-content/uploads/sites/8/2023/02/Guia_VE_Vol1.pdf" target="_blank" rel="noreferrer noopener">Guia de Vigilância em Saúde vol. 1</a></p>



<p></p>



<p><a href="https://www.manaus.am.gov.br/semsa/wp-content/uploads/sites/8/2023/02/Guia_VE_Vol2.pdf" target="_blank" rel="noreferrer noopener">Guia de Vigilância em Saúde vol. 2</a></p>



<p></p>



<p><a href="https://www.manaus.am.gov.br/semsa/wp-content/uploads/sites/8/2023/02/Guia_VE_Vol3.pdf" target="_blank" rel="noreferrer noopener">Guia de Vigilância em Saúde vol. 3</a></p>



<p></p>



<p><a href="https://www.manaus.am.gov.br/semsa/wp-content/uploads/sites/8/2023/02/Regulamento_Sanitario_Internacional_versao-para-impressao.pdf" target="_blank" rel="noreferrer noopener">Regulamento Sanitário Internacional</a></p>



<p></p>



<p><a href="https://www.manaus.am.gov.br/semsa/wp-content/uploads/sites/8/2023/02/Alteracao-ao-Regulamento-Sanitario-Internacional-2005-anexo-7_febre-amarela.pdf" target="_blank" rel="noreferrer noopener">Alteração ao Regulamento Sanitário Internacional (2005)</a></p>

<!-- This site is optimized with the Yoast SEO plugin v23.0 - https://yoast.com/wordpress/plugins/seo/ -->
<title>Publicações - SEMSA</title>
<meta name="robots" content="index, follow, max-snippet:-1, max-image-preview:large, max-video-preview:-1" />
<link rel="canonical" href="https://www.manaus.am.gov.br/semsa/cievs/publicacoes/" />
<meta property="og:locale" content="pt_BR" />
<meta property="og:type" content="article" />
<meta property="og:title" content="Publicações - SEMSA" />
<meta property="og:url" content="https://www.manaus.am.gov.br/semsa/cievs/publicacoes/" />
<meta property="og:site_name" content="SEMSA" />
<meta property="article:modified_time" content="2026-01-29T19:11:31+00:00" />
<meta property="og:image" content="https://www.manaus.am.gov.br/semsa/wp-content/uploads/sites/8/2024/07/thumb-default-2.png" />
	<meta property="og:image:width" content="966" />
	<meta property="og:image:height" content="520" />
	<meta property="og:image:type" content="image/png" />
<meta name="twitter:card" content="summary_large_image" />
<meta name="twitter:label1" content="Est. reading time" />
	<meta name="twitter:data1" content="1 minuto" />
<script type="application/ld+json" class="yoast-schema-graph">{"@context":"https://schema.org","@graph":[{"@type":"WebPage","@id":"https://www.manaus.am.gov.br/semsa/cievs/publicacoes/","url":"https://www.manaus.am.gov.br/semsa/cievs/publicacoes/","name":"Publicações - SEMSA","isPartOf":{"@id":"https://www.manaus.am.gov.br/semsa/#website"},"datePublished":"2023-01-18T15:13:10+00:00","dateModified":"2026-01-29T19:11:31+00:00","breadcrumb":{"@id":"https://www.manaus.am.gov.br/semsa/cievs/publicacoes/#breadcrumb"},"inLanguage":"pt-BR","potentialAction":[{"@type":"ReadAction","target":["https://www.manaus.am.gov.br/semsa/cievs/publicacoes/"]}]},{"@type":"BreadcrumbList","@id":"https://www.manaus.am.gov.br/semsa/cievs/publicacoes/#breadcrumb","itemListElement":[{"@type":"ListItem","position":1,"name":"CIEVS","item":"https://www.manaus.am.gov.br/semsa/cievs/"},{"@type":"ListItem","position":2,"name":"Publicações"}]},{"@type":"WebSite","@id":"https://www.manaus.am.gov.br/semsa/#website","url":"https://www.manaus.am.gov.br/semsa/","name":"SEMSA","description":"Secretaria Municipal de Saúde","alternateName":"Secretaria Municipal de Saúde","potentialAction":[{"@type":"SearchAction","target":{"@type":"EntryPoint","urlTemplate":"https://www.manaus.am.gov.br/semsa/?s={search_term_string}"},"query-input":"required name=search_term_string"}],"inLanguage":"pt-BR"}]}</script>
<!-- / Yoast SEO plugin. -->

Publicações - SEMSA

Secretaria Municipal de Saúde
