{"id":208735,"date":"2023-01-17T20:14:54","date_gmt":"2023-01-18T00:14:54","guid":{"rendered":"https:\/\/www.manaus.am.gov.br\/semsa\/?page_id=208735"},"modified":"2023-04-03T17:09:36","modified_gmt":"2023-04-03T21:09:36","slug":"programa-de-imunizacoes","status":"publish","type":"page","link":"https:\/\/www.manaus.am.gov.br\/semsa\/vigilancia\/programa-de-imunizacoes\/","title":{"rendered":"Programa de Imuniza\u00e7\u00f5es"},"content":{"rendered":"\n<p><strong>\u00c1rea respons\u00e1vel: <\/strong>Divis\u00e3o de Imuniza\u00e7\u00e3o<br><strong>E-mail: <\/strong><a href=\"mailto:imunizacao.semsa@pmm.am.gov.br\" target=\"_blank\" rel=\"noreferrer noopener\">imunizacao.semsa@pmm.am.gov.br<\/a><\/p>\n\n\n\n<div style=\"height:20px\" aria-hidden=\"true\" class=\"wp-block-spacer\"><\/div>\n\n\n\n<h2 class=\"wp-block-heading\">Objetivos<\/h2>\n\n\n\n<ul>\n<li>Coordenar, monitorar e avaliar as a\u00e7\u00f5es de imuniza\u00e7\u00e3o no \u00e2mbito do munic\u00edpio;<\/li>\n\n\n\n<li>Analisar e acompanhar a cobertura vacinal;<\/li>\n\n\n\n<li>Pactuar, monitorar e avaliar os indicadores e metas da imuniza\u00e7\u00e3o;<\/li>\n\n\n\n<li>Realizar a avalia\u00e7\u00e3o sistem\u00e1tica das a\u00e7\u00f5es de imuniza\u00e7\u00e3o, medindo impactos e resultados;<\/li>\n\n\n\n<li>Consolidar, analisar e divulgar informa\u00e7\u00f5es relativas \u00e0 imuniza\u00e7\u00e3o e preven\u00e7\u00e3o de doen\u00e7as imunoprevin\u00edveis;<\/li>\n\n\n\n<li>Manter fluxo sistem\u00e1tico e atual dos dados de imuniza\u00e7\u00e3o;<\/li>\n\n\n\n<li>Planejar, monitorar e executar em articula\u00e7\u00e3o com os Distritos de Sa\u00fade, as a\u00e7\u00f5es de imuniza\u00e7\u00e3o, a fim de garantir prote\u00e7\u00e3o \u00e0 popula\u00e7\u00e3o para doen\u00e7as imunopreven\u00edveis e coberturas vacinais adequadas;<\/li>\n\n\n\n<li>Participar na elabora\u00e7\u00e3o de manuais de procedimentos e normas t\u00e9cnicas para interven\u00e7\u00f5es em imuniza\u00e7\u00e3o;<\/li>\n\n\n\n<li>Articular com os diversos setores da Secretaria e outros \u00f3rg\u00e3os municipais e estaduais a\u00e7\u00f5es de imuniza\u00e7\u00e3o;<\/li>\n\n\n\n<li>Promover educa\u00e7\u00e3o permanente dos recursos humanos envolvidos nas a\u00e7\u00f5es de imuniza\u00e7\u00e3o.<\/li>\n<\/ul>\n","protected":false},"excerpt":{"rendered":"","protected":false},"author":27,"featured_media":0,"parent":211549,"menu_order":0,"comment_status":"closed","ping_status":"closed","template":"templates\/turismo.php","meta":{"footnotes":""},"acf":[],"yoast_head":"<!-- This site is optimized with the Yoast SEO plugin v23.0 - https:\/\/yoast.com\/wordpress\/plugins\/seo\/ -->\n<title>Programa de Imuniza\u00e7\u00f5es - SEMSA<\/title>\n<meta name=\"robots\" content=\"index, follow, max-snippet:-1, max-image-preview:large, max-video-preview:-1\" \/>\n<link rel=\"canonical\" href=\"https:\/\/www.manaus.am.gov.br\/semsa\/vigilancia\/programa-de-imunizacoes\/\" \/>\n<meta property=\"og:locale\" content=\"pt_BR\" \/>\n<meta property=\"og:type\" content=\"article\" \/>\n<meta property=\"og:title\" content=\"Programa de Imuniza\u00e7\u00f5es - SEMSA\" \/>\n<meta property=\"og:url\" content=\"https:\/\/www.manaus.am.gov.br\/semsa\/vigilancia\/programa-de-imunizacoes\/\" \/>\n<meta property=\"og:site_name\" content=\"SEMSA\" \/>\n<meta property=\"article:modified_time\" content=\"2023-04-03T21:09:36+00:00\" \/>\n<meta property=\"og:image\" content=\"https:\/\/www.manaus.am.gov.br\/semsa\/wp-content\/uploads\/sites\/8\/2024\/07\/thumb-default-2.png\" \/>\n\t<meta property=\"og:image:width\" content=\"966\" \/>\n\t<meta property=\"og:image:height\" content=\"520\" \/>\n\t<meta property=\"og:image:type\" content=\"image\/png\" \/>\n<meta name=\"twitter:card\" content=\"summary_large_image\" \/>\n<meta name=\"twitter:label1\" content=\"Est. reading time\" \/>\n\t<meta name=\"twitter:data1\" content=\"1 minuto\" \/>\n<script type=\"application\/ld+json\" class=\"yoast-schema-graph\">{\"@context\":\"https:\/\/schema.org\",\"@graph\":[{\"@type\":\"WebPage\",\"@id\":\"https:\/\/www.manaus.am.gov.br\/semsa\/vigilancia\/programa-de-imunizacoes\/\",\"url\":\"https:\/\/www.manaus.am.gov.br\/semsa\/vigilancia\/programa-de-imunizacoes\/\",\"name\":\"Programa de Imuniza\u00e7\u00f5es - SEMSA\",\"isPartOf\":{\"@id\":\"https:\/\/www.manaus.am.gov.br\/semsa\/#website\"},\"datePublished\":\"2023-01-18T00:14:54+00:00\",\"dateModified\":\"2023-04-03T21:09:36+00:00\",\"breadcrumb\":{\"@id\":\"https:\/\/www.manaus.am.gov.br\/semsa\/vigilancia\/programa-de-imunizacoes\/#breadcrumb\"},\"inLanguage\":\"pt-BR\",\"potentialAction\":[{\"@type\":\"ReadAction\",\"target\":[\"https:\/\/www.manaus.am.gov.br\/semsa\/vigilancia\/programa-de-imunizacoes\/\"]}]},{\"@type\":\"BreadcrumbList\",\"@id\":\"https:\/\/www.manaus.am.gov.br\/semsa\/vigilancia\/programa-de-imunizacoes\/#breadcrumb\",\"itemListElement\":[{\"@type\":\"ListItem\",\"position\":1,\"name\":\"Vigil\u00e2ncia\",\"item\":\"https:\/\/www.manaus.am.gov.br\/semsa\/vigilancia\/\"},{\"@type\":\"ListItem\",\"position\":2,\"name\":\"Programa de Imuniza\u00e7\u00f5es\"}]},{\"@type\":\"WebSite\",\"@id\":\"https:\/\/www.manaus.am.gov.br\/semsa\/#website\",\"url\":\"https:\/\/www.manaus.am.gov.br\/semsa\/\",\"name\":\"SEMSA\",\"description\":\"Secretaria Municipal de Sa\u00fade\",\"alternateName\":\"Secretaria Municipal de Sa\u00fade\",\"potentialAction\":[{\"@type\":\"SearchAction\",\"target\":{\"@type\":\"EntryPoint\",\"urlTemplate\":\"https:\/\/www.manaus.am.gov.br\/semsa\/?s={search_term_string}\"},\"query-input\":\"required name=search_term_string\"}],\"inLanguage\":\"pt-BR\"}]}<\/script>\n<!-- \/ Yoast SEO plugin. -->","yoast_head_json":{"title":"Programa de Imuniza\u00e7\u00f5es - SEMSA","robots":{"index":"index","follow":"follow","max-snippet":"max-snippet:-1","max-image-preview":"max-image-preview:large","max-video-preview":"max-video-preview:-1"},"canonical":"https:\/\/www.manaus.am.gov.br\/semsa\/vigilancia\/programa-de-imunizacoes\/","og_locale":"pt_BR","og_type":"article","og_title":"Programa de Imuniza\u00e7\u00f5es - SEMSA","og_url":"https:\/\/www.manaus.am.gov.br\/semsa\/vigilancia\/programa-de-imunizacoes\/","og_site_name":"SEMSA","article_modified_time":"2023-04-03T21:09:36+00:00","og_image":[{"width":966,"height":520,"url":"https:\/\/www.manaus.am.gov.br\/semsa\/wp-content\/uploads\/sites\/8\/2024\/07\/thumb-default-2.png","type":"image\/png"}],"twitter_card":"summary_large_image","twitter_misc":{"Est. reading time":"1 minuto"},"schema":{"@context":"https:\/\/schema.org","@graph":[{"@type":"WebPage","@id":"https:\/\/www.manaus.am.gov.br\/semsa\/vigilancia\/programa-de-imunizacoes\/","url":"https:\/\/www.manaus.am.gov.br\/semsa\/vigilancia\/programa-de-imunizacoes\/","name":"Programa de Imuniza\u00e7\u00f5es - SEMSA","isPartOf":{"@id":"https:\/\/www.manaus.am.gov.br\/semsa\/#website"},"datePublished":"2023-01-18T00:14:54+00:00","dateModified":"2023-04-03T21:09:36+00:00","breadcrumb":{"@id":"https:\/\/www.manaus.am.gov.br\/semsa\/vigilancia\/programa-de-imunizacoes\/#breadcrumb"},"inLanguage":"pt-BR","potentialAction":[{"@type":"ReadAction","target":["https:\/\/www.manaus.am.gov.br\/semsa\/vigilancia\/programa-de-imunizacoes\/"]}]},{"@type":"BreadcrumbList","@id":"https:\/\/www.manaus.am.gov.br\/semsa\/vigilancia\/programa-de-imunizacoes\/#breadcrumb","itemListElement":[{"@type":"ListItem","position":1,"name":"Vigil\u00e2ncia","item":"https:\/\/www.manaus.am.gov.br\/semsa\/vigilancia\/"},{"@type":"ListItem","position":2,"name":"Programa de Imuniza\u00e7\u00f5es"}]},{"@type":"WebSite","@id":"https:\/\/www.manaus.am.gov.br\/semsa\/#website","url":"https:\/\/www.manaus.am.gov.br\/semsa\/","name":"SEMSA","description":"Secretaria Municipal de Sa\u00fade","alternateName":"Secretaria Municipal de Sa\u00fade","potentialAction":[{"@type":"SearchAction","target":{"@type":"EntryPoint","urlTemplate":"https:\/\/www.manaus.am.gov.br\/semsa\/?s={search_term_string}"},"query-input":"required name=search_term_string"}],"inLanguage":"pt-BR"}]}},"_links":{"self":[{"href":"https:\/\/www.manaus.am.gov.br\/semsa\/wp-json\/wp\/v2\/pages\/208735"}],"collection":[{"href":"https:\/\/www.manaus.am.gov.br\/semsa\/wp-json\/wp\/v2\/pages"}],"about":[{"href":"https:\/\/www.manaus.am.gov.br\/semsa\/wp-json\/wp\/v2\/types\/page"}],"author":[{"embeddable":true,"href":"https:\/\/www.manaus.am.gov.br\/semsa\/wp-json\/wp\/v2\/users\/27"}],"replies":[{"embeddable":true,"href":"https:\/\/www.manaus.am.gov.br\/semsa\/wp-json\/wp\/v2\/comments?post=208735"}],"version-history":[{"count":6,"href":"https:\/\/www.manaus.am.gov.br\/semsa\/wp-json\/wp\/v2\/pages\/208735\/revisions"}],"predecessor-version":[{"id":211554,"href":"https:\/\/www.manaus.am.gov.br\/semsa\/wp-json\/wp\/v2\/pages\/208735\/revisions\/211554"}],"up":[{"embeddable":true,"href":"https:\/\/www.manaus.am.gov.br\/semsa\/wp-json\/wp\/v2\/pages\/211549"}],"wp:attachment":[{"href":"https:\/\/www.manaus.am.gov.br\/semsa\/wp-json\/wp\/v2\/media?parent=208735"}],"curies":[{"name":"wp","href":"https:\/\/api.w.org\/{rel}","templated":true}]}}

Programa de Imunizações

<p><strong>Área responsável: </strong>Divisão de Imunização<br><strong>E-mail: </strong><a href="mailto:imunizacao.semsa@pmm.am.gov.br" target="_blank" rel="noreferrer noopener">imunizacao.semsa@pmm.am.gov.br</a></p>



<div style="height:20px" aria-hidden="true" class="wp-block-spacer"></div>



<h2 class="wp-block-heading">Objetivos</h2>



<ul>
<li>Coordenar, monitorar e avaliar as ações de imunização no âmbito do município;</li>



<li>Analisar e acompanhar a cobertura vacinal;</li>



<li>Pactuar, monitorar e avaliar os indicadores e metas da imunização;</li>



<li>Realizar a avaliação sistemática das ações de imunização, medindo impactos e resultados;</li>



<li>Consolidar, analisar e divulgar informações relativas à imunização e prevenção de doenças imunopreviníveis;</li>



<li>Manter fluxo sistemático e atual dos dados de imunização;</li>



<li>Planejar, monitorar e executar em articulação com os Distritos de Saúde, as ações de imunização, a fim de garantir proteção à população para doenças imunopreveníveis e coberturas vacinais adequadas;</li>



<li>Participar na elaboração de manuais de procedimentos e normas técnicas para intervenções em imunização;</li>



<li>Articular com os diversos setores da Secretaria e outros órgãos municipais e estaduais ações de imunização;</li>



<li>Promover educação permanente dos recursos humanos envolvidos nas ações de imunização.</li>
</ul>

<!-- This site is optimized with the Yoast SEO plugin v23.0 - https://yoast.com/wordpress/plugins/seo/ -->
<title>Programa de Imunizações - SEMSA</title>
<meta name="robots" content="index, follow, max-snippet:-1, max-image-preview:large, max-video-preview:-1" />
<link rel="canonical" href="https://www.manaus.am.gov.br/semsa/vigilancia/programa-de-imunizacoes/" />
<meta property="og:locale" content="pt_BR" />
<meta property="og:type" content="article" />
<meta property="og:title" content="Programa de Imunizações - SEMSA" />
<meta property="og:url" content="https://www.manaus.am.gov.br/semsa/vigilancia/programa-de-imunizacoes/" />
<meta property="og:site_name" content="SEMSA" />
<meta property="article:modified_time" content="2023-04-03T21:09:36+00:00" />
<meta property="og:image" content="https://www.manaus.am.gov.br/semsa/wp-content/uploads/sites/8/2024/07/thumb-default-2.png" />
	<meta property="og:image:width" content="966" />
	<meta property="og:image:height" content="520" />
	<meta property="og:image:type" content="image/png" />
<meta name="twitter:card" content="summary_large_image" />
<meta name="twitter:label1" content="Est. reading time" />
	<meta name="twitter:data1" content="1 minuto" />
<script type="application/ld+json" class="yoast-schema-graph">{"@context":"https://schema.org","@graph":[{"@type":"WebPage","@id":"https://www.manaus.am.gov.br/semsa/vigilancia/programa-de-imunizacoes/","url":"https://www.manaus.am.gov.br/semsa/vigilancia/programa-de-imunizacoes/","name":"Programa de Imunizações - SEMSA","isPartOf":{"@id":"https://www.manaus.am.gov.br/semsa/#website"},"datePublished":"2023-01-18T00:14:54+00:00","dateModified":"2023-04-03T21:09:36+00:00","breadcrumb":{"@id":"https://www.manaus.am.gov.br/semsa/vigilancia/programa-de-imunizacoes/#breadcrumb"},"inLanguage":"pt-BR","potentialAction":[{"@type":"ReadAction","target":["https://www.manaus.am.gov.br/semsa/vigilancia/programa-de-imunizacoes/"]}]},{"@type":"BreadcrumbList","@id":"https://www.manaus.am.gov.br/semsa/vigilancia/programa-de-imunizacoes/#breadcrumb","itemListElement":[{"@type":"ListItem","position":1,"name":"Vigilância","item":"https://www.manaus.am.gov.br/semsa/vigilancia/"},{"@type":"ListItem","position":2,"name":"Programa de Imunizações"}]},{"@type":"WebSite","@id":"https://www.manaus.am.gov.br/semsa/#website","url":"https://www.manaus.am.gov.br/semsa/","name":"SEMSA","description":"Secretaria Municipal de Saúde","alternateName":"Secretaria Municipal de Saúde","potentialAction":[{"@type":"SearchAction","target":{"@type":"EntryPoint","urlTemplate":"https://www.manaus.am.gov.br/semsa/?s={search_term_string}"},"query-input":"required name=search_term_string"}],"inLanguage":"pt-BR"}]}</script>
<!-- / Yoast SEO plugin. -->

Programa de Imunizações - SEMSA

Vigilância

Secretaria Municipal de Saúde
