{"id":208233,"date":"2023-01-16T08:02:56","date_gmt":"2023-01-16T12:02:56","guid":{"rendered":"https:\/\/www.manaus.am.gov.br\/semsa\/?page_id=208233"},"modified":"2023-01-27T17:37:31","modified_gmt":"2023-01-27T21:37:31","slug":"auxilio-brasil","status":"publish","type":"page","link":"https:\/\/www.manaus.am.gov.br\/semsa\/auxilio-brasil\/","title":{"rendered":"Aux\u00edlio Brasil"},"content":{"rendered":"\n<p>Os benefici\u00e1rios do Programa Aux\u00edlio Brasil devem procurar a Unidade B\u00e1sica de Sa\u00fade, pr\u00f3xima da resid\u00eancia, no m\u00ednimo uma vez a cada semestre.<\/p>\n\n\n\n<p>As crian\u00e7as menores de sete anos e mulheres com idade entre 14 e 44 anos, s\u00e3o grupos obrigat\u00f3rios para cumprimento das condicionalidades de sa\u00fade do PAB, por\u00e9m o acesso aos servi\u00e7os de sa\u00fade \u00e9 estendido a todos os membros da fam\u00edlia, pois se trata de oportunizar o cuidado e promo\u00e7\u00e3o de sa\u00fade \u00e0queles que se encontram socialmente mais vulner\u00e1veis.<\/p>\n\n\n\n<p>O n\u00e3o comparecimento ao servi\u00e7o de sa\u00fade, al\u00e9m de comprometer o monitoramento do crescimento e desenvolvimento das crian\u00e7as e o acompanhamento do pr\u00e9-natal, pode gerar dificuldades aos benefici\u00e1rios para a continuidade do recebimento dos benef\u00edcios.<\/p>\n\n\n\n<p>Por isso, \u00e9 fundamental que ao chegar na Unidade de Sa\u00fade, cada benefici\u00e1rio informe que \u00e9 cadastrado no PAB. Assim, ficar\u00e1 mais f\u00e1cil registrar o atendimento de sa\u00fade no Sistema Federal.<\/p>\n\n\n\n<p><a class=\"custom-link azul-small\" href=\"https:\/\/www.gov.br\/cidadania\/pt-br\/auxilio-brasil\" target=\"_blank\" rel=\"noreferrer noopener\">Mais informa\u00e7\u00f5es<\/a><\/p>\n","protected":false},"excerpt":{"rendered":"","protected":false},"author":27,"featured_media":0,"parent":0,"menu_order":0,"comment_status":"closed","ping_status":"closed","template":"templates\/prefeitura.php","meta":{"footnotes":""},"acf":[],"yoast_head":"<!-- This site is optimized with the Yoast SEO plugin v23.0 - https:\/\/yoast.com\/wordpress\/plugins\/seo\/ -->\n<title>Aux\u00edlio Brasil - SEMSA<\/title>\n<meta name=\"robots\" content=\"index, follow, max-snippet:-1, max-image-preview:large, max-video-preview:-1\" \/>\n<link rel=\"canonical\" href=\"https:\/\/www.manaus.am.gov.br\/semsa\/auxilio-brasil\/\" \/>\n<meta property=\"og:locale\" content=\"pt_BR\" \/>\n<meta property=\"og:type\" content=\"article\" \/>\n<meta property=\"og:title\" content=\"Aux\u00edlio Brasil - SEMSA\" \/>\n<meta property=\"og:url\" content=\"https:\/\/www.manaus.am.gov.br\/semsa\/auxilio-brasil\/\" \/>\n<meta property=\"og:site_name\" content=\"SEMSA\" \/>\n<meta property=\"article:modified_time\" content=\"2023-01-27T21:37:31+00:00\" \/>\n<meta property=\"og:image\" content=\"https:\/\/www.manaus.am.gov.br\/semsa\/wp-content\/uploads\/sites\/8\/2024\/07\/thumb-default-2.png\" \/>\n\t<meta property=\"og:image:width\" content=\"966\" \/>\n\t<meta property=\"og:image:height\" content=\"520\" \/>\n\t<meta property=\"og:image:type\" content=\"image\/png\" \/>\n<meta name=\"twitter:card\" content=\"summary_large_image\" \/>\n<meta name=\"twitter:label1\" content=\"Est. reading time\" \/>\n\t<meta name=\"twitter:data1\" content=\"1 minuto\" \/>\n<script type=\"application\/ld+json\" class=\"yoast-schema-graph\">{\"@context\":\"https:\/\/schema.org\",\"@graph\":[{\"@type\":\"WebPage\",\"@id\":\"https:\/\/www.manaus.am.gov.br\/semsa\/auxilio-brasil\/\",\"url\":\"https:\/\/www.manaus.am.gov.br\/semsa\/auxilio-brasil\/\",\"name\":\"Aux\u00edlio Brasil - SEMSA\",\"isPartOf\":{\"@id\":\"https:\/\/www.manaus.am.gov.br\/semsa\/#website\"},\"datePublished\":\"2023-01-16T12:02:56+00:00\",\"dateModified\":\"2023-01-27T21:37:31+00:00\",\"inLanguage\":\"pt-BR\",\"potentialAction\":[{\"@type\":\"ReadAction\",\"target\":[\"https:\/\/www.manaus.am.gov.br\/semsa\/auxilio-brasil\/\"]}]},{\"@type\":\"WebSite\",\"@id\":\"https:\/\/www.manaus.am.gov.br\/semsa\/#website\",\"url\":\"https:\/\/www.manaus.am.gov.br\/semsa\/\",\"name\":\"SEMSA\",\"description\":\"Secretaria Municipal de Sa\u00fade\",\"alternateName\":\"Secretaria Municipal de Sa\u00fade\",\"potentialAction\":[{\"@type\":\"SearchAction\",\"target\":{\"@type\":\"EntryPoint\",\"urlTemplate\":\"https:\/\/www.manaus.am.gov.br\/semsa\/?s={search_term_string}\"},\"query-input\":\"required name=search_term_string\"}],\"inLanguage\":\"pt-BR\"}]}<\/script>\n<!-- \/ Yoast SEO plugin. -->","yoast_head_json":{"title":"Aux\u00edlio Brasil - SEMSA","robots":{"index":"index","follow":"follow","max-snippet":"max-snippet:-1","max-image-preview":"max-image-preview:large","max-video-preview":"max-video-preview:-1"},"canonical":"https:\/\/www.manaus.am.gov.br\/semsa\/auxilio-brasil\/","og_locale":"pt_BR","og_type":"article","og_title":"Aux\u00edlio Brasil - SEMSA","og_url":"https:\/\/www.manaus.am.gov.br\/semsa\/auxilio-brasil\/","og_site_name":"SEMSA","article_modified_time":"2023-01-27T21:37:31+00:00","og_image":[{"width":966,"height":520,"url":"https:\/\/www.manaus.am.gov.br\/semsa\/wp-content\/uploads\/sites\/8\/2024\/07\/thumb-default-2.png","type":"image\/png"}],"twitter_card":"summary_large_image","twitter_misc":{"Est. reading time":"1 minuto"},"schema":{"@context":"https:\/\/schema.org","@graph":[{"@type":"WebPage","@id":"https:\/\/www.manaus.am.gov.br\/semsa\/auxilio-brasil\/","url":"https:\/\/www.manaus.am.gov.br\/semsa\/auxilio-brasil\/","name":"Aux\u00edlio Brasil - SEMSA","isPartOf":{"@id":"https:\/\/www.manaus.am.gov.br\/semsa\/#website"},"datePublished":"2023-01-16T12:02:56+00:00","dateModified":"2023-01-27T21:37:31+00:00","inLanguage":"pt-BR","potentialAction":[{"@type":"ReadAction","target":["https:\/\/www.manaus.am.gov.br\/semsa\/auxilio-brasil\/"]}]},{"@type":"WebSite","@id":"https:\/\/www.manaus.am.gov.br\/semsa\/#website","url":"https:\/\/www.manaus.am.gov.br\/semsa\/","name":"SEMSA","description":"Secretaria Municipal de Sa\u00fade","alternateName":"Secretaria Municipal de Sa\u00fade","potentialAction":[{"@type":"SearchAction","target":{"@type":"EntryPoint","urlTemplate":"https:\/\/www.manaus.am.gov.br\/semsa\/?s={search_term_string}"},"query-input":"required name=search_term_string"}],"inLanguage":"pt-BR"}]}},"_links":{"self":[{"href":"https:\/\/www.manaus.am.gov.br\/semsa\/wp-json\/wp\/v2\/pages\/208233"}],"collection":[{"href":"https:\/\/www.manaus.am.gov.br\/semsa\/wp-json\/wp\/v2\/pages"}],"about":[{"href":"https:\/\/www.manaus.am.gov.br\/semsa\/wp-json\/wp\/v2\/types\/page"}],"author":[{"embeddable":true,"href":"https:\/\/www.manaus.am.gov.br\/semsa\/wp-json\/wp\/v2\/users\/27"}],"replies":[{"embeddable":true,"href":"https:\/\/www.manaus.am.gov.br\/semsa\/wp-json\/wp\/v2\/comments?post=208233"}],"version-history":[{"count":3,"href":"https:\/\/www.manaus.am.gov.br\/semsa\/wp-json\/wp\/v2\/pages\/208233\/revisions"}],"predecessor-version":[{"id":210288,"href":"https:\/\/www.manaus.am.gov.br\/semsa\/wp-json\/wp\/v2\/pages\/208233\/revisions\/210288"}],"wp:attachment":[{"href":"https:\/\/www.manaus.am.gov.br\/semsa\/wp-json\/wp\/v2\/media?parent=208233"}],"curies":[{"name":"wp","href":"https:\/\/api.w.org\/{rel}","templated":true}]}}