{"id":207922,"date":"2023-01-13T10:50:36","date_gmt":"2023-01-13T14:50:36","guid":{"rendered":"https:\/\/www.manaus.am.gov.br\/semsa\/?page_id=207922"},"modified":"2025-06-16T10:04:08","modified_gmt":"2025-06-16T14:04:08","slug":"samu","status":"publish","type":"page","link":"https:\/\/www.manaus.am.gov.br\/semsa\/unidades\/samu\/","title":{"rendered":"Samu"},"content":{"rendered":"\n<h2 class=\"wp-block-heading\">Acesso telef\u00f4nico gratuito<\/h2>\n\n\n\n<p>Disque 192<\/p>\n\n\n\n<h2 class=\"wp-block-heading\">Quando chamar o Samu?<\/h2>\n\n\n\n<p>Na ocorr\u00eancia de problemas card\u00edacos e ou respirat\u00f3rios;<br>Em casos de intoxica\u00e7\u00e3o, traumatismo ou queimadura;<br>Na ocorr\u00eancia de quadros infecciosos;<br>Na ocorr\u00eancia de maus tratos;<br>Em trabalhos de parto;<br>Em casos de tentativas de suic\u00eddio;<br>Em crises hipertensivas;<br>Quando houver acidentes com v\u00edtimas;<br>Em casos de choque el\u00e9trico;<br>Em acidentes com produtos perigosos;<br>Na transfer\u00eancia de doentes de uma unidade hospitalar para outra.<\/p>\n\n\n\n<h2 class=\"wp-block-heading\">O que \u00e9 o Samu?<\/h2>\n\n\n\n<p>Os Servi\u00e7os de Atendimento M\u00f3vel de Urg\u00eancia (Samu 192) acolhem os pedidos de ajuda m\u00e9dica de cidad\u00e3os acometidos por agravos agudos \u00e0 sa\u00fade, de natureza cl\u00ednica, psiqui\u00e1trica, cir\u00fargica, traum\u00e1tica, obst\u00e9trica e ginecol\u00f3gica, com acesso telef\u00f4nico gratuito, pelo n\u00famero nacional 192, de uso exclusivo das Centrais de Regula\u00e7\u00e3o M\u00e9dica de Urg\u00eancias do Samu, de acordo com Decreto da Presid\u00eancia da Rep\u00fablica n\u00ba 5.055, de 27 de Abril de 2004 (BRASIL, 2004c).<\/p>\n\n\n\n<p>Ap\u00f3s o acolhimento e identifica\u00e7\u00e3o dos chamados, as solicita\u00e7\u00f5es s\u00e3o julgadas pelo m\u00e9dico regulador que classifica o n\u00edvel de urg\u00eancia de cada uma e define qual o recurso necess\u00e1rio ao seu adequado atendimento, o que pode envolver desde um simples conselho m\u00e9dico at\u00e9 o envio de uma Unidade de Suporte Avan\u00e7ado de Vida ao local ou, inclusive, o acionamento de outros meios de apoio, se julgar necess\u00e1rio.<\/p>\n\n\n\n<p>Ap\u00f3s a avalia\u00e7\u00e3o no local, caso o paciente necessite de retaguarda, o mesmo ser\u00e1 transportado, de forma segura, at\u00e9 aqueles servi\u00e7os de sa\u00fade que melhor possam atender cada paciente naquele momento, respondendo de forma resolutiva \u00e0s suas necessidades e garantindo a continuidade da aten\u00e7\u00e3o inicialmente prestada pelo Samu. Por sua atua\u00e7\u00e3o, o Samu constitui-se num importante elo entre os diferentes n\u00edveis de aten\u00e7\u00e3o do Sistema \u00danico de Sa\u00fade (SUS).<\/p>\n\n\n\n<h2 class=\"wp-block-heading\">Tipos de ambul\u00e2ncia<\/h2>\n\n\n\n<h3 class=\"wp-block-heading\">Tipo A<\/h3>\n\n\n\n<p>Ambul\u00e2ncia de Suporte B\u00e1sico (USB): ve\u00edculo destinado ao transporte inter-hospitalar de pacientes com risco de vida conhecido e ao atendimento pr\u00e9-hospitalar de pacientes com risco de vida desconhecido, n\u00e3o classificado com potencial de necessitar de interven\u00e7\u00e3o m\u00e9dica no local e\/ou durante transporte at\u00e9 o servi\u00e7o de destino. Tripulada por dois profissionais, sendo um motorista e um t\u00e9cnico ou auxiliar de enfermagem.<\/p>\n\n\n\n<h3 class=\"wp-block-heading\">Tipo B<\/h3>\n\n\n\n<p>Ambul\u00e2ncia de Suporte Avan\u00e7ado (USA): ve\u00edculo destinado ao atendimento e transporte de pacientes de alto risco em emerg\u00eancias pr\u00e9-hospitalares e\/ou de transporte inter-hospitalar, que necessitam de cuidados m\u00e9dicos intensivos.<\/p>\n\n\n\n<p>Deve contar com os equipamentos m\u00e9dicos necess\u00e1rios para esta fun\u00e7\u00e3o. Tripulada por tr\u00eas profissionais, sendo um motorista, um enfermeiro e um m\u00e9dico.<\/p>\n\n\n\n<h3 class=\"wp-block-heading\">Tipo C<\/h3>\n\n\n\n<p>Embarca\u00e7\u00e3o de Transporte M\u00e9dico: ve\u00edculo motorizado aquavi\u00e1rio, destinado ao transporte por via mar\u00edtima ou fluvial. Deve possuir os equipamentos m\u00e9dicos necess\u00e1rios ao atendimento de pacientes conforme sua gravidade.<\/p>\n\n\n\n<p>Tripulada por dois ou tr\u00eas profissionais, de acordo com o tipo de atendimento a ser realizado, contando com o condutor da embarca\u00e7\u00e3o e um auxiliar\/t\u00e9cnico de enfermagem em casos de suporte b\u00e1sico de vida, e um m\u00e9dico e um enfermeiro, em casos de suporte avan\u00e7ado de vida.<\/p>\n\n\n\n<h2 class=\"wp-block-heading\">Atribui\u00e7\u00f5es gerais do servi\u00e7o<\/h2>\n\n\n\n<p>A atua\u00e7\u00e3o do m\u00e9dico regulador d\u00e1-se em v\u00e1rias dimens\u00f5es, exercendo atividades t\u00e9cnicas, administrativas, gerenciando conflitos e poderes, sempre no sentido de garantir acesso ao recurso mais adequado a cada necessidade e propiciando um adequado fluxo de usu\u00e1rios na Rede de Aten\u00e7\u00e3o \u00e0s Urg\u00eancias.<\/p>\n\n\n\n<p>As atribui\u00e7\u00f5es b\u00e1sicas da Central de Regula\u00e7\u00e3o M\u00e9dica de Urg\u00eancia s\u00e3o:<\/p>\n\n\n\n<h3 class=\"wp-block-heading\">Regula\u00e7\u00e3o m\u00e9dica do sistema de urg\u00eancia<\/h3>\n\n\n\n<p>Regula\u00e7\u00e3o de todos os fluxos de pacientes v\u00edtimas de agravos urgentes \u00e0 sa\u00fade, do local onde ocorreram at\u00e9 os diferentes servi\u00e7os da rede regionalizada e hierarquizada, bem como dos fluxos entre os servi\u00e7os existentes no \u00e2mbito municipal e regional;<\/p>\n\n\n\n<p>Essa tarefa exige a apropria\u00e7\u00e3o din\u00e2mica da situa\u00e7\u00e3o real de todos os servi\u00e7os de urg\u00eancia do munic\u00edpio, de forma a permitir uma distribui\u00e7\u00e3o equ\u00e2nime dos pacientes entre eles e, inclusive, a permuta entre os diferentes n\u00edveis de aten\u00e7\u00e3o, para sanar eventuais defici\u00eancias.<\/p>\n\n\n\n<h3 class=\"wp-block-heading\">Cobertura de eventos de risco<\/h3>\n\n\n\n<p>Cobertura de atividades esportivas, sociais, culturais diversas, por meio de apoio direto com equipe no local ou a dist\u00e2ncia com garantia de canal priorit\u00e1rio de comunica\u00e7\u00e3o.<\/p>\n\n\n\n<h3 class=\"wp-block-heading\">Cobertura a acidentes com m\u00faltiplas v\u00edtimas<\/h3>\n\n\n\n<p>Regula\u00e7\u00e3o e atendimento local em situa\u00e7\u00f5es de desastres, cat\u00e1strofes ou acidentes com m\u00faltiplas v\u00edtimas de diferentes portes;<\/p>\n\n\n\n<p>Participa\u00e7\u00e3o na elabora\u00e7\u00e3o de planos de atendimento e realiza\u00e7\u00e3o de simulados com Defesa Civil, Bombeiros, Infraero e demais parceiros.<\/p>\n\n\n\n<h3 class=\"wp-block-heading\">Capacita\u00e7\u00e3o de recursos humanos<\/h3>\n\n\n\n<p>Participa\u00e7\u00e3o na Pol\u00edtica de Educa\u00e7\u00e3o Permanente do SUS por interm\u00e9dio dos P\u00f3los de Educa\u00e7\u00e3o Permanente e da estrutura\u00e7\u00e3o dos N\u00facleos de Educa\u00e7\u00e3o em Urg\u00eancia a eles integrados.<\/p>\n\n\n\n<h3 class=\"wp-block-heading\">A\u00e7\u00f5es educativas para a comunidade<\/h3>\n\n\n\n<p>Participa\u00e7\u00e3o ativa na estrutura\u00e7\u00e3o de palestras sobre primeiro atendimento a urg\u00eancias para empresas, escolas, creches, Conselhos de Sa\u00fade, institui\u00e7\u00f5es diversas e comunidade em geral;<\/p>\n\n\n\n<p>Participa\u00e7\u00e3o no desenvolvimento de estrat\u00e9gias promocionais junto \u00e0 comunidade, Seguran\u00e7a P\u00fablica, Departamento de Tr\u00e2nsito, Educa\u00e7\u00e3o, Cultura e outros setores;<\/p>\n\n\n\n<p>Produ\u00e7\u00e3o de estudos epidemiol\u00f3gicos e massa cr\u00edtica capacitada para intervir positivamente na incid\u00eancia de agravos \u00e0 sa\u00fade.<\/p>\n","protected":false},"excerpt":{"rendered":"","protected":false},"author":27,"featured_media":0,"parent":211060,"menu_order":0,"comment_status":"closed","ping_status":"closed","template":"templates\/turismo.php","meta":{"footnotes":""},"acf":[],"yoast_head":"<!-- This site is optimized with the Yoast SEO plugin v23.0 - https:\/\/yoast.com\/wordpress\/plugins\/seo\/ -->\n<title>Samu - SEMSA<\/title>\n<meta name=\"robots\" content=\"index, follow, max-snippet:-1, max-image-preview:large, max-video-preview:-1\" \/>\n<link rel=\"canonical\" href=\"https:\/\/www.manaus.am.gov.br\/semsa\/unidades\/samu\/\" \/>\n<meta property=\"og:locale\" content=\"pt_BR\" \/>\n<meta property=\"og:type\" content=\"article\" \/>\n<meta property=\"og:title\" content=\"Samu - SEMSA\" \/>\n<meta property=\"og:url\" content=\"https:\/\/www.manaus.am.gov.br\/semsa\/unidades\/samu\/\" \/>\n<meta property=\"og:site_name\" content=\"SEMSA\" \/>\n<meta property=\"article:modified_time\" content=\"2025-06-16T14:04:08+00:00\" \/>\n<meta property=\"og:image\" content=\"https:\/\/www.manaus.am.gov.br\/semsa\/wp-content\/uploads\/sites\/8\/2024\/07\/thumb-default-2.png\" \/>\n\t<meta property=\"og:image:width\" content=\"966\" \/>\n\t<meta property=\"og:image:height\" content=\"520\" \/>\n\t<meta property=\"og:image:type\" content=\"image\/png\" \/>\n<meta name=\"twitter:card\" content=\"summary_large_image\" \/>\n<meta name=\"twitter:label1\" content=\"Est. reading time\" \/>\n\t<meta name=\"twitter:data1\" content=\"5 minutos\" \/>\n<script type=\"application\/ld+json\" class=\"yoast-schema-graph\">{\"@context\":\"https:\/\/schema.org\",\"@graph\":[{\"@type\":\"WebPage\",\"@id\":\"https:\/\/www.manaus.am.gov.br\/semsa\/unidades\/samu\/\",\"url\":\"https:\/\/www.manaus.am.gov.br\/semsa\/unidades\/samu\/\",\"name\":\"Samu - SEMSA\",\"isPartOf\":{\"@id\":\"https:\/\/www.manaus.am.gov.br\/semsa\/#website\"},\"datePublished\":\"2023-01-13T14:50:36+00:00\",\"dateModified\":\"2025-06-16T14:04:08+00:00\",\"breadcrumb\":{\"@id\":\"https:\/\/www.manaus.am.gov.br\/semsa\/unidades\/samu\/#breadcrumb\"},\"inLanguage\":\"pt-BR\",\"potentialAction\":[{\"@type\":\"ReadAction\",\"target\":[\"https:\/\/www.manaus.am.gov.br\/semsa\/unidades\/samu\/\"]}]},{\"@type\":\"BreadcrumbList\",\"@id\":\"https:\/\/www.manaus.am.gov.br\/semsa\/unidades\/samu\/#breadcrumb\",\"itemListElement\":[{\"@type\":\"ListItem\",\"position\":1,\"name\":\"Unidades\",\"item\":\"https:\/\/www.manaus.am.gov.br\/semsa\/unidades\/\"},{\"@type\":\"ListItem\",\"position\":2,\"name\":\"Samu\"}]},{\"@type\":\"WebSite\",\"@id\":\"https:\/\/www.manaus.am.gov.br\/semsa\/#website\",\"url\":\"https:\/\/www.manaus.am.gov.br\/semsa\/\",\"name\":\"SEMSA\",\"description\":\"Secretaria Municipal de Sa\u00fade\",\"alternateName\":\"Secretaria Municipal de Sa\u00fade\",\"potentialAction\":[{\"@type\":\"SearchAction\",\"target\":{\"@type\":\"EntryPoint\",\"urlTemplate\":\"https:\/\/www.manaus.am.gov.br\/semsa\/?s={search_term_string}\"},\"query-input\":\"required name=search_term_string\"}],\"inLanguage\":\"pt-BR\"}]}<\/script>\n<!-- \/ Yoast SEO plugin. -->","yoast_head_json":{"title":"Samu - SEMSA","robots":{"index":"index","follow":"follow","max-snippet":"max-snippet:-1","max-image-preview":"max-image-preview:large","max-video-preview":"max-video-preview:-1"},"canonical":"https:\/\/www.manaus.am.gov.br\/semsa\/unidades\/samu\/","og_locale":"pt_BR","og_type":"article","og_title":"Samu - SEMSA","og_url":"https:\/\/www.manaus.am.gov.br\/semsa\/unidades\/samu\/","og_site_name":"SEMSA","article_modified_time":"2025-06-16T14:04:08+00:00","og_image":[{"width":966,"height":520,"url":"https:\/\/www.manaus.am.gov.br\/semsa\/wp-content\/uploads\/sites\/8\/2024\/07\/thumb-default-2.png","type":"image\/png"}],"twitter_card":"summary_large_image","twitter_misc":{"Est. reading time":"5 minutos"},"schema":{"@context":"https:\/\/schema.org","@graph":[{"@type":"WebPage","@id":"https:\/\/www.manaus.am.gov.br\/semsa\/unidades\/samu\/","url":"https:\/\/www.manaus.am.gov.br\/semsa\/unidades\/samu\/","name":"Samu - SEMSA","isPartOf":{"@id":"https:\/\/www.manaus.am.gov.br\/semsa\/#website"},"datePublished":"2023-01-13T14:50:36+00:00","dateModified":"2025-06-16T14:04:08+00:00","breadcrumb":{"@id":"https:\/\/www.manaus.am.gov.br\/semsa\/unidades\/samu\/#breadcrumb"},"inLanguage":"pt-BR","potentialAction":[{"@type":"ReadAction","target":["https:\/\/www.manaus.am.gov.br\/semsa\/unidades\/samu\/"]}]},{"@type":"BreadcrumbList","@id":"https:\/\/www.manaus.am.gov.br\/semsa\/unidades\/samu\/#breadcrumb","itemListElement":[{"@type":"ListItem","position":1,"name":"Unidades","item":"https:\/\/www.manaus.am.gov.br\/semsa\/unidades\/"},{"@type":"ListItem","position":2,"name":"Samu"}]},{"@type":"WebSite","@id":"https:\/\/www.manaus.am.gov.br\/semsa\/#website","url":"https:\/\/www.manaus.am.gov.br\/semsa\/","name":"SEMSA","description":"Secretaria Municipal de Sa\u00fade","alternateName":"Secretaria Municipal de Sa\u00fade","potentialAction":[{"@type":"SearchAction","target":{"@type":"EntryPoint","urlTemplate":"https:\/\/www.manaus.am.gov.br\/semsa\/?s={search_term_string}"},"query-input":"required name=search_term_string"}],"inLanguage":"pt-BR"}]}},"_links":{"self":[{"href":"https:\/\/www.manaus.am.gov.br\/semsa\/wp-json\/wp\/v2\/pages\/207922"}],"collection":[{"href":"https:\/\/www.manaus.am.gov.br\/semsa\/wp-json\/wp\/v2\/pages"}],"about":[{"href":"https:\/\/www.manaus.am.gov.br\/semsa\/wp-json\/wp\/v2\/types\/page"}],"author":[{"embeddable":true,"href":"https:\/\/www.manaus.am.gov.br\/semsa\/wp-json\/wp\/v2\/users\/27"}],"replies":[{"embeddable":true,"href":"https:\/\/www.manaus.am.gov.br\/semsa\/wp-json\/wp\/v2\/comments?post=207922"}],"version-history":[{"count":16,"href":"https:\/\/www.manaus.am.gov.br\/semsa\/wp-json\/wp\/v2\/pages\/207922\/revisions"}],"predecessor-version":[{"id":223928,"href":"https:\/\/www.manaus.am.gov.br\/semsa\/wp-json\/wp\/v2\/pages\/207922\/revisions\/223928"}],"up":[{"embeddable":true,"href":"https:\/\/www.manaus.am.gov.br\/semsa\/wp-json\/wp\/v2\/pages\/211060"}],"wp:attachment":[{"href":"https:\/\/www.manaus.am.gov.br\/semsa\/wp-json\/wp\/v2\/media?parent=207922"}],"curies":[{"name":"wp","href":"https:\/\/api.w.org\/{rel}","templated":true}]}}

<h2 class="wp-block-heading">Acesso telefônico gratuito</h2>



<p>Disque 192</p>



<h2 class="wp-block-heading">Quando chamar o Samu?</h2>



<p>Na ocorrência de problemas cardíacos e ou respiratórios;<br>Em casos de intoxicação, traumatismo ou queimadura;<br>Na ocorrência de quadros infecciosos;<br>Na ocorrência de maus tratos;<br>Em trabalhos de parto;<br>Em casos de tentativas de suicídio;<br>Em crises hipertensivas;<br>Quando houver acidentes com vítimas;<br>Em casos de choque elétrico;<br>Em acidentes com produtos perigosos;<br>Na transferência de doentes de uma unidade hospitalar para outra.</p>



<h2 class="wp-block-heading">O que é o Samu?</h2>



<p>Os Serviços de Atendimento Móvel de Urgência (Samu 192) acolhem os pedidos de ajuda médica de cidadãos acometidos por agravos agudos à saúde, de natureza clínica, psiquiátrica, cirúrgica, traumática, obstétrica e ginecológica, com acesso telefônico gratuito, pelo número nacional 192, de uso exclusivo das Centrais de Regulação Médica de Urgências do Samu, de acordo com Decreto da Presidência da República nº 5.055, de 27 de Abril de 2004 (BRASIL, 2004c).</p>



<p>Após o acolhimento e identificação dos chamados, as solicitações são julgadas pelo médico regulador que classifica o nível de urgência de cada uma e define qual o recurso necessário ao seu adequado atendimento, o que pode envolver desde um simples conselho médico até o envio de uma Unidade de Suporte Avançado de Vida ao local ou, inclusive, o acionamento de outros meios de apoio, se julgar necessário.</p>



<p>Após a avaliação no local, caso o paciente necessite de retaguarda, o mesmo será transportado, de forma segura, até aqueles serviços de saúde que melhor possam atender cada paciente naquele momento, respondendo de forma resolutiva às suas necessidades e garantindo a continuidade da atenção inicialmente prestada pelo Samu. Por sua atuação, o Samu constitui-se num importante elo entre os diferentes níveis de atenção do Sistema Único de Saúde (SUS).</p>



<h2 class="wp-block-heading">Tipos de ambulância</h2>



<h3 class="wp-block-heading">Tipo A</h3>



<p>Ambulância de Suporte Básico (USB): veículo destinado ao transporte inter-hospitalar de pacientes com risco de vida conhecido e ao atendimento pré-hospitalar de pacientes com risco de vida desconhecido, não classificado com potencial de necessitar de intervenção médica no local e/ou durante transporte até o serviço de destino. Tripulada por dois profissionais, sendo um motorista e um técnico ou auxiliar de enfermagem.</p>



<h3 class="wp-block-heading">Tipo B</h3>



<p>Ambulância de Suporte Avançado (USA): veículo destinado ao atendimento e transporte de pacientes de alto risco em emergências pré-hospitalares e/ou de transporte inter-hospitalar, que necessitam de cuidados médicos intensivos.</p>



<p>Deve contar com os equipamentos médicos necessários para esta função. Tripulada por três profissionais, sendo um motorista, um enfermeiro e um médico.</p>



<h3 class="wp-block-heading">Tipo C</h3>



<p>Embarcação de Transporte Médico: veículo motorizado aquaviário, destinado ao transporte por via marítima ou fluvial. Deve possuir os equipamentos médicos necessários ao atendimento de pacientes conforme sua gravidade.</p>



<p>Tripulada por dois ou três profissionais, de acordo com o tipo de atendimento a ser realizado, contando com o condutor da embarcação e um auxiliar/técnico de enfermagem em casos de suporte básico de vida, e um médico e um enfermeiro, em casos de suporte avançado de vida.</p>



<h2 class="wp-block-heading">Atribuições gerais do serviço</h2>



<p>A atuação do médico regulador dá-se em várias dimensões, exercendo atividades técnicas, administrativas, gerenciando conflitos e poderes, sempre no sentido de garantir acesso ao recurso mais adequado a cada necessidade e propiciando um adequado fluxo de usuários na Rede de Atenção às Urgências.</p>



<p>As atribuições básicas da Central de Regulação Médica de Urgência são:</p>



<h3 class="wp-block-heading">Regulação médica do sistema de urgência</h3>



<p>Regulação de todos os fluxos de pacientes vítimas de agravos urgentes à saúde, do local onde ocorreram até os diferentes serviços da rede regionalizada e hierarquizada, bem como dos fluxos entre os serviços existentes no âmbito municipal e regional;</p>



<p>Essa tarefa exige a apropriação dinâmica da situação real de todos os serviços de urgência do município, de forma a permitir uma distribuição equânime dos pacientes entre eles e, inclusive, a permuta entre os diferentes níveis de atenção, para sanar eventuais deficiências.</p>



<h3 class="wp-block-heading">Cobertura de eventos de risco</h3>



<p>Cobertura de atividades esportivas, sociais, culturais diversas, por meio de apoio direto com equipe no local ou a distância com garantia de canal prioritário de comunicação.</p>



<h3 class="wp-block-heading">Cobertura a acidentes com múltiplas vítimas</h3>



<p>Regulação e atendimento local em situações de desastres, catástrofes ou acidentes com múltiplas vítimas de diferentes portes;</p>



<p>Participação na elaboração de planos de atendimento e realização de simulados com Defesa Civil, Bombeiros, Infraero e demais parceiros.</p>



<h3 class="wp-block-heading">Capacitação de recursos humanos</h3>



<p>Participação na Política de Educação Permanente do SUS por intermédio dos Pólos de Educação Permanente e da estruturação dos Núcleos de Educação em Urgência a eles integrados.</p>



<h3 class="wp-block-heading">Ações educativas para a comunidade</h3>



<p>Participação ativa na estruturação de palestras sobre primeiro atendimento a urgências para empresas, escolas, creches, Conselhos de Saúde, instituições diversas e comunidade em geral;</p>



<p>Participação no desenvolvimento de estratégias promocionais junto à comunidade, Segurança Pública, Departamento de Trânsito, Educação, Cultura e outros setores;</p>



<p>Produção de estudos epidemiológicos e massa crítica capacitada para intervir positivamente na incidência de agravos à saúde.</p>

<!-- This site is optimized with the Yoast SEO plugin v23.0 - https://yoast.com/wordpress/plugins/seo/ -->
<title>Samu - SEMSA</title>
<meta name="robots" content="index, follow, max-snippet:-1, max-image-preview:large, max-video-preview:-1" />
<link rel="canonical" href="https://www.manaus.am.gov.br/semsa/unidades/samu/" />
<meta property="og:locale" content="pt_BR" />
<meta property="og:type" content="article" />
<meta property="og:title" content="Samu - SEMSA" />
<meta property="og:url" content="https://www.manaus.am.gov.br/semsa/unidades/samu/" />
<meta property="og:site_name" content="SEMSA" />
<meta property="article:modified_time" content="2025-06-16T14:04:08+00:00" />
<meta property="og:image" content="https://www.manaus.am.gov.br/semsa/wp-content/uploads/sites/8/2024/07/thumb-default-2.png" />
	<meta property="og:image:width" content="966" />
	<meta property="og:image:height" content="520" />
	<meta property="og:image:type" content="image/png" />
<meta name="twitter:card" content="summary_large_image" />
<meta name="twitter:label1" content="Est. reading time" />
	<meta name="twitter:data1" content="5 minutos" />
<script type="application/ld+json" class="yoast-schema-graph">{"@context":"https://schema.org","@graph":[{"@type":"WebPage","@id":"https://www.manaus.am.gov.br/semsa/unidades/samu/","url":"https://www.manaus.am.gov.br/semsa/unidades/samu/","name":"Samu - SEMSA","isPartOf":{"@id":"https://www.manaus.am.gov.br/semsa/#website"},"datePublished":"2023-01-13T14:50:36+00:00","dateModified":"2025-06-16T14:04:08+00:00","breadcrumb":{"@id":"https://www.manaus.am.gov.br/semsa/unidades/samu/#breadcrumb"},"inLanguage":"pt-BR","potentialAction":[{"@type":"ReadAction","target":["https://www.manaus.am.gov.br/semsa/unidades/samu/"]}]},{"@type":"BreadcrumbList","@id":"https://www.manaus.am.gov.br/semsa/unidades/samu/#breadcrumb","itemListElement":[{"@type":"ListItem","position":1,"name":"Unidades","item":"https://www.manaus.am.gov.br/semsa/unidades/"},{"@type":"ListItem","position":2,"name":"Samu"}]},{"@type":"WebSite","@id":"https://www.manaus.am.gov.br/semsa/#website","url":"https://www.manaus.am.gov.br/semsa/","name":"SEMSA","description":"Secretaria Municipal de Saúde","alternateName":"Secretaria Municipal de Saúde","potentialAction":[{"@type":"SearchAction","target":{"@type":"EntryPoint","urlTemplate":"https://www.manaus.am.gov.br/semsa/?s={search_term_string}"},"query-input":"required name=search_term_string"}],"inLanguage":"pt-BR"}]}</script>
<!-- / Yoast SEO plugin. -->

Secretaria Municipal de Saúde
