{"id":207878,"date":"2023-01-12T17:38:34","date_gmt":"2023-01-12T21:38:34","guid":{"rendered":"https:\/\/www.manaus.am.gov.br\/semsa\/?page_id=207878"},"modified":"2026-03-20T09:02:51","modified_gmt":"2026-03-20T13:02:51","slug":"programa-leite-do-meu-filho","status":"publish","type":"page","link":"https:\/\/www.manaus.am.gov.br\/semsa\/programas-e-servicos\/programa-leite-do-meu-filho\/","title":{"rendered":"Programa Leite do Meu Filho"},"content":{"rendered":"\n<h3 class=\"wp-block-heading\">Quem pode se cadastrar?<\/h3>\n\n\n\n<p>As fam\u00edlias em situa\u00e7\u00e3o de vulnerabilidade social, com crian\u00e7as menores de 2 anos e 6 meses, podem se cadastrar no Programa de Nutri\u00e7\u00e3o Infantil Leite do Meu Filho.<\/p>\n\n\n\n<p>Atualmente o Programa Leite do Meu Filho atende 5.488 benefici\u00e1rios. (19<br>de mar\u00e7o de 2026).<\/p>\n\n\n\n<h3 class=\"wp-block-heading\">Endere\u00e7o das Centrais de Atendimento<\/h3>\n\n\n\n<p>Central de Atendimento do Programa de Nutri\u00e7\u00e3o Infantil &#8211; CAPNI &#8211; Shopping Phelippe Daou<br>Endere\u00e7o: Av. Camapu\u00e3, 2939 &#8211; Cidade Nova<br>Hor\u00e1rio de atendimento: 8h \u00e0s 16h30<br>Telefone: (92) 98842-6519 (somente whatsapp)<\/p>\n\n\n\n<p>Central de Atendimento do Programa de Nutri\u00e7\u00e3o Infantil \u2013 Galeria dos Rem\u00e9dios<br>Endere\u00e7o: Rua Miranda Le\u00e3o, 82 &#8211; Centro<br>Hor\u00e1rio de atendimento: 8h \u00e0s 16h<br>Telefone: (92) 98842- 7309 (somente whatsapp)<\/p>\n\n\n\n<h3 class=\"wp-block-heading\">Documenta\u00e7\u00e3o necess\u00e1ria para ativa\u00e7\u00e3o (original)<\/h3>\n\n\n\n<ul>\n<li>RG e CPF do respons\u00e1vel legal<\/li>\n\n\n\n<li>Certid\u00e3o de nascimento (crian\u00e7a);<\/li>\n<\/ul>\n\n\n\n<h3 class=\"wp-block-heading\">Importante<\/h3>\n\n\n\n<p>No caso de crian\u00e7as menores de 12 meses de idade \u00e9 indispens\u00e1vel apresentar a prescri\u00e7\u00e3o m\u00e9dica, com CID que justifica a substitui\u00e7\u00e3o do leite materno por f\u00f3rmula infantil, conforme situa\u00e7\u00f5es cl\u00ednicas especificadas pela Organiza\u00e7\u00e3o Mundial da Sa\u00fade (OMS).<br>O cadastramento desse p\u00fablico deve ser feito de forma presencial em uma das centrais de atendimento do Programa.<\/p>\n\n\n\n<h3 class=\"wp-block-heading\">Cadastro pela Internet<\/h3>\n\n\n\n<p>A Prefeitura de Manaus oferece a op\u00e7\u00e3o de realizar do cadastro no Programa de Nutri\u00e7\u00e3o Infantil Leite do Meu Filho pela internet, acessando o link <a href=\"https:\/\/ldmf.manaus.am.gov.br\">https:\/\/ldmf.manaus.am.gov.br<\/a>. Para isso o respons\u00e1vel legal e a crian\u00e7a devem ter cart\u00e3o SUS e cadastro atualizado em qualquer Unidade de Sa\u00fade da Fam\u00edlia, da Semsa. Realizado esse passo, o respons\u00e1vel pela crian\u00e7a dever\u00e1 criar um novo acesso no link abaixo, informando seu CPF, nome completo e data de nascimento. <\/p>\n\n\n\n<p>Criado o acesso, o respons\u00e1vel deve cadastrar sua crian\u00e7a no bot\u00e3o + Incluir, informando os mesmos dados. Ap\u00f3s 30 dias, ser\u00e1 poss\u00edvel consultar o status do cadastro realizado, se est\u00e1 apto ou inapto, com o respectivo motivo, por meio do mesmo link.<\/p>\n\n\n\n<p><\/p>\n\n\n\n<h2 class=\"wp-block-heading\">Aten\u00e7\u00e3o! <\/h2>\n\n\n\n<p>Apesar de ser online, a aprova\u00e7\u00e3o do cadastro n\u00e3o \u00e9 autom\u00e1tica.<br>As diretrizes do Programa para receber o benef\u00edcio foram modificadas:<\/p>\n\n\n\n<ul>\n<li>Crian\u00e7as de 1 ano a menores de 3 anos de idade (cadastro online);<\/li>\n\n\n\n<li>Prescri\u00e7\u00e3o m\u00e9dica para crian\u00e7as menores de 12 meses com indica\u00e7\u00e3o cl\u00ednica para substitui\u00e7\u00e3o do leite materno por f\u00f3rmula infantil (cadastro presencial);<\/li>\n\n\n\n<li>Fam\u00edlias em situa\u00e7\u00e3o de vulnerabilidade social comprovadas pelo cadastro \u00fanico do Governo Federal atualizado, residentes em Manaus.<\/li>\n<\/ul>\n","protected":false},"excerpt":{"rendered":"","protected":false},"author":27,"featured_media":0,"parent":211520,"menu_order":0,"comment_status":"closed","ping_status":"closed","template":"templates\/turismo.php","meta":{"footnotes":""},"acf":[],"yoast_head":"<!-- This site is optimized with the Yoast SEO plugin v23.0 - https:\/\/yoast.com\/wordpress\/plugins\/seo\/ -->\n<title>Programa Leite do Meu Filho - SEMSA<\/title>\n<meta name=\"robots\" content=\"index, follow, max-snippet:-1, max-image-preview:large, max-video-preview:-1\" \/>\n<link rel=\"canonical\" href=\"https:\/\/www.manaus.am.gov.br\/semsa\/programas-e-servicos\/programa-leite-do-meu-filho\/\" \/>\n<meta property=\"og:locale\" content=\"pt_BR\" \/>\n<meta property=\"og:type\" content=\"article\" \/>\n<meta property=\"og:title\" content=\"Programa Leite do Meu Filho - SEMSA\" \/>\n<meta property=\"og:url\" content=\"https:\/\/www.manaus.am.gov.br\/semsa\/programas-e-servicos\/programa-leite-do-meu-filho\/\" \/>\n<meta property=\"og:site_name\" content=\"SEMSA\" \/>\n<meta property=\"article:modified_time\" content=\"2026-03-20T13:02:51+00:00\" \/>\n<meta property=\"og:image\" content=\"https:\/\/www.manaus.am.gov.br\/semsa\/wp-content\/uploads\/sites\/8\/2024\/07\/thumb-default-2.png\" \/>\n\t<meta property=\"og:image:width\" content=\"966\" \/>\n\t<meta property=\"og:image:height\" content=\"520\" \/>\n\t<meta property=\"og:image:type\" content=\"image\/png\" \/>\n<meta name=\"twitter:card\" content=\"summary_large_image\" \/>\n<meta name=\"twitter:label1\" content=\"Est. reading time\" \/>\n\t<meta name=\"twitter:data1\" content=\"3 minutos\" \/>\n<script type=\"application\/ld+json\" class=\"yoast-schema-graph\">{\"@context\":\"https:\/\/schema.org\",\"@graph\":[{\"@type\":\"WebPage\",\"@id\":\"https:\/\/www.manaus.am.gov.br\/semsa\/programas-e-servicos\/programa-leite-do-meu-filho\/\",\"url\":\"https:\/\/www.manaus.am.gov.br\/semsa\/programas-e-servicos\/programa-leite-do-meu-filho\/\",\"name\":\"Programa Leite do Meu Filho - SEMSA\",\"isPartOf\":{\"@id\":\"https:\/\/www.manaus.am.gov.br\/semsa\/#website\"},\"datePublished\":\"2023-01-12T21:38:34+00:00\",\"dateModified\":\"2026-03-20T13:02:51+00:00\",\"breadcrumb\":{\"@id\":\"https:\/\/www.manaus.am.gov.br\/semsa\/programas-e-servicos\/programa-leite-do-meu-filho\/#breadcrumb\"},\"inLanguage\":\"pt-BR\",\"potentialAction\":[{\"@type\":\"ReadAction\",\"target\":[\"https:\/\/www.manaus.am.gov.br\/semsa\/programas-e-servicos\/programa-leite-do-meu-filho\/\"]}]},{\"@type\":\"BreadcrumbList\",\"@id\":\"https:\/\/www.manaus.am.gov.br\/semsa\/programas-e-servicos\/programa-leite-do-meu-filho\/#breadcrumb\",\"itemListElement\":[{\"@type\":\"ListItem\",\"position\":1,\"name\":\"PROGRAMAS E SERVI\u00c7OS\",\"item\":\"https:\/\/www.manaus.am.gov.br\/semsa\/programas-e-servicos\/\"},{\"@type\":\"ListItem\",\"position\":2,\"name\":\"Programa Leite do Meu Filho\"}]},{\"@type\":\"WebSite\",\"@id\":\"https:\/\/www.manaus.am.gov.br\/semsa\/#website\",\"url\":\"https:\/\/www.manaus.am.gov.br\/semsa\/\",\"name\":\"SEMSA\",\"description\":\"Secretaria Municipal de Sa\u00fade\",\"alternateName\":\"Secretaria Municipal de Sa\u00fade\",\"potentialAction\":[{\"@type\":\"SearchAction\",\"target\":{\"@type\":\"EntryPoint\",\"urlTemplate\":\"https:\/\/www.manaus.am.gov.br\/semsa\/?s={search_term_string}\"},\"query-input\":\"required name=search_term_string\"}],\"inLanguage\":\"pt-BR\"}]}<\/script>\n<!-- \/ Yoast SEO plugin. -->","yoast_head_json":{"title":"Programa Leite do Meu Filho - SEMSA","robots":{"index":"index","follow":"follow","max-snippet":"max-snippet:-1","max-image-preview":"max-image-preview:large","max-video-preview":"max-video-preview:-1"},"canonical":"https:\/\/www.manaus.am.gov.br\/semsa\/programas-e-servicos\/programa-leite-do-meu-filho\/","og_locale":"pt_BR","og_type":"article","og_title":"Programa Leite do Meu Filho - SEMSA","og_url":"https:\/\/www.manaus.am.gov.br\/semsa\/programas-e-servicos\/programa-leite-do-meu-filho\/","og_site_name":"SEMSA","article_modified_time":"2026-03-20T13:02:51+00:00","og_image":[{"width":966,"height":520,"url":"https:\/\/www.manaus.am.gov.br\/semsa\/wp-content\/uploads\/sites\/8\/2024\/07\/thumb-default-2.png","type":"image\/png"}],"twitter_card":"summary_large_image","twitter_misc":{"Est. reading time":"3 minutos"},"schema":{"@context":"https:\/\/schema.org","@graph":[{"@type":"WebPage","@id":"https:\/\/www.manaus.am.gov.br\/semsa\/programas-e-servicos\/programa-leite-do-meu-filho\/","url":"https:\/\/www.manaus.am.gov.br\/semsa\/programas-e-servicos\/programa-leite-do-meu-filho\/","name":"Programa Leite do Meu Filho - SEMSA","isPartOf":{"@id":"https:\/\/www.manaus.am.gov.br\/semsa\/#website"},"datePublished":"2023-01-12T21:38:34+00:00","dateModified":"2026-03-20T13:02:51+00:00","breadcrumb":{"@id":"https:\/\/www.manaus.am.gov.br\/semsa\/programas-e-servicos\/programa-leite-do-meu-filho\/#breadcrumb"},"inLanguage":"pt-BR","potentialAction":[{"@type":"ReadAction","target":["https:\/\/www.manaus.am.gov.br\/semsa\/programas-e-servicos\/programa-leite-do-meu-filho\/"]}]},{"@type":"BreadcrumbList","@id":"https:\/\/www.manaus.am.gov.br\/semsa\/programas-e-servicos\/programa-leite-do-meu-filho\/#breadcrumb","itemListElement":[{"@type":"ListItem","position":1,"name":"PROGRAMAS E SERVI\u00c7OS","item":"https:\/\/www.manaus.am.gov.br\/semsa\/programas-e-servicos\/"},{"@type":"ListItem","position":2,"name":"Programa Leite do Meu Filho"}]},{"@type":"WebSite","@id":"https:\/\/www.manaus.am.gov.br\/semsa\/#website","url":"https:\/\/www.manaus.am.gov.br\/semsa\/","name":"SEMSA","description":"Secretaria Municipal de Sa\u00fade","alternateName":"Secretaria Municipal de Sa\u00fade","potentialAction":[{"@type":"SearchAction","target":{"@type":"EntryPoint","urlTemplate":"https:\/\/www.manaus.am.gov.br\/semsa\/?s={search_term_string}"},"query-input":"required name=search_term_string"}],"inLanguage":"pt-BR"}]}},"_links":{"self":[{"href":"https:\/\/www.manaus.am.gov.br\/semsa\/wp-json\/wp\/v2\/pages\/207878"}],"collection":[{"href":"https:\/\/www.manaus.am.gov.br\/semsa\/wp-json\/wp\/v2\/pages"}],"about":[{"href":"https:\/\/www.manaus.am.gov.br\/semsa\/wp-json\/wp\/v2\/types\/page"}],"author":[{"embeddable":true,"href":"https:\/\/www.manaus.am.gov.br\/semsa\/wp-json\/wp\/v2\/users\/27"}],"replies":[{"embeddable":true,"href":"https:\/\/www.manaus.am.gov.br\/semsa\/wp-json\/wp\/v2\/comments?post=207878"}],"version-history":[{"count":23,"href":"https:\/\/www.manaus.am.gov.br\/semsa\/wp-json\/wp\/v2\/pages\/207878\/revisions"}],"predecessor-version":[{"id":228114,"href":"https:\/\/www.manaus.am.gov.br\/semsa\/wp-json\/wp\/v2\/pages\/207878\/revisions\/228114"}],"up":[{"embeddable":true,"href":"https:\/\/www.manaus.am.gov.br\/semsa\/wp-json\/wp\/v2\/pages\/211520"}],"wp:attachment":[{"href":"https:\/\/www.manaus.am.gov.br\/semsa\/wp-json\/wp\/v2\/media?parent=207878"}],"curies":[{"name":"wp","href":"https:\/\/api.w.org\/{rel}","templated":true}]}}

<h3 class="wp-block-heading">Quem pode se cadastrar?</h3>



<p>As famílias em situação de vulnerabilidade social, com crianças menores de 2 anos e 6 meses, podem se cadastrar no Programa de Nutrição Infantil Leite do Meu Filho.</p>



<p>Atualmente o Programa Leite do Meu Filho atende 5.488 beneficiários. (19<br>de março de 2026).</p>



<h3 class="wp-block-heading">Endereço das Centrais de Atendimento</h3>



<p>Central de Atendimento do Programa de Nutrição Infantil &#8211; CAPNI &#8211; Shopping Phelippe Daou<br>Endereço: Av. Camapuã, 2939 &#8211; Cidade Nova<br>Horário de atendimento: 8h às 16h30<br>Telefone: (92) 98842-6519 (somente whatsapp)</p>



<p>Central de Atendimento do Programa de Nutrição Infantil – Galeria dos Remédios<br>Endereço: Rua Miranda Leão, 82 &#8211; Centro<br>Horário de atendimento: 8h às 16h<br>Telefone: (92) 98842- 7309 (somente whatsapp)</p>



<h3 class="wp-block-heading">Documentação necessária para ativação (original)</h3>



<ul>
<li>RG e CPF do responsável legal</li>



<li>Certidão de nascimento (criança);</li>
</ul>



<h3 class="wp-block-heading">Importante</h3>



<p>No caso de crianças menores de 12 meses de idade é indispensável apresentar a prescrição médica, com CID que justifica a substituição do leite materno por fórmula infantil, conforme situações clínicas especificadas pela Organização Mundial da Saúde (OMS).<br>O cadastramento desse público deve ser feito de forma presencial em uma das centrais de atendimento do Programa.</p>



<h3 class="wp-block-heading">Cadastro pela Internet</h3>



<p>A Prefeitura de Manaus oferece a opção de realizar do cadastro no Programa de Nutrição Infantil Leite do Meu Filho pela internet, acessando o link <a href="https://ldmf.manaus.am.gov.br">https://ldmf.manaus.am.gov.br</a>. Para isso o responsável legal e a criança devem ter cartão SUS e cadastro atualizado em qualquer Unidade de Saúde da Família, da Semsa. Realizado esse passo, o responsável pela criança deverá criar um novo acesso no link abaixo, informando seu CPF, nome completo e data de nascimento. </p>



<p>Criado o acesso, o responsável deve cadastrar sua criança no botão + Incluir, informando os mesmos dados. Após 30 dias, será possível consultar o status do cadastro realizado, se está apto ou inapto, com o respectivo motivo, por meio do mesmo link.</p>



<p></p>



<h2 class="wp-block-heading">Atenção! </h2>



<p>Apesar de ser online, a aprovação do cadastro não é automática.<br>As diretrizes do Programa para receber o benefício foram modificadas:</p>



<ul>
<li>Crianças de 1 ano a menores de 3 anos de idade (cadastro online);</li>



<li>Prescrição médica para crianças menores de 12 meses com indicação clínica para substituição do leite materno por fórmula infantil (cadastro presencial);</li>



<li>Famílias em situação de vulnerabilidade social comprovadas pelo cadastro único do Governo Federal atualizado, residentes em Manaus.</li>
</ul>

<!-- This site is optimized with the Yoast SEO plugin v23.0 - https://yoast.com/wordpress/plugins/seo/ -->
<title>Programa Leite do Meu Filho - SEMSA</title>
<meta name="robots" content="index, follow, max-snippet:-1, max-image-preview:large, max-video-preview:-1" />
<link rel="canonical" href="https://www.manaus.am.gov.br/semsa/programas-e-servicos/programa-leite-do-meu-filho/" />
<meta property="og:locale" content="pt_BR" />
<meta property="og:type" content="article" />
<meta property="og:title" content="Programa Leite do Meu Filho - SEMSA" />
<meta property="og:url" content="https://www.manaus.am.gov.br/semsa/programas-e-servicos/programa-leite-do-meu-filho/" />
<meta property="og:site_name" content="SEMSA" />
<meta property="article:modified_time" content="2026-03-20T13:02:51+00:00" />
<meta property="og:image" content="https://www.manaus.am.gov.br/semsa/wp-content/uploads/sites/8/2024/07/thumb-default-2.png" />
	<meta property="og:image:width" content="966" />
	<meta property="og:image:height" content="520" />
	<meta property="og:image:type" content="image/png" />
<meta name="twitter:card" content="summary_large_image" />
<meta name="twitter:label1" content="Est. reading time" />
	<meta name="twitter:data1" content="3 minutos" />
<script type="application/ld+json" class="yoast-schema-graph">{"@context":"https://schema.org","@graph":[{"@type":"WebPage","@id":"https://www.manaus.am.gov.br/semsa/programas-e-servicos/programa-leite-do-meu-filho/","url":"https://www.manaus.am.gov.br/semsa/programas-e-servicos/programa-leite-do-meu-filho/","name":"Programa Leite do Meu Filho - SEMSA","isPartOf":{"@id":"https://www.manaus.am.gov.br/semsa/#website"},"datePublished":"2023-01-12T21:38:34+00:00","dateModified":"2026-03-20T13:02:51+00:00","breadcrumb":{"@id":"https://www.manaus.am.gov.br/semsa/programas-e-servicos/programa-leite-do-meu-filho/#breadcrumb"},"inLanguage":"pt-BR","potentialAction":[{"@type":"ReadAction","target":["https://www.manaus.am.gov.br/semsa/programas-e-servicos/programa-leite-do-meu-filho/"]}]},{"@type":"BreadcrumbList","@id":"https://www.manaus.am.gov.br/semsa/programas-e-servicos/programa-leite-do-meu-filho/#breadcrumb","itemListElement":[{"@type":"ListItem","position":1,"name":"PROGRAMAS E SERVIÇOS","item":"https://www.manaus.am.gov.br/semsa/programas-e-servicos/"},{"@type":"ListItem","position":2,"name":"Programa Leite do Meu Filho"}]},{"@type":"WebSite","@id":"https://www.manaus.am.gov.br/semsa/#website","url":"https://www.manaus.am.gov.br/semsa/","name":"SEMSA","description":"Secretaria Municipal de Saúde","alternateName":"Secretaria Municipal de Saúde","potentialAction":[{"@type":"SearchAction","target":{"@type":"EntryPoint","urlTemplate":"https://www.manaus.am.gov.br/semsa/?s={search_term_string}"},"query-input":"required name=search_term_string"}],"inLanguage":"pt-BR"}]}</script>
<!-- / Yoast SEO plugin. -->

PROGRAMAS E SERVIÇOS

Secretaria Municipal de Saúde
