{"id":207862,"date":"2023-01-12T16:01:33","date_gmt":"2023-01-12T20:01:33","guid":{"rendered":"https:\/\/www.manaus.am.gov.br\/semsa\/?page_id=207862"},"modified":"2025-06-16T14:02:28","modified_gmt":"2025-06-16T18:02:28","slug":"declaracao-de-nascido-vivo","status":"publish","type":"page","link":"https:\/\/www.manaus.am.gov.br\/semsa\/programas-e-servicos\/declaracao-de-nascido-vivo\/","title":{"rendered":"Declara\u00e7\u00e3o de Nascido Vivo"},"content":{"rendered":"\n<h3 class=\"wp-block-heading\">Servi\u00e7o<\/h3>\n\n\n\n<p>Emiss\u00e3o da c\u00f3pia da Declara\u00e7\u00e3o de Nascido Vivo (DNV)<\/p>\n\n\n\n<h3 class=\"wp-block-heading\">Setor respons\u00e1vel<\/h3>\n\n\n\n<p>Divis\u00e3o de Sistemas de Informa\u00e7\u00e3o &#8211; DIVSINF\/DVAE<\/p>\n\n\n\n<p><strong>Local<\/strong>: Complexo de Sa\u00fade Oeste, Bloco F, Sala 02 <br><br><strong>Endere\u00e7o: <\/strong>Rua Comandante Paulo Lasmar, s\/n &#8211; Conjunto Santos Dumont, Bairro da Paz<br><br><strong>Telefone:<\/strong> (92) 98842-8245 (WhatsApp)<br><br><strong>Hor\u00e1rio:<\/strong> 8h \u00e0s 13h &#8211; segunda a sexta-feira, exceto feriado<br><br><strong>Documenta\u00e7\u00e3o necess\u00e1ria:<\/strong> Documento de identidade oficial original com foto da m\u00e3e (RG ou Carteira Nacional de Habilita\u00e7\u00e3o (CNH) ou Carteira de Trabalho); Caderneta da Crian\u00e7a, se houver.<br><br><strong>Observa\u00e7\u00e3o<\/strong>: Para solicita\u00e7\u00e3o de c\u00f3pia da DNV, para dar entrada no aux\u00edlio maternidade ou outros benef\u00edcios \u00e9 necess\u00e1rio apresentar a identidade original com foto, da m\u00e3e, e a Certid\u00e3o de Nascimento Original da Crian\u00e7a.<\/p>\n\n\n\n<p><strong>O COMPARECIMENTO DA CRIAN\u00c7A N\u00c3O \u00c9 NECESS\u00c1RIO PARA A EMISS\u00c3O DA SEGUNDA VIA DA DNV.<\/strong><\/p>\n\n\n\n<p><strong>Importante:<\/strong> A Declara\u00e7\u00e3o de Nascido Vivo \u00e9 necess\u00e1ria para a emiss\u00e3o da certid\u00e3o de nascimento, que \u00e9 o documento base para o exerc\u00edcio da cidadania e permite que a crian\u00e7a tenha o acesso a direitos fundamentais.<\/p>\n","protected":false},"excerpt":{"rendered":"","protected":false},"author":27,"featured_media":0,"parent":211520,"menu_order":0,"comment_status":"closed","ping_status":"closed","template":"templates\/turismo.php","meta":{"footnotes":""},"acf":[],"yoast_head":"<!-- This site is optimized with the Yoast SEO plugin v23.0 - https:\/\/yoast.com\/wordpress\/plugins\/seo\/ -->\n<title>Declara\u00e7\u00e3o de Nascido Vivo - SEMSA<\/title>\n<meta name=\"robots\" content=\"index, follow, max-snippet:-1, max-image-preview:large, max-video-preview:-1\" \/>\n<link rel=\"canonical\" href=\"https:\/\/www.manaus.am.gov.br\/semsa\/programas-e-servicos\/declaracao-de-nascido-vivo\/\" \/>\n<meta property=\"og:locale\" content=\"pt_BR\" \/>\n<meta property=\"og:type\" content=\"article\" \/>\n<meta property=\"og:title\" content=\"Declara\u00e7\u00e3o de Nascido Vivo - SEMSA\" \/>\n<meta property=\"og:url\" content=\"https:\/\/www.manaus.am.gov.br\/semsa\/programas-e-servicos\/declaracao-de-nascido-vivo\/\" \/>\n<meta property=\"og:site_name\" content=\"SEMSA\" \/>\n<meta property=\"article:modified_time\" content=\"2025-06-16T18:02:28+00:00\" \/>\n<meta property=\"og:image\" content=\"https:\/\/www.manaus.am.gov.br\/semsa\/wp-content\/uploads\/sites\/8\/2024\/07\/thumb-default-2.png\" \/>\n\t<meta property=\"og:image:width\" content=\"966\" \/>\n\t<meta property=\"og:image:height\" content=\"520\" \/>\n\t<meta property=\"og:image:type\" content=\"image\/png\" \/>\n<meta name=\"twitter:card\" content=\"summary_large_image\" \/>\n<meta name=\"twitter:label1\" content=\"Est. reading time\" \/>\n\t<meta name=\"twitter:data1\" content=\"1 minuto\" \/>\n<script type=\"application\/ld+json\" class=\"yoast-schema-graph\">{\"@context\":\"https:\/\/schema.org\",\"@graph\":[{\"@type\":\"WebPage\",\"@id\":\"https:\/\/www.manaus.am.gov.br\/semsa\/programas-e-servicos\/declaracao-de-nascido-vivo\/\",\"url\":\"https:\/\/www.manaus.am.gov.br\/semsa\/programas-e-servicos\/declaracao-de-nascido-vivo\/\",\"name\":\"Declara\u00e7\u00e3o de Nascido Vivo - SEMSA\",\"isPartOf\":{\"@id\":\"https:\/\/www.manaus.am.gov.br\/semsa\/#website\"},\"datePublished\":\"2023-01-12T20:01:33+00:00\",\"dateModified\":\"2025-06-16T18:02:28+00:00\",\"breadcrumb\":{\"@id\":\"https:\/\/www.manaus.am.gov.br\/semsa\/programas-e-servicos\/declaracao-de-nascido-vivo\/#breadcrumb\"},\"inLanguage\":\"pt-BR\",\"potentialAction\":[{\"@type\":\"ReadAction\",\"target\":[\"https:\/\/www.manaus.am.gov.br\/semsa\/programas-e-servicos\/declaracao-de-nascido-vivo\/\"]}]},{\"@type\":\"BreadcrumbList\",\"@id\":\"https:\/\/www.manaus.am.gov.br\/semsa\/programas-e-servicos\/declaracao-de-nascido-vivo\/#breadcrumb\",\"itemListElement\":[{\"@type\":\"ListItem\",\"position\":1,\"name\":\"PROGRAMAS E SERVI\u00c7OS\",\"item\":\"https:\/\/www.manaus.am.gov.br\/semsa\/programas-e-servicos\/\"},{\"@type\":\"ListItem\",\"position\":2,\"name\":\"Declara\u00e7\u00e3o de Nascido Vivo\"}]},{\"@type\":\"WebSite\",\"@id\":\"https:\/\/www.manaus.am.gov.br\/semsa\/#website\",\"url\":\"https:\/\/www.manaus.am.gov.br\/semsa\/\",\"name\":\"SEMSA\",\"description\":\"Secretaria Municipal de Sa\u00fade\",\"alternateName\":\"Secretaria Municipal de Sa\u00fade\",\"potentialAction\":[{\"@type\":\"SearchAction\",\"target\":{\"@type\":\"EntryPoint\",\"urlTemplate\":\"https:\/\/www.manaus.am.gov.br\/semsa\/?s={search_term_string}\"},\"query-input\":\"required name=search_term_string\"}],\"inLanguage\":\"pt-BR\"}]}<\/script>\n<!-- \/ Yoast SEO plugin. -->","yoast_head_json":{"title":"Declara\u00e7\u00e3o de Nascido Vivo - SEMSA","robots":{"index":"index","follow":"follow","max-snippet":"max-snippet:-1","max-image-preview":"max-image-preview:large","max-video-preview":"max-video-preview:-1"},"canonical":"https:\/\/www.manaus.am.gov.br\/semsa\/programas-e-servicos\/declaracao-de-nascido-vivo\/","og_locale":"pt_BR","og_type":"article","og_title":"Declara\u00e7\u00e3o de Nascido Vivo - SEMSA","og_url":"https:\/\/www.manaus.am.gov.br\/semsa\/programas-e-servicos\/declaracao-de-nascido-vivo\/","og_site_name":"SEMSA","article_modified_time":"2025-06-16T18:02:28+00:00","og_image":[{"width":966,"height":520,"url":"https:\/\/www.manaus.am.gov.br\/semsa\/wp-content\/uploads\/sites\/8\/2024\/07\/thumb-default-2.png","type":"image\/png"}],"twitter_card":"summary_large_image","twitter_misc":{"Est. reading time":"1 minuto"},"schema":{"@context":"https:\/\/schema.org","@graph":[{"@type":"WebPage","@id":"https:\/\/www.manaus.am.gov.br\/semsa\/programas-e-servicos\/declaracao-de-nascido-vivo\/","url":"https:\/\/www.manaus.am.gov.br\/semsa\/programas-e-servicos\/declaracao-de-nascido-vivo\/","name":"Declara\u00e7\u00e3o de Nascido Vivo - SEMSA","isPartOf":{"@id":"https:\/\/www.manaus.am.gov.br\/semsa\/#website"},"datePublished":"2023-01-12T20:01:33+00:00","dateModified":"2025-06-16T18:02:28+00:00","breadcrumb":{"@id":"https:\/\/www.manaus.am.gov.br\/semsa\/programas-e-servicos\/declaracao-de-nascido-vivo\/#breadcrumb"},"inLanguage":"pt-BR","potentialAction":[{"@type":"ReadAction","target":["https:\/\/www.manaus.am.gov.br\/semsa\/programas-e-servicos\/declaracao-de-nascido-vivo\/"]}]},{"@type":"BreadcrumbList","@id":"https:\/\/www.manaus.am.gov.br\/semsa\/programas-e-servicos\/declaracao-de-nascido-vivo\/#breadcrumb","itemListElement":[{"@type":"ListItem","position":1,"name":"PROGRAMAS E SERVI\u00c7OS","item":"https:\/\/www.manaus.am.gov.br\/semsa\/programas-e-servicos\/"},{"@type":"ListItem","position":2,"name":"Declara\u00e7\u00e3o de Nascido Vivo"}]},{"@type":"WebSite","@id":"https:\/\/www.manaus.am.gov.br\/semsa\/#website","url":"https:\/\/www.manaus.am.gov.br\/semsa\/","name":"SEMSA","description":"Secretaria Municipal de Sa\u00fade","alternateName":"Secretaria Municipal de Sa\u00fade","potentialAction":[{"@type":"SearchAction","target":{"@type":"EntryPoint","urlTemplate":"https:\/\/www.manaus.am.gov.br\/semsa\/?s={search_term_string}"},"query-input":"required name=search_term_string"}],"inLanguage":"pt-BR"}]}},"_links":{"self":[{"href":"https:\/\/www.manaus.am.gov.br\/semsa\/wp-json\/wp\/v2\/pages\/207862"}],"collection":[{"href":"https:\/\/www.manaus.am.gov.br\/semsa\/wp-json\/wp\/v2\/pages"}],"about":[{"href":"https:\/\/www.manaus.am.gov.br\/semsa\/wp-json\/wp\/v2\/types\/page"}],"author":[{"embeddable":true,"href":"https:\/\/www.manaus.am.gov.br\/semsa\/wp-json\/wp\/v2\/users\/27"}],"replies":[{"embeddable":true,"href":"https:\/\/www.manaus.am.gov.br\/semsa\/wp-json\/wp\/v2\/comments?post=207862"}],"version-history":[{"count":7,"href":"https:\/\/www.manaus.am.gov.br\/semsa\/wp-json\/wp\/v2\/pages\/207862\/revisions"}],"predecessor-version":[{"id":223935,"href":"https:\/\/www.manaus.am.gov.br\/semsa\/wp-json\/wp\/v2\/pages\/207862\/revisions\/223935"}],"up":[{"embeddable":true,"href":"https:\/\/www.manaus.am.gov.br\/semsa\/wp-json\/wp\/v2\/pages\/211520"}],"wp:attachment":[{"href":"https:\/\/www.manaus.am.gov.br\/semsa\/wp-json\/wp\/v2\/media?parent=207862"}],"curies":[{"name":"wp","href":"https:\/\/api.w.org\/{rel}","templated":true}]}}

Declaração de Nascido Vivo

<h3 class="wp-block-heading">Serviço</h3>



<p>Emissão da cópia da Declaração de Nascido Vivo (DNV)</p>



<h3 class="wp-block-heading">Setor responsável</h3>



<p>Divisão de Sistemas de Informação &#8211; DIVSINF/DVAE</p>



<p><strong>Local</strong>: Complexo de Saúde Oeste, Bloco F, Sala 02 <br><br><strong>Endereço: </strong>Rua Comandante Paulo Lasmar, s/n &#8211; Conjunto Santos Dumont, Bairro da Paz<br><br><strong>Telefone:</strong> (92) 98842-8245 (WhatsApp)<br><br><strong>Horário:</strong> 8h às 13h &#8211; segunda a sexta-feira, exceto feriado<br><br><strong>Documentação necessária:</strong> Documento de identidade oficial original com foto da mãe (RG ou Carteira Nacional de Habilitação (CNH) ou Carteira de Trabalho); Caderneta da Criança, se houver.<br><br><strong>Observação</strong>: Para solicitação de cópia da DNV, para dar entrada no auxílio maternidade ou outros benefícios é necessário apresentar a identidade original com foto, da mãe, e a Certidão de Nascimento Original da Criança.</p>



<p><strong>O COMPARECIMENTO DA CRIANÇA NÃO É NECESSÁRIO PARA A EMISSÃO DA SEGUNDA VIA DA DNV.</strong></p>



<p><strong>Importante:</strong> A Declaração de Nascido Vivo é necessária para a emissão da certidão de nascimento, que é o documento base para o exercício da cidadania e permite que a criança tenha o acesso a direitos fundamentais.</p>

<!-- This site is optimized with the Yoast SEO plugin v23.0 - https://yoast.com/wordpress/plugins/seo/ -->
<title>Declaração de Nascido Vivo - SEMSA</title>
<meta name="robots" content="index, follow, max-snippet:-1, max-image-preview:large, max-video-preview:-1" />
<link rel="canonical" href="https://www.manaus.am.gov.br/semsa/programas-e-servicos/declaracao-de-nascido-vivo/" />
<meta property="og:locale" content="pt_BR" />
<meta property="og:type" content="article" />
<meta property="og:title" content="Declaração de Nascido Vivo - SEMSA" />
<meta property="og:url" content="https://www.manaus.am.gov.br/semsa/programas-e-servicos/declaracao-de-nascido-vivo/" />
<meta property="og:site_name" content="SEMSA" />
<meta property="article:modified_time" content="2025-06-16T18:02:28+00:00" />
<meta property="og:image" content="https://www.manaus.am.gov.br/semsa/wp-content/uploads/sites/8/2024/07/thumb-default-2.png" />
	<meta property="og:image:width" content="966" />
	<meta property="og:image:height" content="520" />
	<meta property="og:image:type" content="image/png" />
<meta name="twitter:card" content="summary_large_image" />
<meta name="twitter:label1" content="Est. reading time" />
	<meta name="twitter:data1" content="1 minuto" />
<script type="application/ld+json" class="yoast-schema-graph">{"@context":"https://schema.org","@graph":[{"@type":"WebPage","@id":"https://www.manaus.am.gov.br/semsa/programas-e-servicos/declaracao-de-nascido-vivo/","url":"https://www.manaus.am.gov.br/semsa/programas-e-servicos/declaracao-de-nascido-vivo/","name":"Declaração de Nascido Vivo - SEMSA","isPartOf":{"@id":"https://www.manaus.am.gov.br/semsa/#website"},"datePublished":"2023-01-12T20:01:33+00:00","dateModified":"2025-06-16T18:02:28+00:00","breadcrumb":{"@id":"https://www.manaus.am.gov.br/semsa/programas-e-servicos/declaracao-de-nascido-vivo/#breadcrumb"},"inLanguage":"pt-BR","potentialAction":[{"@type":"ReadAction","target":["https://www.manaus.am.gov.br/semsa/programas-e-servicos/declaracao-de-nascido-vivo/"]}]},{"@type":"BreadcrumbList","@id":"https://www.manaus.am.gov.br/semsa/programas-e-servicos/declaracao-de-nascido-vivo/#breadcrumb","itemListElement":[{"@type":"ListItem","position":1,"name":"PROGRAMAS E SERVIÇOS","item":"https://www.manaus.am.gov.br/semsa/programas-e-servicos/"},{"@type":"ListItem","position":2,"name":"Declaração de Nascido Vivo"}]},{"@type":"WebSite","@id":"https://www.manaus.am.gov.br/semsa/#website","url":"https://www.manaus.am.gov.br/semsa/","name":"SEMSA","description":"Secretaria Municipal de Saúde","alternateName":"Secretaria Municipal de Saúde","potentialAction":[{"@type":"SearchAction","target":{"@type":"EntryPoint","urlTemplate":"https://www.manaus.am.gov.br/semsa/?s={search_term_string}"},"query-input":"required name=search_term_string"}],"inLanguage":"pt-BR"}]}</script>
<!-- / Yoast SEO plugin. -->

Declaração de Nascido Vivo - SEMSA

PROGRAMAS E SERVIÇOS

Secretaria Municipal de Saúde
