{"id":207837,"date":"2023-01-12T11:33:24","date_gmt":"2023-01-12T15:33:24","guid":{"rendered":"https:\/\/www.manaus.am.gov.br\/semsa\/?page_id=207837"},"modified":"2023-02-03T15:51:07","modified_gmt":"2023-02-03T19:51:07","slug":"unidades-basicas-de-saude-fluviais","status":"publish","type":"page","link":"https:\/\/www.manaus.am.gov.br\/semsa\/unidades-basicas-de-saude-fluviais\/","title":{"rendered":"Unidades B\u00e1sicas de Sa\u00fade Fluviais"},"content":{"rendered":"\n<p><strong>\u00c1rea respons\u00e1vel:<\/strong> Distrito de Sa\u00fade Rural<\/p>\n\n\n\n<h2 class=\"wp-block-heading\">Objetivo<\/h2>\n\n\n\n<p>Assistir a comunidades dispersas, ribeirinhas e pertencentes \u00e0 \u00e1rea adstrita, com acesso por meio fluvial para assegurar a execu\u00e7\u00e3o das a\u00e7\u00f5es de Aten\u00e7\u00e3o B\u00e1sica e garantir o atendimento a todas as comunidades assistidas, incluindo as mais distantes da UBS de refer\u00eancia, desenvolvendo um \u201cconjunto de a\u00e7\u00f5es de sa\u00fade individuais, familiares e coletivas que envolvem promo\u00e7\u00e3o, preven\u00e7\u00e3o, prote\u00e7\u00e3o, diagn\u00f3stico, tratamento, reabilita\u00e7\u00e3o, redu\u00e7\u00e3o de danos, cuidados paliativos e vigil\u00e2ncia em sa\u00fade, desenvolvida por meio de pr\u00e1ticas de cuidado integrado e gest\u00e3o qualificada, realizada por equipe multiprofissional e dirigida \u00e0 popula\u00e7\u00e3o em territ\u00f3rio definido, sobre as quais as equipes assumem responsabilidade sanit\u00e1ria\u201d.<\/p>\n\n\n\n<p><a class=\"custom-link\" href=\"https:\/\/www.manaus.am.gov.br\/semsa\/comunidades-atendidas\/\">Comunidades Atendidas<\/a><\/p>\n\n\n\n<p><a class=\"custom-link\" href=\"https:\/\/www.manaus.am.gov.br\/semsa\/servicos-oferecidos\/\">Servi\u00e7os Oferecidos<\/a><\/p>\n","protected":false},"excerpt":{"rendered":"","protected":false},"author":27,"featured_media":0,"parent":0,"menu_order":0,"comment_status":"closed","ping_status":"closed","template":"","meta":{"footnotes":""},"acf":[],"yoast_head":"<!-- This site is optimized with the Yoast SEO plugin v23.0 - https:\/\/yoast.com\/wordpress\/plugins\/seo\/ -->\n<title>Unidades B\u00e1sicas de Sa\u00fade Fluviais - SEMSA<\/title>\n<meta name=\"robots\" content=\"index, follow, max-snippet:-1, max-image-preview:large, max-video-preview:-1\" \/>\n<link rel=\"canonical\" href=\"https:\/\/www.manaus.am.gov.br\/semsa\/unidades-basicas-de-saude-fluviais\/\" \/>\n<meta property=\"og:locale\" content=\"pt_BR\" \/>\n<meta property=\"og:type\" content=\"article\" \/>\n<meta property=\"og:title\" content=\"Unidades B\u00e1sicas de Sa\u00fade Fluviais - SEMSA\" \/>\n<meta property=\"og:url\" content=\"https:\/\/www.manaus.am.gov.br\/semsa\/unidades-basicas-de-saude-fluviais\/\" \/>\n<meta property=\"og:site_name\" content=\"SEMSA\" \/>\n<meta property=\"article:modified_time\" content=\"2023-02-03T19:51:07+00:00\" \/>\n<meta property=\"og:image\" content=\"https:\/\/www.manaus.am.gov.br\/semsa\/wp-content\/uploads\/sites\/8\/2024\/07\/thumb-default-2.png\" \/>\n\t<meta property=\"og:image:width\" content=\"966\" \/>\n\t<meta property=\"og:image:height\" content=\"520\" \/>\n\t<meta property=\"og:image:type\" content=\"image\/png\" \/>\n<meta name=\"twitter:card\" content=\"summary_large_image\" \/>\n<meta name=\"twitter:label1\" content=\"Est. reading time\" \/>\n\t<meta name=\"twitter:data1\" content=\"1 minuto\" \/>\n<script type=\"application\/ld+json\" class=\"yoast-schema-graph\">{\"@context\":\"https:\/\/schema.org\",\"@graph\":[{\"@type\":\"WebPage\",\"@id\":\"https:\/\/www.manaus.am.gov.br\/semsa\/unidades-basicas-de-saude-fluviais\/\",\"url\":\"https:\/\/www.manaus.am.gov.br\/semsa\/unidades-basicas-de-saude-fluviais\/\",\"name\":\"Unidades B\u00e1sicas de Sa\u00fade Fluviais - SEMSA\",\"isPartOf\":{\"@id\":\"https:\/\/www.manaus.am.gov.br\/semsa\/#website\"},\"datePublished\":\"2023-01-12T15:33:24+00:00\",\"dateModified\":\"2023-02-03T19:51:07+00:00\",\"inLanguage\":\"pt-BR\",\"potentialAction\":[{\"@type\":\"ReadAction\",\"target\":[\"https:\/\/www.manaus.am.gov.br\/semsa\/unidades-basicas-de-saude-fluviais\/\"]}]},{\"@type\":\"WebSite\",\"@id\":\"https:\/\/www.manaus.am.gov.br\/semsa\/#website\",\"url\":\"https:\/\/www.manaus.am.gov.br\/semsa\/\",\"name\":\"SEMSA\",\"description\":\"Secretaria Municipal de Sa\u00fade\",\"alternateName\":\"Secretaria Municipal de Sa\u00fade\",\"potentialAction\":[{\"@type\":\"SearchAction\",\"target\":{\"@type\":\"EntryPoint\",\"urlTemplate\":\"https:\/\/www.manaus.am.gov.br\/semsa\/?s={search_term_string}\"},\"query-input\":\"required name=search_term_string\"}],\"inLanguage\":\"pt-BR\"}]}<\/script>\n<!-- \/ Yoast SEO plugin. -->","yoast_head_json":{"title":"Unidades B\u00e1sicas de Sa\u00fade Fluviais - SEMSA","robots":{"index":"index","follow":"follow","max-snippet":"max-snippet:-1","max-image-preview":"max-image-preview:large","max-video-preview":"max-video-preview:-1"},"canonical":"https:\/\/www.manaus.am.gov.br\/semsa\/unidades-basicas-de-saude-fluviais\/","og_locale":"pt_BR","og_type":"article","og_title":"Unidades B\u00e1sicas de Sa\u00fade Fluviais - SEMSA","og_url":"https:\/\/www.manaus.am.gov.br\/semsa\/unidades-basicas-de-saude-fluviais\/","og_site_name":"SEMSA","article_modified_time":"2023-02-03T19:51:07+00:00","og_image":[{"width":966,"height":520,"url":"https:\/\/www.manaus.am.gov.br\/semsa\/wp-content\/uploads\/sites\/8\/2024\/07\/thumb-default-2.png","type":"image\/png"}],"twitter_card":"summary_large_image","twitter_misc":{"Est. reading time":"1 minuto"},"schema":{"@context":"https:\/\/schema.org","@graph":[{"@type":"WebPage","@id":"https:\/\/www.manaus.am.gov.br\/semsa\/unidades-basicas-de-saude-fluviais\/","url":"https:\/\/www.manaus.am.gov.br\/semsa\/unidades-basicas-de-saude-fluviais\/","name":"Unidades B\u00e1sicas de Sa\u00fade Fluviais - SEMSA","isPartOf":{"@id":"https:\/\/www.manaus.am.gov.br\/semsa\/#website"},"datePublished":"2023-01-12T15:33:24+00:00","dateModified":"2023-02-03T19:51:07+00:00","inLanguage":"pt-BR","potentialAction":[{"@type":"ReadAction","target":["https:\/\/www.manaus.am.gov.br\/semsa\/unidades-basicas-de-saude-fluviais\/"]}]},{"@type":"WebSite","@id":"https:\/\/www.manaus.am.gov.br\/semsa\/#website","url":"https:\/\/www.manaus.am.gov.br\/semsa\/","name":"SEMSA","description":"Secretaria Municipal de Sa\u00fade","alternateName":"Secretaria Municipal de Sa\u00fade","potentialAction":[{"@type":"SearchAction","target":{"@type":"EntryPoint","urlTemplate":"https:\/\/www.manaus.am.gov.br\/semsa\/?s={search_term_string}"},"query-input":"required name=search_term_string"}],"inLanguage":"pt-BR"}]}},"_links":{"self":[{"href":"https:\/\/www.manaus.am.gov.br\/semsa\/wp-json\/wp\/v2\/pages\/207837"}],"collection":[{"href":"https:\/\/www.manaus.am.gov.br\/semsa\/wp-json\/wp\/v2\/pages"}],"about":[{"href":"https:\/\/www.manaus.am.gov.br\/semsa\/wp-json\/wp\/v2\/types\/page"}],"author":[{"embeddable":true,"href":"https:\/\/www.manaus.am.gov.br\/semsa\/wp-json\/wp\/v2\/users\/27"}],"replies":[{"embeddable":true,"href":"https:\/\/www.manaus.am.gov.br\/semsa\/wp-json\/wp\/v2\/comments?post=207837"}],"version-history":[{"count":3,"href":"https:\/\/www.manaus.am.gov.br\/semsa\/wp-json\/wp\/v2\/pages\/207837\/revisions"}],"predecessor-version":[{"id":210558,"href":"https:\/\/www.manaus.am.gov.br\/semsa\/wp-json\/wp\/v2\/pages\/207837\/revisions\/210558"}],"wp:attachment":[{"href":"https:\/\/www.manaus.am.gov.br\/semsa\/wp-json\/wp\/v2\/media?parent=207837"}],"curies":[{"name":"wp","href":"https:\/\/api.w.org\/{rel}","templated":true}]}}