{"id":207798,"date":"2024-07-12T11:07:45","date_gmt":"2024-07-12T15:07:45","guid":{"rendered":"https:\/\/www.manaus.am.gov.br\/semsa\/?page_id=207798"},"modified":"2026-04-07T14:43:39","modified_gmt":"2026-04-07T18:43:39","slug":"contatos","status":"publish","type":"page","link":"https:\/\/www.manaus.am.gov.br\/semsa\/principal\/contatos\/","title":{"rendered":"Contatos"},"content":{"rendered":"\n<p><strong>Protocolo<\/strong><br>protocolo.semsa@manaus.am.gov.br<br>(92)98842-8446<\/p>\n\n\n\n<p><strong>Ouvidoria Municipal do Sistema \u00danico de Sa\u00fade (OUVMSUS)<\/strong><br>ouvidoria.sus@pmm.am.gov.br<br>(92) 98842-6835\/ 0800 092 1603<\/p>\n\n\n\n<p><strong>Gabinete do Secret\u00e1rio<\/strong><br>gabin.semsa@gmail.com<\/p>\n\n\n\n<p><strong>Auditoria Municipal do Sistema \u00danico de Sa\u00fade (AUDSUS)<\/strong><br>audsus.semsa@manaus.am.gov.br<br>(92) 998842-8949<\/p>\n\n\n\n<p><strong>Diretoria de Comunica\u00e7\u00e3o (DCOM)<\/strong><br>decom.semsa@gmail.com<\/p>\n\n\n\n<p><strong>Escola de Sa\u00fade P\u00fablica de Manaus (ESAP)<\/strong><br>direcao.esap@manaus.am.gov.br<br>(92) 98842-8846<\/p>\n\n\n\n<p><strong>Subsecretaria de Gest\u00e3o Administrativa e Planejamento (SUBGAP)<\/strong><br>subgap@pmm.am.gov.br<br>(92) 98842-7471<\/p>\n\n\n\n<p><strong>Diretoria de Gest\u00e3o do Fundo Municipal de Sa\u00fade (DFMS)<\/strong><br>dfms.semsa.manaus@gmail.com<br>(92) 98842-7447<\/p>\n\n\n\n<p><strong>Diretoria de Planejamento (DPLAN)<\/strong><br>dplan.semsamanaus@gmail.com<br>(92) 98842-8018<\/p>\n\n\n\n<p><strong>Diretoria de Administra\u00e7\u00e3o e Infraestrutura (DAI)<\/strong><br>dai.semsa@pmm.am.gov.br<br>(92) 98818-4399<\/p>\n\n\n\n<p><strong>Diretoria de Log\u00edstica (DLOG)<\/strong><br>delog.semsa@pmm.am.gov.br<br>(92) 98842-8711<\/p>\n\n\n\n<p><strong>Diretoria de Gest\u00e3o e da Regula\u00e7\u00e3o do Trabalho em Sa\u00fade (DTRAB)<\/strong><br>dtrab.semsa@manaus.am.gov.br<br>(92) 98842-5897<\/p>\n\n\n\n<p><strong>Diretoria de Tecnologia da Informa\u00e7\u00e3o (DTI)<\/strong><br>ti.chamados@pmm.am.gov.br<br>(92) 3634-2310<\/p>\n\n\n\n<p><strong>Subsecretaria de Gest\u00e3o da Sa\u00fade (SUBGS)<\/strong><br>subgs@manaus.am.gov.br<br>(92) 98842-8453<\/p>\n\n\n\n<p><strong>Diretoria de Aten\u00e7\u00e3o Prim\u00e1ria (DAP)<\/strong><br>dap.semsa@manaus.am.gov.br<\/p>\n\n\n\n<p><strong>Diretoria de Aten\u00e7\u00e3o Especializada e Apoio Diagn\u00f3stico (DAEAD)<\/strong><br>apoio.daead@manaus.am.gov.br<\/p>\n\n\n\n<p><strong>Diretoria de Intelig\u00eancia de Dados (DID)<\/strong><br>did.semsa@pmm.am.gov.br<br>(92) 98802-5362<\/p>\n\n\n\n<p><strong>Diretoria de Vigil\u00e2ncia Epidemiol\u00f3gica, Ambiental, Zoonoses e da Sa\u00fade do Trabalhador (DVAE)<\/strong><br>dvae.semsa@manaus.am.gov.br<\/p>\n\n\n\n<p><strong>Diretoria de Vigil\u00e2ncia Sanit\u00e1ria\/Visa Manaus (DVISA)<\/strong><br>visamanaus.direcao@gmail.com<\/p>\n\n\n\n<p><strong>Diretoria de Rede Hospitalar M\u00f3vel e Sanit\u00e1ria (DREPMS)<\/strong><br>drepms.semsa@pmm.am.gov.br<\/p>\n\n\n\n<p><strong>Maternidade Dr. Moura Tapaj\u00f3z<\/strong><br>direcao.mmt@pmm.am.gov.br<br>(92) 98842-6668<\/p>\n\n\n\n<p><strong>Distrito de Sa\u00fade Norte<\/strong><br>disanorte.semsa@manaus.am.gov.br<\/p>\n\n\n\n<p><strong>Distrito de Sa\u00fade Sul<\/strong><br>disas.semsa@manaus.am.gov.br<br>(92) 98802-5493<\/p>\n\n\n\n<p><strong>Distrito de Sa\u00fade Leste<\/strong><br>disal.manaus@gmail.com<br>(92) 98842-8498<\/p>\n\n\n\n<p><strong>Distrito de Sa\u00fade Oeste<\/strong><br>disaoeste.semsa@pmm.am.gov.br<br>(92) 98842-2055<\/p>\n\n\n\n<p><strong>Distrito de Sa\u00fade Rural<\/strong><br>disarural.semsa@pmm.am.gov.br<br>(92) 3653-3745<\/p>\n\n\n\n<p><\/p>\n","protected":false},"excerpt":{"rendered":"","protected":false},"author":27,"featured_media":0,"parent":211129,"menu_order":0,"comment_status":"closed","ping_status":"closed","template":"templates\/turismo.php","meta":{"footnotes":""},"acf":[],"yoast_head":"<!-- This site is optimized with the Yoast SEO plugin v23.0 - https:\/\/yoast.com\/wordpress\/plugins\/seo\/ -->\n<title>Contatos - SEMSA<\/title>\n<meta name=\"robots\" content=\"index, follow, max-snippet:-1, max-image-preview:large, max-video-preview:-1\" \/>\n<link rel=\"canonical\" href=\"https:\/\/www.manaus.am.gov.br\/semsa\/principal\/contatos\/\" \/>\n<meta property=\"og:locale\" content=\"pt_BR\" \/>\n<meta property=\"og:type\" content=\"article\" \/>\n<meta property=\"og:title\" content=\"Contatos - SEMSA\" \/>\n<meta property=\"og:url\" content=\"https:\/\/www.manaus.am.gov.br\/semsa\/principal\/contatos\/\" \/>\n<meta property=\"og:site_name\" content=\"SEMSA\" \/>\n<meta property=\"article:modified_time\" content=\"2026-04-07T18:43:39+00:00\" \/>\n<meta property=\"og:image\" content=\"https:\/\/www.manaus.am.gov.br\/semsa\/wp-content\/uploads\/sites\/8\/2024\/07\/thumb-default-2.png\" \/>\n\t<meta property=\"og:image:width\" content=\"966\" \/>\n\t<meta property=\"og:image:height\" content=\"520\" \/>\n\t<meta property=\"og:image:type\" content=\"image\/png\" \/>\n<meta name=\"twitter:card\" content=\"summary_large_image\" \/>\n<meta name=\"twitter:label1\" content=\"Est. reading time\" \/>\n\t<meta name=\"twitter:data1\" content=\"2 minutos\" \/>\n<script type=\"application\/ld+json\" class=\"yoast-schema-graph\">{\"@context\":\"https:\/\/schema.org\",\"@graph\":[{\"@type\":\"WebPage\",\"@id\":\"https:\/\/www.manaus.am.gov.br\/semsa\/principal\/contatos\/\",\"url\":\"https:\/\/www.manaus.am.gov.br\/semsa\/principal\/contatos\/\",\"name\":\"Contatos - SEMSA\",\"isPartOf\":{\"@id\":\"https:\/\/www.manaus.am.gov.br\/semsa\/#website\"},\"datePublished\":\"2024-07-12T15:07:45+00:00\",\"dateModified\":\"2026-04-07T18:43:39+00:00\",\"breadcrumb\":{\"@id\":\"https:\/\/www.manaus.am.gov.br\/semsa\/principal\/contatos\/#breadcrumb\"},\"inLanguage\":\"pt-BR\",\"potentialAction\":[{\"@type\":\"ReadAction\",\"target\":[\"https:\/\/www.manaus.am.gov.br\/semsa\/principal\/contatos\/\"]}]},{\"@type\":\"BreadcrumbList\",\"@id\":\"https:\/\/www.manaus.am.gov.br\/semsa\/principal\/contatos\/#breadcrumb\",\"itemListElement\":[{\"@type\":\"ListItem\",\"position\":1,\"name\":\"A Semsa\",\"item\":\"https:\/\/www.manaus.am.gov.br\/semsa\/principal\/\"},{\"@type\":\"ListItem\",\"position\":2,\"name\":\"Contatos\"}]},{\"@type\":\"WebSite\",\"@id\":\"https:\/\/www.manaus.am.gov.br\/semsa\/#website\",\"url\":\"https:\/\/www.manaus.am.gov.br\/semsa\/\",\"name\":\"SEMSA\",\"description\":\"Secretaria Municipal de Sa\u00fade\",\"alternateName\":\"Secretaria Municipal de Sa\u00fade\",\"potentialAction\":[{\"@type\":\"SearchAction\",\"target\":{\"@type\":\"EntryPoint\",\"urlTemplate\":\"https:\/\/www.manaus.am.gov.br\/semsa\/?s={search_term_string}\"},\"query-input\":\"required name=search_term_string\"}],\"inLanguage\":\"pt-BR\"}]}<\/script>\n<!-- \/ Yoast SEO plugin. -->","yoast_head_json":{"title":"Contatos - SEMSA","robots":{"index":"index","follow":"follow","max-snippet":"max-snippet:-1","max-image-preview":"max-image-preview:large","max-video-preview":"max-video-preview:-1"},"canonical":"https:\/\/www.manaus.am.gov.br\/semsa\/principal\/contatos\/","og_locale":"pt_BR","og_type":"article","og_title":"Contatos - SEMSA","og_url":"https:\/\/www.manaus.am.gov.br\/semsa\/principal\/contatos\/","og_site_name":"SEMSA","article_modified_time":"2026-04-07T18:43:39+00:00","og_image":[{"width":966,"height":520,"url":"https:\/\/www.manaus.am.gov.br\/semsa\/wp-content\/uploads\/sites\/8\/2024\/07\/thumb-default-2.png","type":"image\/png"}],"twitter_card":"summary_large_image","twitter_misc":{"Est. reading time":"2 minutos"},"schema":{"@context":"https:\/\/schema.org","@graph":[{"@type":"WebPage","@id":"https:\/\/www.manaus.am.gov.br\/semsa\/principal\/contatos\/","url":"https:\/\/www.manaus.am.gov.br\/semsa\/principal\/contatos\/","name":"Contatos - SEMSA","isPartOf":{"@id":"https:\/\/www.manaus.am.gov.br\/semsa\/#website"},"datePublished":"2024-07-12T15:07:45+00:00","dateModified":"2026-04-07T18:43:39+00:00","breadcrumb":{"@id":"https:\/\/www.manaus.am.gov.br\/semsa\/principal\/contatos\/#breadcrumb"},"inLanguage":"pt-BR","potentialAction":[{"@type":"ReadAction","target":["https:\/\/www.manaus.am.gov.br\/semsa\/principal\/contatos\/"]}]},{"@type":"BreadcrumbList","@id":"https:\/\/www.manaus.am.gov.br\/semsa\/principal\/contatos\/#breadcrumb","itemListElement":[{"@type":"ListItem","position":1,"name":"A Semsa","item":"https:\/\/www.manaus.am.gov.br\/semsa\/principal\/"},{"@type":"ListItem","position":2,"name":"Contatos"}]},{"@type":"WebSite","@id":"https:\/\/www.manaus.am.gov.br\/semsa\/#website","url":"https:\/\/www.manaus.am.gov.br\/semsa\/","name":"SEMSA","description":"Secretaria Municipal de Sa\u00fade","alternateName":"Secretaria Municipal de Sa\u00fade","potentialAction":[{"@type":"SearchAction","target":{"@type":"EntryPoint","urlTemplate":"https:\/\/www.manaus.am.gov.br\/semsa\/?s={search_term_string}"},"query-input":"required name=search_term_string"}],"inLanguage":"pt-BR"}]}},"_links":{"self":[{"href":"https:\/\/www.manaus.am.gov.br\/semsa\/wp-json\/wp\/v2\/pages\/207798"}],"collection":[{"href":"https:\/\/www.manaus.am.gov.br\/semsa\/wp-json\/wp\/v2\/pages"}],"about":[{"href":"https:\/\/www.manaus.am.gov.br\/semsa\/wp-json\/wp\/v2\/types\/page"}],"author":[{"embeddable":true,"href":"https:\/\/www.manaus.am.gov.br\/semsa\/wp-json\/wp\/v2\/users\/27"}],"replies":[{"embeddable":true,"href":"https:\/\/www.manaus.am.gov.br\/semsa\/wp-json\/wp\/v2\/comments?post=207798"}],"version-history":[{"count":37,"href":"https:\/\/www.manaus.am.gov.br\/semsa\/wp-json\/wp\/v2\/pages\/207798\/revisions"}],"predecessor-version":[{"id":228449,"href":"https:\/\/www.manaus.am.gov.br\/semsa\/wp-json\/wp\/v2\/pages\/207798\/revisions\/228449"}],"up":[{"embeddable":true,"href":"https:\/\/www.manaus.am.gov.br\/semsa\/wp-json\/wp\/v2\/pages\/211129"}],"wp:attachment":[{"href":"https:\/\/www.manaus.am.gov.br\/semsa\/wp-json\/wp\/v2\/media?parent=207798"}],"curies":[{"name":"wp","href":"https:\/\/api.w.org\/{rel}","templated":true}]}}