{"id":207691,"date":"2023-01-11T08:53:45","date_gmt":"2023-01-11T12:53:45","guid":{"rendered":"https:\/\/www.manaus.am.gov.br\/semsa\/?page_id=207691"},"modified":"2026-01-29T15:46:52","modified_gmt":"2026-01-29T19:46:52","slug":"sobre","status":"publish","type":"page","link":"https:\/\/www.manaus.am.gov.br\/semsa\/principal\/sobre\/","title":{"rendered":"Sobre"},"content":{"rendered":"\n<p>A Secretaria Municipal de Sa\u00fade (Semsa Manaus), criada em 20 de novembro de 1975, atrav\u00e9s da lei <a href=\"https:\/\/www.manaus.am.gov.br\/semsa\/wp-content\/uploads\/sites\/8\/2026\/01\/LEI-1240-DE-20NOV.1975-1.pdf\">n\u00ba 1240<\/a>, tem como miss\u00e3o gerir o sistema municipal de sa\u00fade, observando os princ\u00edpios e diretrizes do Sistema \u00danico de Sa\u00fade (SUS), desenvolvendo, com qualidade, a\u00e7\u00f5es de vigil\u00e2ncia e aten\u00e7\u00e3o \u00e0 sa\u00fade da popula\u00e7\u00e3o no munic\u00edpio de Manaus.<\/p>\n\n\n\n<p>Seus servi\u00e7os e a\u00e7\u00f5es de sa\u00fade s\u00e3o desenvolvidos em conson\u00e2ncia com a Pol\u00edtica Nacional de Aten\u00e7\u00e3o B\u00e1sica (PNAB), com foco na promo\u00e7\u00e3o da sa\u00fade, na preven\u00e7\u00e3o de doen\u00e7as e agravos, no diagn\u00f3stico e tratamento, na reabilita\u00e7\u00e3o e redu\u00e7\u00e3o de danos. \u00c9 coordenadora do cuidado e ordenadora das redes de aten\u00e7\u00e3o \u00e0 sa\u00fade, constituindo-se como a porta de entrada preferencial do SUS.<\/p>\n\n\n\n<p>Atualmente, a rede municipal de sa\u00fade de Manaus \u00e9 composta por 270 unidades b\u00e1sicas de sa\u00fade, das quais 10 com hor\u00e1rio ampliado de atendimento, 1 que funciona em regime de plant\u00e3o de 12 horas de segunda-feira a domingo e 2 Unidades de Sa\u00fade da Fam\u00edlia Fluviais (USFF); 11 unidades de apoio rural; 4 policl\u00ednicas; 4 Centros de Especialidades Odontol\u00f3gicas (CEO); 1 laborat\u00f3rio de pr\u00f3tese dent\u00e1ria; 5 Centros de Aten\u00e7\u00e3o Psicossocial (CAPS); 1 Centro Especializado de Reabilita\u00e7\u00e3o (CER); 48 unidades do Servi\u00e7o M\u00f3vel de Urg\u00eancia (Samu) sendo 7 unidades de suporte avan\u00e7ado, 2 unidades de suporte avan\u00e7ado fluvial (ambulanchas), 34 unidades de suporte b\u00e1sico e 5 unidades de suporte de moto; 6 laborat\u00f3rios, sendo 4 distritais de an\u00e1lises cl\u00ednicas, 1 de citologia e 1 de vigil\u00e2ncia; 2 Centrais de Atendimento do Programa Leite do Meu Filho.<\/p>\n\n\n\n<p>Al\u00e9m disso, integram a rede municipal a Maternidade Dr. Moura Tapaj\u00f3z; a Vigil\u00e2ncia Sanit\u00e1ria (Visa Manaus); o Centro de Refer\u00eancia em Sa\u00fade do Trabalhador (Cerest); o Centro de Controle de Zoonoses (CCZ) e, ainda, 5 Unidades M\u00f3veis de Sa\u00fade da Mulher.<\/p>\n\n\n\n<p>A Secretaria conta com aproximadamente 12 mil servidores e presta assist\u00eancia a mais de 1 milh\u00e3o de usu\u00e1rios do Sistema \u00danico de Sa\u00fade (SUS), por ano, tendo realizado nos \u00faltimos 4 anos mais de 11 milh\u00f5es de atendimentos individuais em suas unidades assistenciais.<\/p>\n\n\n\n<p>MISS\u00c3O &#8211; &#8220;Gerir o sistema municipal de sa\u00fade, observando os princ\u00edpios e diretrizes do SUS, desenvolvendo, com qualidade, a\u00e7\u00f5es de vigil\u00e2ncia e aten\u00e7\u00e3o \u00e0 sa\u00fade da popula\u00e7\u00e3o no munic\u00edpio de Manaus&#8221;.<\/p>\n\n\n\n<p>VIS\u00c3O &#8211; &#8220;Tornar-se modelo de excel\u00eancia na vigil\u00e2ncia e aten\u00e7\u00e3o \u00e0 sa\u00fade, contribuindo com a melhoria da qualidade de vida da popula\u00e7\u00e3o. <\/p>\n\n\n\n<p>VALORES &#8211; \u00c9tica, compromisso, inova\u00e7\u00e3o, transpar\u00eancia e humaniza\u00e7\u00e3o.<\/p>\n","protected":false},"excerpt":{"rendered":"","protected":false},"author":27,"featured_media":0,"parent":211129,"menu_order":0,"comment_status":"closed","ping_status":"closed","template":"templates\/turismo.php","meta":{"footnotes":""},"acf":[],"yoast_head":"<!-- This site is optimized with the Yoast SEO plugin v23.0 - https:\/\/yoast.com\/wordpress\/plugins\/seo\/ -->\n<title>Sobre - SEMSA<\/title>\n<meta name=\"robots\" content=\"index, follow, max-snippet:-1, max-image-preview:large, max-video-preview:-1\" \/>\n<link rel=\"canonical\" href=\"https:\/\/www.manaus.am.gov.br\/semsa\/principal\/sobre\/\" \/>\n<meta property=\"og:locale\" content=\"pt_BR\" \/>\n<meta property=\"og:type\" content=\"article\" \/>\n<meta property=\"og:title\" content=\"Sobre - SEMSA\" \/>\n<meta property=\"og:url\" content=\"https:\/\/www.manaus.am.gov.br\/semsa\/principal\/sobre\/\" \/>\n<meta property=\"og:site_name\" content=\"SEMSA\" \/>\n<meta property=\"article:modified_time\" content=\"2026-01-29T19:46:52+00:00\" \/>\n<meta property=\"og:image\" content=\"https:\/\/www.manaus.am.gov.br\/semsa\/wp-content\/uploads\/sites\/8\/2024\/07\/thumb-default-2.png\" \/>\n\t<meta property=\"og:image:width\" content=\"966\" \/>\n\t<meta property=\"og:image:height\" content=\"520\" \/>\n\t<meta property=\"og:image:type\" content=\"image\/png\" \/>\n<meta name=\"twitter:card\" content=\"summary_large_image\" \/>\n<meta name=\"twitter:label1\" content=\"Est. reading time\" \/>\n\t<meta name=\"twitter:data1\" content=\"3 minutos\" \/>\n<script type=\"application\/ld+json\" class=\"yoast-schema-graph\">{\"@context\":\"https:\/\/schema.org\",\"@graph\":[{\"@type\":\"WebPage\",\"@id\":\"https:\/\/www.manaus.am.gov.br\/semsa\/principal\/sobre\/\",\"url\":\"https:\/\/www.manaus.am.gov.br\/semsa\/principal\/sobre\/\",\"name\":\"Sobre - SEMSA\",\"isPartOf\":{\"@id\":\"https:\/\/www.manaus.am.gov.br\/semsa\/#website\"},\"datePublished\":\"2023-01-11T12:53:45+00:00\",\"dateModified\":\"2026-01-29T19:46:52+00:00\",\"breadcrumb\":{\"@id\":\"https:\/\/www.manaus.am.gov.br\/semsa\/principal\/sobre\/#breadcrumb\"},\"inLanguage\":\"pt-BR\",\"potentialAction\":[{\"@type\":\"ReadAction\",\"target\":[\"https:\/\/www.manaus.am.gov.br\/semsa\/principal\/sobre\/\"]}]},{\"@type\":\"BreadcrumbList\",\"@id\":\"https:\/\/www.manaus.am.gov.br\/semsa\/principal\/sobre\/#breadcrumb\",\"itemListElement\":[{\"@type\":\"ListItem\",\"position\":1,\"name\":\"A Semsa\",\"item\":\"https:\/\/www.manaus.am.gov.br\/semsa\/principal\/\"},{\"@type\":\"ListItem\",\"position\":2,\"name\":\"Sobre\"}]},{\"@type\":\"WebSite\",\"@id\":\"https:\/\/www.manaus.am.gov.br\/semsa\/#website\",\"url\":\"https:\/\/www.manaus.am.gov.br\/semsa\/\",\"name\":\"SEMSA\",\"description\":\"Secretaria Municipal de Sa\u00fade\",\"alternateName\":\"Secretaria Municipal de Sa\u00fade\",\"potentialAction\":[{\"@type\":\"SearchAction\",\"target\":{\"@type\":\"EntryPoint\",\"urlTemplate\":\"https:\/\/www.manaus.am.gov.br\/semsa\/?s={search_term_string}\"},\"query-input\":\"required name=search_term_string\"}],\"inLanguage\":\"pt-BR\"}]}<\/script>\n<!-- \/ Yoast SEO plugin. -->","yoast_head_json":{"title":"Sobre - SEMSA","robots":{"index":"index","follow":"follow","max-snippet":"max-snippet:-1","max-image-preview":"max-image-preview:large","max-video-preview":"max-video-preview:-1"},"canonical":"https:\/\/www.manaus.am.gov.br\/semsa\/principal\/sobre\/","og_locale":"pt_BR","og_type":"article","og_title":"Sobre - SEMSA","og_url":"https:\/\/www.manaus.am.gov.br\/semsa\/principal\/sobre\/","og_site_name":"SEMSA","article_modified_time":"2026-01-29T19:46:52+00:00","og_image":[{"width":966,"height":520,"url":"https:\/\/www.manaus.am.gov.br\/semsa\/wp-content\/uploads\/sites\/8\/2024\/07\/thumb-default-2.png","type":"image\/png"}],"twitter_card":"summary_large_image","twitter_misc":{"Est. reading time":"3 minutos"},"schema":{"@context":"https:\/\/schema.org","@graph":[{"@type":"WebPage","@id":"https:\/\/www.manaus.am.gov.br\/semsa\/principal\/sobre\/","url":"https:\/\/www.manaus.am.gov.br\/semsa\/principal\/sobre\/","name":"Sobre - SEMSA","isPartOf":{"@id":"https:\/\/www.manaus.am.gov.br\/semsa\/#website"},"datePublished":"2023-01-11T12:53:45+00:00","dateModified":"2026-01-29T19:46:52+00:00","breadcrumb":{"@id":"https:\/\/www.manaus.am.gov.br\/semsa\/principal\/sobre\/#breadcrumb"},"inLanguage":"pt-BR","potentialAction":[{"@type":"ReadAction","target":["https:\/\/www.manaus.am.gov.br\/semsa\/principal\/sobre\/"]}]},{"@type":"BreadcrumbList","@id":"https:\/\/www.manaus.am.gov.br\/semsa\/principal\/sobre\/#breadcrumb","itemListElement":[{"@type":"ListItem","position":1,"name":"A Semsa","item":"https:\/\/www.manaus.am.gov.br\/semsa\/principal\/"},{"@type":"ListItem","position":2,"name":"Sobre"}]},{"@type":"WebSite","@id":"https:\/\/www.manaus.am.gov.br\/semsa\/#website","url":"https:\/\/www.manaus.am.gov.br\/semsa\/","name":"SEMSA","description":"Secretaria Municipal de Sa\u00fade","alternateName":"Secretaria Municipal de Sa\u00fade","potentialAction":[{"@type":"SearchAction","target":{"@type":"EntryPoint","urlTemplate":"https:\/\/www.manaus.am.gov.br\/semsa\/?s={search_term_string}"},"query-input":"required name=search_term_string"}],"inLanguage":"pt-BR"}]}},"_links":{"self":[{"href":"https:\/\/www.manaus.am.gov.br\/semsa\/wp-json\/wp\/v2\/pages\/207691"}],"collection":[{"href":"https:\/\/www.manaus.am.gov.br\/semsa\/wp-json\/wp\/v2\/pages"}],"about":[{"href":"https:\/\/www.manaus.am.gov.br\/semsa\/wp-json\/wp\/v2\/types\/page"}],"author":[{"embeddable":true,"href":"https:\/\/www.manaus.am.gov.br\/semsa\/wp-json\/wp\/v2\/users\/27"}],"replies":[{"embeddable":true,"href":"https:\/\/www.manaus.am.gov.br\/semsa\/wp-json\/wp\/v2\/comments?post=207691"}],"version-history":[{"count":13,"href":"https:\/\/www.manaus.am.gov.br\/semsa\/wp-json\/wp\/v2\/pages\/207691\/revisions"}],"predecessor-version":[{"id":227389,"href":"https:\/\/www.manaus.am.gov.br\/semsa\/wp-json\/wp\/v2\/pages\/207691\/revisions\/227389"}],"up":[{"embeddable":true,"href":"https:\/\/www.manaus.am.gov.br\/semsa\/wp-json\/wp\/v2\/pages\/211129"}],"wp:attachment":[{"href":"https:\/\/www.manaus.am.gov.br\/semsa\/wp-json\/wp\/v2\/media?parent=207691"}],"curies":[{"name":"wp","href":"https:\/\/api.w.org\/{rel}","templated":true}]}}

<p>A Secretaria Municipal de Saúde (Semsa Manaus), criada em 20 de novembro de 1975, através da lei <a href="https://www.manaus.am.gov.br/semsa/wp-content/uploads/sites/8/2026/01/LEI-1240-DE-20NOV.1975-1.pdf">nº 1240</a>, tem como missão gerir o sistema municipal de saúde, observando os princípios e diretrizes do Sistema Único de Saúde (SUS), desenvolvendo, com qualidade, ações de vigilância e atenção à saúde da população no município de Manaus.</p>



<p>Seus serviços e ações de saúde são desenvolvidos em consonância com a Política Nacional de Atenção Básica (PNAB), com foco na promoção da saúde, na prevenção de doenças e agravos, no diagnóstico e tratamento, na reabilitação e redução de danos. É coordenadora do cuidado e ordenadora das redes de atenção à saúde, constituindo-se como a porta de entrada preferencial do SUS.</p>



<p>Atualmente, a rede municipal de saúde de Manaus é composta por 270 unidades básicas de saúde, das quais 10 com horário ampliado de atendimento, 1 que funciona em regime de plantão de 12 horas de segunda-feira a domingo e 2 Unidades de Saúde da Família Fluviais (USFF); 11 unidades de apoio rural; 4 policlínicas; 4 Centros de Especialidades Odontológicas (CEO); 1 laboratório de prótese dentária; 5 Centros de Atenção Psicossocial (CAPS); 1 Centro Especializado de Reabilitação (CER); 48 unidades do Serviço Móvel de Urgência (Samu) sendo 7 unidades de suporte avançado, 2 unidades de suporte avançado fluvial (ambulanchas), 34 unidades de suporte básico e 5 unidades de suporte de moto; 6 laboratórios, sendo 4 distritais de análises clínicas, 1 de citologia e 1 de vigilância; 2 Centrais de Atendimento do Programa Leite do Meu Filho.</p>



<p>Além disso, integram a rede municipal a Maternidade Dr. Moura Tapajóz; a Vigilância Sanitária (Visa Manaus); o Centro de Referência em Saúde do Trabalhador (Cerest); o Centro de Controle de Zoonoses (CCZ) e, ainda, 5 Unidades Móveis de Saúde da Mulher.</p>



<p>A Secretaria conta com aproximadamente 12 mil servidores e presta assistência a mais de 1 milhão de usuários do Sistema Único de Saúde (SUS), por ano, tendo realizado nos últimos 4 anos mais de 11 milhões de atendimentos individuais em suas unidades assistenciais.</p>



<p>MISSÃO &#8211; &#8220;Gerir o sistema municipal de saúde, observando os princípios e diretrizes do SUS, desenvolvendo, com qualidade, ações de vigilância e atenção à saúde da população no município de Manaus&#8221;.</p>



<p>VISÃO &#8211; &#8220;Tornar-se modelo de excelência na vigilância e atenção à saúde, contribuindo com a melhoria da qualidade de vida da população. </p>



<p>VALORES &#8211; Ética, compromisso, inovação, transparência e humanização.</p>

<!-- This site is optimized with the Yoast SEO plugin v23.0 - https://yoast.com/wordpress/plugins/seo/ -->
<title>Sobre - SEMSA</title>
<meta name="robots" content="index, follow, max-snippet:-1, max-image-preview:large, max-video-preview:-1" />
<link rel="canonical" href="https://www.manaus.am.gov.br/semsa/principal/sobre/" />
<meta property="og:locale" content="pt_BR" />
<meta property="og:type" content="article" />
<meta property="og:title" content="Sobre - SEMSA" />
<meta property="og:url" content="https://www.manaus.am.gov.br/semsa/principal/sobre/" />
<meta property="og:site_name" content="SEMSA" />
<meta property="article:modified_time" content="2026-01-29T19:46:52+00:00" />
<meta property="og:image" content="https://www.manaus.am.gov.br/semsa/wp-content/uploads/sites/8/2024/07/thumb-default-2.png" />
	<meta property="og:image:width" content="966" />
	<meta property="og:image:height" content="520" />
	<meta property="og:image:type" content="image/png" />
<meta name="twitter:card" content="summary_large_image" />
<meta name="twitter:label1" content="Est. reading time" />
	<meta name="twitter:data1" content="3 minutos" />
<script type="application/ld+json" class="yoast-schema-graph">{"@context":"https://schema.org","@graph":[{"@type":"WebPage","@id":"https://www.manaus.am.gov.br/semsa/principal/sobre/","url":"https://www.manaus.am.gov.br/semsa/principal/sobre/","name":"Sobre - SEMSA","isPartOf":{"@id":"https://www.manaus.am.gov.br/semsa/#website"},"datePublished":"2023-01-11T12:53:45+00:00","dateModified":"2026-01-29T19:46:52+00:00","breadcrumb":{"@id":"https://www.manaus.am.gov.br/semsa/principal/sobre/#breadcrumb"},"inLanguage":"pt-BR","potentialAction":[{"@type":"ReadAction","target":["https://www.manaus.am.gov.br/semsa/principal/sobre/"]}]},{"@type":"BreadcrumbList","@id":"https://www.manaus.am.gov.br/semsa/principal/sobre/#breadcrumb","itemListElement":[{"@type":"ListItem","position":1,"name":"A Semsa","item":"https://www.manaus.am.gov.br/semsa/principal/"},{"@type":"ListItem","position":2,"name":"Sobre"}]},{"@type":"WebSite","@id":"https://www.manaus.am.gov.br/semsa/#website","url":"https://www.manaus.am.gov.br/semsa/","name":"SEMSA","description":"Secretaria Municipal de Saúde","alternateName":"Secretaria Municipal de Saúde","potentialAction":[{"@type":"SearchAction","target":{"@type":"EntryPoint","urlTemplate":"https://www.manaus.am.gov.br/semsa/?s={search_term_string}"},"query-input":"required name=search_term_string"}],"inLanguage":"pt-BR"}]}</script>
<!-- / Yoast SEO plugin. -->

Secretaria Municipal de Saúde
