{"id":288,"date":"2023-07-17T17:53:44","date_gmt":"2023-07-17T20:53:44","guid":{"rendered":"https:\/\/www.manaus.am.gov.br\/semmas\/?page_id=288"},"modified":"2023-10-30T11:20:42","modified_gmt":"2023-10-30T14:20:42","slug":"educacao-ambiental","status":"publish","type":"page","link":"https:\/\/www.manaus.am.gov.br\/semmas\/a-semmas\/educacao-ambiental\/","title":{"rendered":"Educa\u00e7\u00e3o Ambiental"},"content":{"rendered":"\n<h2 class=\"wp-block-heading\">Divis\u00e3o de Educa\u00e7\u00e3o Ambiental \u2013 DIEA<\/h2>\n\n\n\n<p>A Divis\u00e3o de Educa\u00e7\u00e3o Ambiental da Semmas desenvolve suas atividades pautadas na educa\u00e7\u00e3o ambiental n\u00e3o formal. Opera por meios de programas, projetos e campanhas direcionados para aspectos bem definidos da realidade social e ambiental. Usa meios multivariados, tem a fun\u00e7\u00e3o de informar e formar. Atua sobre e com as comunidades, desenvolvendo a\u00e7\u00f5es de pr\u00e1ticas educativas.<\/p>\n\n\n\n<p>Segundo o Artigo 13 da Lei 9.795, que disp\u00f5e sobre a Pol\u00edtica Nacional de Educa\u00e7\u00e3o Ambiental. \u201cEntendem-se por educa\u00e7\u00e3o ambiental n\u00e3o-formal as a\u00e7\u00f5es e pr\u00e1ticas educativas voltadas \u00e0 sensibiliza\u00e7\u00e3o da coletividade sobre as quest\u00f5es ambientais e \u00e0 sua organiza\u00e7\u00e3o e participa\u00e7\u00e3o na defesa da qualidade do meio ambiente \u201d. O Poder P\u00fablico, em n\u00edveis federal, estadual e municipal, incentivar\u00e1:<\/p>\n\n\n\n<p><strong>I <\/strong>\u2013 a difus\u00e3o, por interm\u00e9dio dos meios de comunica\u00e7\u00e3o de massa, em espa\u00e7os nobres, de programas e campanhas educativas, e de informa\u00e7\u00f5es acerca de temas relacionados ao meio ambiente;<\/p>\n\n\n\n<p><strong>II <\/strong>\u2013 a ampla participa\u00e7\u00e3o da escola, da universidade e de organiza\u00e7\u00f5es n\u00e3o-governamentais na formula\u00e7\u00e3o e execu\u00e7\u00e3o de programas e atividades vinculadas \u00e0 educa\u00e7\u00e3o ambiental n\u00e3o-formal;<\/p>\n\n\n\n<p><strong>III <\/strong>\u2013 a participa\u00e7\u00e3o de empresas p\u00fablicas e privadas no desenvolvimento de programas de educa\u00e7\u00e3o ambiental em parceria com a escola, a universidade e as organiza\u00e7\u00f5es n\u00e3o-governamentais;<\/p>\n\n\n\n<h3 class=\"wp-block-heading\">Objetivo<\/h3>\n\n\n\n<p>Desenvolver processos de a\u00e7\u00f5es de sensibiliza\u00e7\u00e3o de educa\u00e7\u00e3o ambiental n\u00e3o formal permanente e continuada, visando fortalecer a atua\u00e7\u00e3o da SEMMAS, na constru\u00e7\u00e3o de uma sociedade ambientalmente sustent\u00e1vel.<\/p>\n\n\n\n<h3 class=\"wp-block-heading\">Miss\u00e3o<\/h3>\n\n\n\n<p>Contribuir para o fortalecimento da Secretaria Municipal de Meio Ambiente e Sustentabilidade \u2013 SEMMAS para o processo de sensibiliza\u00e7\u00e3o da educa\u00e7\u00e3o ambiental n\u00e3o formal nas a\u00e7\u00f5es pr\u00e1ticas voltadas para a coletividade. Ser refer\u00eancia em a\u00e7\u00f5es voltadas para a educa\u00e7\u00e3o ambiental n\u00e3o formal.<\/p>\n\n\n\n<p>O Programa Uniambiente tem por objetivo promover cursos, palestras, oficinas de reaproveitamento de res\u00edduos s\u00f3lidos destinados \u00e0 popula\u00e7\u00e3o, \u00e0s lideran\u00e7as comunit\u00e1rias, grupos populares e aos profissionais com interesse em \u00e1reas ligadas ao campo da educa\u00e7\u00e3o ambiental n\u00e3o formal.<\/p>\n","protected":false},"excerpt":{"rendered":"","protected":false},"author":27,"featured_media":0,"parent":252,"menu_order":6,"comment_status":"closed","ping_status":"closed","template":"templates\/turismo.php","meta":{"footnotes":""},"acf":[],"yoast_head":"<!-- This site is optimized with the Yoast SEO plugin v23.0 - https:\/\/yoast.com\/wordpress\/plugins\/seo\/ -->\n<title>Educa\u00e7\u00e3o Ambiental - SEMMAS<\/title>\n<meta name=\"robots\" content=\"noindex, follow\" \/>\n<meta property=\"og:locale\" content=\"pt_BR\" \/>\n<meta property=\"og:type\" content=\"article\" \/>\n<meta property=\"og:title\" content=\"Educa\u00e7\u00e3o Ambiental - SEMMAS\" \/>\n<meta property=\"og:url\" content=\"https:\/\/www.manaus.am.gov.br\/semmas\/a-semmas\/educacao-ambiental\/\" \/>\n<meta property=\"og:site_name\" content=\"SEMMAS\" \/>\n<meta property=\"article:publisher\" content=\"https:\/\/www.facebook.com\/SemmasManaus\" \/>\n<meta property=\"article:modified_time\" content=\"2023-10-30T14:20:42+00:00\" \/>\n<meta property=\"og:image\" content=\"https:\/\/www.manaus.am.gov.br\/semmas\/wp-content\/uploads\/sites\/26\/2024\/07\/thumb-default-2.png\" \/>\n\t<meta property=\"og:image:width\" content=\"966\" \/>\n\t<meta property=\"og:image:height\" content=\"520\" \/>\n\t<meta property=\"og:image:type\" content=\"image\/png\" \/>\n<meta name=\"twitter:card\" content=\"summary_large_image\" \/>\n<meta name=\"twitter:label1\" content=\"Est. reading time\" \/>\n\t<meta name=\"twitter:data1\" content=\"2 minutos\" \/>\n<script type=\"application\/ld+json\" class=\"yoast-schema-graph\">{\"@context\":\"https:\/\/schema.org\",\"@graph\":[{\"@type\":\"WebPage\",\"@id\":\"https:\/\/www.manaus.am.gov.br\/semmas\/a-semmas\/educacao-ambiental\/\",\"url\":\"https:\/\/www.manaus.am.gov.br\/semmas\/a-semmas\/educacao-ambiental\/\",\"name\":\"Educa\u00e7\u00e3o Ambiental - SEMMAS\",\"isPartOf\":{\"@id\":\"https:\/\/www.manaus.am.gov.br\/semmas\/#website\"},\"datePublished\":\"2023-07-17T20:53:44+00:00\",\"dateModified\":\"2023-10-30T14:20:42+00:00\",\"breadcrumb\":{\"@id\":\"https:\/\/www.manaus.am.gov.br\/semmas\/a-semmas\/educacao-ambiental\/#breadcrumb\"},\"inLanguage\":\"pt-BR\",\"potentialAction\":[{\"@type\":\"ReadAction\",\"target\":[\"https:\/\/www.manaus.am.gov.br\/semmas\/a-semmas\/educacao-ambiental\/\"]}]},{\"@type\":\"BreadcrumbList\",\"@id\":\"https:\/\/www.manaus.am.gov.br\/semmas\/a-semmas\/educacao-ambiental\/#breadcrumb\",\"itemListElement\":[{\"@type\":\"ListItem\",\"position\":1,\"name\":\"Home\",\"item\":\"https:\/\/www.manaus.am.gov.br\/semmas\/\"},{\"@type\":\"ListItem\",\"position\":2,\"name\":\"A SEMMAS\",\"item\":\"https:\/\/www.manaus.am.gov.br\/semmas\/a-semmas\/\"},{\"@type\":\"ListItem\",\"position\":3,\"name\":\"Educa\u00e7\u00e3o Ambiental\"}]},{\"@type\":\"WebSite\",\"@id\":\"https:\/\/www.manaus.am.gov.br\/semmas\/#website\",\"url\":\"https:\/\/www.manaus.am.gov.br\/semmas\/\",\"name\":\"SEMMAS CLIMA\",\"description\":\"Secretaria Municipal de Meio Ambiente e Sustentabilidade\",\"publisher\":{\"@id\":\"https:\/\/www.manaus.am.gov.br\/semmas\/#organization\"},\"alternateName\":\"Secretaria Municipal de Meio Ambiente e Sustentabilidade\",\"potentialAction\":[{\"@type\":\"SearchAction\",\"target\":{\"@type\":\"EntryPoint\",\"urlTemplate\":\"https:\/\/www.manaus.am.gov.br\/semmas\/?s={search_term_string}\"},\"query-input\":\"required name=search_term_string\"}],\"inLanguage\":\"pt-BR\"},{\"@type\":\"Organization\",\"@id\":\"https:\/\/www.manaus.am.gov.br\/semmas\/#organization\",\"name\":\"Prefeitura de Manaus\",\"alternateName\":\"Prefeitura Municipal de Manaus\",\"url\":\"https:\/\/www.manaus.am.gov.br\/semmas\/\",\"logo\":{\"@type\":\"ImageObject\",\"inLanguage\":\"pt-BR\",\"@id\":\"https:\/\/www.manaus.am.gov.br\/semmas\/#\/schema\/logo\/image\/\",\"url\":\"https:\/\/www.manaus.am.gov.br\/semmas\/wp-content\/uploads\/sites\/26\/2024\/06\/brasao.png\",\"contentUrl\":\"https:\/\/www.manaus.am.gov.br\/semmas\/wp-content\/uploads\/sites\/26\/2024\/06\/brasao.png\",\"width\":286,\"height\":408,\"caption\":\"Prefeitura de Manaus\"},\"image\":{\"@id\":\"https:\/\/www.manaus.am.gov.br\/semmas\/#\/schema\/logo\/image\/\"},\"sameAs\":[\"https:\/\/www.facebook.com\/SemmasManaus\",\"https:\/\/www.instagram.com\/semmasmanaus\/\",\"https:\/\/www.youtube.com\/@semmasmanaus2835\"]}]}<\/script>\n<!-- \/ Yoast SEO plugin. -->","yoast_head_json":{"title":"Educa\u00e7\u00e3o Ambiental - SEMMAS","robots":{"index":"noindex","follow":"follow"},"og_locale":"pt_BR","og_type":"article","og_title":"Educa\u00e7\u00e3o Ambiental - SEMMAS","og_url":"https:\/\/www.manaus.am.gov.br\/semmas\/a-semmas\/educacao-ambiental\/","og_site_name":"SEMMAS","article_publisher":"https:\/\/www.facebook.com\/SemmasManaus","article_modified_time":"2023-10-30T14:20:42+00:00","og_image":[{"width":966,"height":520,"url":"https:\/\/www.manaus.am.gov.br\/semmas\/wp-content\/uploads\/sites\/26\/2024\/07\/thumb-default-2.png","type":"image\/png"}],"twitter_card":"summary_large_image","twitter_misc":{"Est. reading time":"2 minutos"},"schema":{"@context":"https:\/\/schema.org","@graph":[{"@type":"WebPage","@id":"https:\/\/www.manaus.am.gov.br\/semmas\/a-semmas\/educacao-ambiental\/","url":"https:\/\/www.manaus.am.gov.br\/semmas\/a-semmas\/educacao-ambiental\/","name":"Educa\u00e7\u00e3o Ambiental - SEMMAS","isPartOf":{"@id":"https:\/\/www.manaus.am.gov.br\/semmas\/#website"},"datePublished":"2023-07-17T20:53:44+00:00","dateModified":"2023-10-30T14:20:42+00:00","breadcrumb":{"@id":"https:\/\/www.manaus.am.gov.br\/semmas\/a-semmas\/educacao-ambiental\/#breadcrumb"},"inLanguage":"pt-BR","potentialAction":[{"@type":"ReadAction","target":["https:\/\/www.manaus.am.gov.br\/semmas\/a-semmas\/educacao-ambiental\/"]}]},{"@type":"BreadcrumbList","@id":"https:\/\/www.manaus.am.gov.br\/semmas\/a-semmas\/educacao-ambiental\/#breadcrumb","itemListElement":[{"@type":"ListItem","position":1,"name":"Home","item":"https:\/\/www.manaus.am.gov.br\/semmas\/"},{"@type":"ListItem","position":2,"name":"A SEMMAS","item":"https:\/\/www.manaus.am.gov.br\/semmas\/a-semmas\/"},{"@type":"ListItem","position":3,"name":"Educa\u00e7\u00e3o Ambiental"}]},{"@type":"WebSite","@id":"https:\/\/www.manaus.am.gov.br\/semmas\/#website","url":"https:\/\/www.manaus.am.gov.br\/semmas\/","name":"SEMMAS CLIMA","description":"Secretaria Municipal de Meio Ambiente e Sustentabilidade","publisher":{"@id":"https:\/\/www.manaus.am.gov.br\/semmas\/#organization"},"alternateName":"Secretaria Municipal de Meio Ambiente e Sustentabilidade","potentialAction":[{"@type":"SearchAction","target":{"@type":"EntryPoint","urlTemplate":"https:\/\/www.manaus.am.gov.br\/semmas\/?s={search_term_string}"},"query-input":"required name=search_term_string"}],"inLanguage":"pt-BR"},{"@type":"Organization","@id":"https:\/\/www.manaus.am.gov.br\/semmas\/#organization","name":"Prefeitura de Manaus","alternateName":"Prefeitura Municipal de Manaus","url":"https:\/\/www.manaus.am.gov.br\/semmas\/","logo":{"@type":"ImageObject","inLanguage":"pt-BR","@id":"https:\/\/www.manaus.am.gov.br\/semmas\/#\/schema\/logo\/image\/","url":"https:\/\/www.manaus.am.gov.br\/semmas\/wp-content\/uploads\/sites\/26\/2024\/06\/brasao.png","contentUrl":"https:\/\/www.manaus.am.gov.br\/semmas\/wp-content\/uploads\/sites\/26\/2024\/06\/brasao.png","width":286,"height":408,"caption":"Prefeitura de Manaus"},"image":{"@id":"https:\/\/www.manaus.am.gov.br\/semmas\/#\/schema\/logo\/image\/"},"sameAs":["https:\/\/www.facebook.com\/SemmasManaus","https:\/\/www.instagram.com\/semmasmanaus\/","https:\/\/www.youtube.com\/@semmasmanaus2835"]}]}},"_links":{"self":[{"href":"https:\/\/www.manaus.am.gov.br\/semmas\/wp-json\/wp\/v2\/pages\/288"}],"collection":[{"href":"https:\/\/www.manaus.am.gov.br\/semmas\/wp-json\/wp\/v2\/pages"}],"about":[{"href":"https:\/\/www.manaus.am.gov.br\/semmas\/wp-json\/wp\/v2\/types\/page"}],"author":[{"embeddable":true,"href":"https:\/\/www.manaus.am.gov.br\/semmas\/wp-json\/wp\/v2\/users\/27"}],"replies":[{"embeddable":true,"href":"https:\/\/www.manaus.am.gov.br\/semmas\/wp-json\/wp\/v2\/comments?post=288"}],"version-history":[{"count":4,"href":"https:\/\/www.manaus.am.gov.br\/semmas\/wp-json\/wp\/v2\/pages\/288\/revisions"}],"predecessor-version":[{"id":10027,"href":"https:\/\/www.manaus.am.gov.br\/semmas\/wp-json\/wp\/v2\/pages\/288\/revisions\/10027"}],"up":[{"embeddable":true,"href":"https:\/\/www.manaus.am.gov.br\/semmas\/wp-json\/wp\/v2\/pages\/252"}],"wp:attachment":[{"href":"https:\/\/www.manaus.am.gov.br\/semmas\/wp-json\/wp\/v2\/media?parent=288"}],"curies":[{"name":"wp","href":"https:\/\/api.w.org\/{rel}","templated":true}]}}