{"id":234,"date":"2023-05-29T22:44:21","date_gmt":"2023-05-30T01:44:21","guid":{"rendered":"https:\/\/www.manaus.am.gov.br\/fme\/?page_id=234"},"modified":"2023-06-22T15:20:02","modified_gmt":"2023-06-22T18:20:02","slug":"estrutura-organizacional","status":"publish","type":"page","link":"https:\/\/www.manaus.am.gov.br\/semjel\/manaus-esporte\/estrutura-organizacional\/","title":{"rendered":"Estrutura Organizacional"},"content":{"rendered":"\n<h2 class=\"wp-block-heading\" style=\"text-transform:uppercase\"><a href=\"https:\/\/leismunicipais.com.br\/a\/am\/m\/manaus\/lei-ordinaria\/2022\/291\/2901\/lei-ordinaria-n-2901-2022-cria-na-estrutura-da-administracao-indireta-do-poder-executivo-a-fundacao-manaus-esporte-fme-e-da-outras-providencias\" target=\"_blank\" rel=\"noreferrer noopener\">Lei N\u00ba 2.901, de 09 de Junho de 2022<\/a><\/h2>\n\n\n\n<p>Cria, na estrutura da Administra\u00e7\u00e3o Indireta do Poder Executivo, a Funda\u00e7\u00e3o Manaus Esporte (FME) e d\u00e1 outras provid\u00eancias.<\/p>\n\n\n\n<p>Dirigida pelo Diretor-Presidente, com o aux\u00edlio do Vice-Presidente, a FME tem a seguinte estrutura organizacional:<\/p>\n\n\n\n<p>I &#8211; \u00d3rg\u00e3os Colegiados:<\/p>\n\n\n\n<p>a) Conselho Municipal de Desporto;<br>b) Fundo Municipal de Desenvolvimento Desportivo;<\/p>\n\n\n\n<p>II &#8211; \u00d3rg\u00e3os de Assist\u00eancia Direta e Assessoramento:<\/p>\n\n\n\n<p>a) Gabinete;<br>b) Assessoria Jur\u00eddica;<br>c) Assessoria de Ouvidoria e Controle;<\/p>\n\n\n\n<p>III &#8211; \u00d3rg\u00e3os de Apoio \u00e0 Gest\u00e3o:<\/p>\n\n\n\n<p>a) Diretoria Administrativo-Financeira:<\/p>\n\n\n\n<p>1. Departamento de Administra\u00e7\u00e3o e Finan\u00e7as;<\/p>\n\n\n\n<p>IV &#8211; \u00d3rg\u00e3os de Atividades Final\u00edsticas:<\/p>\n\n\n\n<p>a) Diretoria T\u00e9cnica:<\/p>\n\n\n\n<p>1. Departamento de Controle e Avalia\u00e7\u00e3o Desportiva;<\/p>\n\n\n\n<p>2. Departamento de Programas e Projetos.<\/p>\n\n\n\n<p>\u00a7 1\u00ba O Conselho Municipal de Desporto, \u00f3rg\u00e3o de car\u00e1ter deliberativo, subordinado \u00e0 Funda\u00e7\u00e3o Municipal de Esporte, ter\u00e1 suas compet\u00eancias e composi\u00e7\u00e3o estabelecidas em lei espec\u00edfica.<\/p>\n\n\n\n<p>\u00a7 2\u00ba Respeitado o disposto no caput deste artigo, o funcionamento e as compet\u00eancias das unidades que integram a estrutura organizacional da Funda\u00e7\u00e3o Municipal de Esporte ser\u00e3o objeto de Regimento Interno.<\/p>\n","protected":false},"excerpt":{"rendered":"","protected":false},"author":27,"featured_media":0,"parent":226,"menu_order":1,"comment_status":"closed","ping_status":"closed","template":"templates\/turismo.php","meta":{"footnotes":""},"acf":[],"yoast_head":"<!-- This site is optimized with the Yoast SEO plugin v23.0 - https:\/\/yoast.com\/wordpress\/plugins\/seo\/ -->\n<title>Estrutura Organizacional - SEMJEL<\/title>\n<meta name=\"robots\" content=\"noindex, follow\" \/>\n<meta property=\"og:locale\" content=\"pt_BR\" \/>\n<meta property=\"og:type\" content=\"article\" \/>\n<meta property=\"og:title\" content=\"Estrutura Organizacional - SEMJEL\" \/>\n<meta property=\"og:url\" content=\"https:\/\/www.manaus.am.gov.br\/semjel\/manaus-esporte\/estrutura-organizacional\/\" \/>\n<meta property=\"og:site_name\" content=\"SEMJEL\" \/>\n<meta property=\"article:modified_time\" content=\"2023-06-22T18:20:02+00:00\" \/>\n<meta name=\"twitter:card\" content=\"summary_large_image\" \/>\n<meta name=\"twitter:label1\" content=\"Est. reading time\" \/>\n\t<meta name=\"twitter:data1\" content=\"1 minuto\" \/>\n<script type=\"application\/ld+json\" class=\"yoast-schema-graph\">{\"@context\":\"https:\/\/schema.org\",\"@graph\":[{\"@type\":\"WebPage\",\"@id\":\"https:\/\/www.manaus.am.gov.br\/semjel\/manaus-esporte\/estrutura-organizacional\/\",\"url\":\"https:\/\/www.manaus.am.gov.br\/semjel\/manaus-esporte\/estrutura-organizacional\/\",\"name\":\"Estrutura Organizacional - SEMJEL\",\"isPartOf\":{\"@id\":\"https:\/\/www.manaus.am.gov.br\/semjel\/#website\"},\"datePublished\":\"2023-05-30T01:44:21+00:00\",\"dateModified\":\"2023-06-22T18:20:02+00:00\",\"breadcrumb\":{\"@id\":\"https:\/\/www.manaus.am.gov.br\/semjel\/manaus-esporte\/estrutura-organizacional\/#breadcrumb\"},\"inLanguage\":\"pt-BR\",\"potentialAction\":[{\"@type\":\"ReadAction\",\"target\":[\"https:\/\/www.manaus.am.gov.br\/semjel\/manaus-esporte\/estrutura-organizacional\/\"]}]},{\"@type\":\"BreadcrumbList\",\"@id\":\"https:\/\/www.manaus.am.gov.br\/semjel\/manaus-esporte\/estrutura-organizacional\/#breadcrumb\",\"itemListElement\":[{\"@type\":\"ListItem\",\"position\":1,\"name\":\"Home\",\"item\":\"https:\/\/www.manaus.am.gov.br\/semjel\/\"},{\"@type\":\"ListItem\",\"position\":2,\"name\":\"Manaus Esporte\",\"item\":\"https:\/\/www.manaus.am.gov.br\/semjel\/manaus-esporte\/\"},{\"@type\":\"ListItem\",\"position\":3,\"name\":\"Estrutura Organizacional\"}]},{\"@type\":\"WebSite\",\"@id\":\"https:\/\/www.manaus.am.gov.br\/semjel\/#website\",\"url\":\"https:\/\/www.manaus.am.gov.br\/semjel\/\",\"name\":\"SEMJEL\",\"description\":\"Secretaria Municipal de Juventude, Esporte e Lazer\",\"potentialAction\":[{\"@type\":\"SearchAction\",\"target\":{\"@type\":\"EntryPoint\",\"urlTemplate\":\"https:\/\/www.manaus.am.gov.br\/semjel\/?s={search_term_string}\"},\"query-input\":\"required name=search_term_string\"}],\"inLanguage\":\"pt-BR\"}]}<\/script>\n<!-- \/ Yoast SEO plugin. -->","yoast_head_json":{"title":"Estrutura Organizacional - SEMJEL","robots":{"index":"noindex","follow":"follow"},"og_locale":"pt_BR","og_type":"article","og_title":"Estrutura Organizacional - SEMJEL","og_url":"https:\/\/www.manaus.am.gov.br\/semjel\/manaus-esporte\/estrutura-organizacional\/","og_site_name":"SEMJEL","article_modified_time":"2023-06-22T18:20:02+00:00","twitter_card":"summary_large_image","twitter_misc":{"Est. reading time":"1 minuto"},"schema":{"@context":"https:\/\/schema.org","@graph":[{"@type":"WebPage","@id":"https:\/\/www.manaus.am.gov.br\/semjel\/manaus-esporte\/estrutura-organizacional\/","url":"https:\/\/www.manaus.am.gov.br\/semjel\/manaus-esporte\/estrutura-organizacional\/","name":"Estrutura Organizacional - SEMJEL","isPartOf":{"@id":"https:\/\/www.manaus.am.gov.br\/semjel\/#website"},"datePublished":"2023-05-30T01:44:21+00:00","dateModified":"2023-06-22T18:20:02+00:00","breadcrumb":{"@id":"https:\/\/www.manaus.am.gov.br\/semjel\/manaus-esporte\/estrutura-organizacional\/#breadcrumb"},"inLanguage":"pt-BR","potentialAction":[{"@type":"ReadAction","target":["https:\/\/www.manaus.am.gov.br\/semjel\/manaus-esporte\/estrutura-organizacional\/"]}]},{"@type":"BreadcrumbList","@id":"https:\/\/www.manaus.am.gov.br\/semjel\/manaus-esporte\/estrutura-organizacional\/#breadcrumb","itemListElement":[{"@type":"ListItem","position":1,"name":"Home","item":"https:\/\/www.manaus.am.gov.br\/semjel\/"},{"@type":"ListItem","position":2,"name":"Manaus Esporte","item":"https:\/\/www.manaus.am.gov.br\/semjel\/manaus-esporte\/"},{"@type":"ListItem","position":3,"name":"Estrutura Organizacional"}]},{"@type":"WebSite","@id":"https:\/\/www.manaus.am.gov.br\/semjel\/#website","url":"https:\/\/www.manaus.am.gov.br\/semjel\/","name":"SEMJEL","description":"Secretaria Municipal de Juventude, Esporte e Lazer","potentialAction":[{"@type":"SearchAction","target":{"@type":"EntryPoint","urlTemplate":"https:\/\/www.manaus.am.gov.br\/semjel\/?s={search_term_string}"},"query-input":"required name=search_term_string"}],"inLanguage":"pt-BR"}]}},"_links":{"self":[{"href":"https:\/\/www.manaus.am.gov.br\/semjel\/wp-json\/wp\/v2\/pages\/234"}],"collection":[{"href":"https:\/\/www.manaus.am.gov.br\/semjel\/wp-json\/wp\/v2\/pages"}],"about":[{"href":"https:\/\/www.manaus.am.gov.br\/semjel\/wp-json\/wp\/v2\/types\/page"}],"author":[{"embeddable":true,"href":"https:\/\/www.manaus.am.gov.br\/semjel\/wp-json\/wp\/v2\/users\/27"}],"replies":[{"embeddable":true,"href":"https:\/\/www.manaus.am.gov.br\/semjel\/wp-json\/wp\/v2\/comments?post=234"}],"version-history":[{"count":4,"href":"https:\/\/www.manaus.am.gov.br\/semjel\/wp-json\/wp\/v2\/pages\/234\/revisions"}],"predecessor-version":[{"id":351,"href":"https:\/\/www.manaus.am.gov.br\/semjel\/wp-json\/wp\/v2\/pages\/234\/revisions\/351"}],"up":[{"embeddable":true,"href":"https:\/\/www.manaus.am.gov.br\/semjel\/wp-json\/wp\/v2\/pages\/226"}],"wp:attachment":[{"href":"https:\/\/www.manaus.am.gov.br\/semjel\/wp-json\/wp\/v2\/media?parent=234"}],"curies":[{"name":"wp","href":"https:\/\/api.w.org\/{rel}","templated":true}]}}