{"id":228,"date":"2023-05-29T22:39:42","date_gmt":"2023-05-30T01:39:42","guid":{"rendered":"https:\/\/www.manaus.am.gov.br\/fme\/?page_id=228"},"modified":"2023-06-22T15:15:18","modified_gmt":"2023-06-22T18:15:18","slug":"sobre","status":"publish","type":"page","link":"https:\/\/www.manaus.am.gov.br\/semjel\/manaus-esporte\/sobre\/","title":{"rendered":"Sobre"},"content":{"rendered":"\n<p>A Funda\u00e7\u00e3o Manaus Esporte (FME) \u00e9 o bra\u00e7o do Poder Executivo Municipal voltado para a pro- mo\u00e7\u00e3o da garantia dos direitos individuais e coletivos da popula\u00e7\u00e3o de Manaus na \u00e1rea do es- porte e lazer. No \u00e2mbito da execu\u00e7\u00e3o de pol\u00edticas p\u00fablicas, tem como premissa b\u00e1sica o desenvolvimento do esporte de base, assim como o trabalho de inclus\u00e3o social. Atualmente a FME trabalha desenvolvendo o programa de atividades f\u00edsicas em seus 18 N\u00facleos de Esporte e Lazer (NEL&#8217;s).<\/p>\n\n\n\n<h2 class=\"wp-block-heading\">Criada pela Lei No 2.901, de 09 de junho de 2022, a FME tem por objetivo as seguintes finalidades:<\/h2>\n\n\n\n<p>I &#8211; elaborar estudos, planejar, coordenar e supervisionar a\u00e7\u00f5es e projetos desportivos do Munic\u00edpio;<br>II &#8211; coordenar a elabora\u00e7\u00e3o do Plano Municipal do Desporto;<br>III &#8211; promover atividades de forma\u00e7\u00e3o e melhoria do n\u00edvel t\u00e9cnico das representa\u00e7\u00f5es do Munic\u00edpio;<br>IV &#8211; implementar mecanismos de participa\u00e7\u00e3o social na formula\u00e7\u00e3o e execu\u00e7\u00e3o das pol\u00edticas desportivas de Manaus, envolvendo as comunidades, demais esferas governamentais, entidades privadas e representa\u00e7\u00f5es da sociedade civil, de forma a alcan\u00e7ar, na sua plenitude, os termos desta Lei;<br>V &#8211; apoiar as atividades ligadas \u00e0 educa\u00e7\u00e3o e ao desporto municipal, em conson\u00e2ncia com os programas do Executivo que regem a mat\u00e9ria;<br>VI &#8211; celebrar conv\u00eanios, contratos, acordos e termos de compromisso ou protocolos com pessoas f\u00edsicas e entidades p\u00fablicas ou privadas, inclusive estrangeiras, para a consecu\u00e7\u00e3o de seus objetivos, respeitada a legisla\u00e7\u00e3o pertinente;<br>VII &#8211; elaborar projetos para fins de capta\u00e7\u00e3o de recursos nas esferas p\u00fablicas e privadas;<br>VIII &#8211; promover a capacita\u00e7\u00e3o continuada dos recursos humanos vinculados ao esporte;<br>IX &#8211; zelar pela efici\u00eancia, transpar\u00eancia, integridade e cumprimento da legisla\u00e7\u00e3o desportiva;<br>X &#8211; analisar, projetar e executar, com recursos pr\u00f3prios ou transferidos, diretamente ou mediante conv\u00eanios, a manuten\u00e7\u00e3o, a constru\u00e7\u00e3o, a amplia\u00e7\u00e3o e\/ou a readequa\u00e7\u00e3o de edifica\u00e7\u00f5es e instala\u00e7\u00f5es destinadas aos servi\u00e7os p\u00fablicos municipais de esporte; e<br>XI &#8211; prestar informa\u00e7\u00f5es requisitadas pelos \u00f3rg\u00e3os de controle interno e externo nos assuntos de compet\u00eancia da Funda\u00e7\u00e3o, subsidiadas pelos \u00f3rg\u00e3os t\u00e9cnicos.\u00a0<\/p>\n\n\n\n<p>A Prefeitura de Manaus, atrav\u00e9s da FUNDA\u00c7\u00c3O MANAUS ESPORTE, baseada no artigos 6\u00b0 e 217 da Constitui\u00e7\u00e3o Federal que preconizam os direitos de cada cidad\u00e3o ao esporte e lazer e \u00e0s pr\u00e1ticas esportivas formais, incentivando o lazer como forma de promo\u00e7\u00e3o social&#8221; desenvolve pro- gramas, projetos e a\u00e7\u00f5es com o intuito de estimular o surgimento e o aperfei\u00e7oamento de outros aspectos do desenvolvimento humano, com o cognitivo, afetivo e social, pois, \u00e9 por meio do jogo, do l\u00fadico e da intera\u00e7\u00e3o com a sociedade, que crian\u00e7as, adolescentes, adultos e idosos come\u00e7ar\u00e3o a aprender e a refletir acerca do seu lugar na sociedade, todas essas experi\u00eancias adquiridas, s\u00e3o fundamentais na constru\u00e7\u00e3o dos valores essenciais para a forma\u00e7\u00e3o humana global.&nbsp;<\/p>\n\n\n\n<h2 class=\"wp-block-heading\">P\u00fablico atendido e atividades oferecidas pela Funda\u00e7\u00e3o Manaus Esporte\u00a0<\/h2>\n\n\n\n<h3 class=\"wp-block-heading\">05 &#8211; 17 anos<\/h3>\n\n\n\n<p>&#8211; Futebol se Campo<br>&#8211; T\u00eanis de Quadra\u00a0<br>&#8211; Futsal<br>&#8211; Badminton<br>&#8211; Nata\u00e7\u00e3o<br>&#8211; Karat\u00ea<br>&#8211; Voleibol<br>&#8211; Jiu-Jitsu<br>&#8211; Basquetebol<br>&#8211; Gin\u00e1stica Art\u00edstica<br>&#8211; Basquete 3&#215;3<br>&#8211; T\u00eanis de Mesa<br>&#8211; Handebol<\/p>\n\n\n\n<h3 class=\"wp-block-heading\">18 &#8211; 49 anos\u00a0<\/h3>\n\n\n\n<p>&#8211; Hidrogin\u00e1stica<br>&#8211; Dan\u00e7a (Ritmos)<br>&#8211; Gin\u00e1stica Geral e Funcional<br>&#8211; Caminhada\u00a0<\/p>\n\n\n\n<h3 class=\"wp-block-heading\">Acima dos 50 anos\u00a0<\/h3>\n\n\n\n<p>&#8211; Hidrogin\u00e1stica<br>&#8211; Nata\u00e7\u00e3o<br>&#8211; Gerontovoleibol<br>&#8211; Jogo da Mem\u00f3ria<br>&#8211; Gerontoatletismo<br>&#8211; Bocha<br>&#8211; Malha<br>&#8211; Domin\u00f3<br>&#8211; Jogos de Sal\u00e3o (boliche, taco no disco, lance livre na cesta, jogo de argolas, lan\u00e7amento ao alvo)\u00a0<\/p>\n\n\n\n<h3 class=\"wp-block-heading\">Pessoas com Defici\u00eancia &#8211; a partir de 04 anos\u00a0<\/h3>\n\n\n\n<p>&#8211; Nata\u00e7\u00e3o<br>&#8211; Circuito Motor<br>&#8211; Voleibol Sentado a partir de 12 anos<br>&#8211; Para badminton a partir de 12 anos.\u00a0<\/p>\n\n\n\n<h3 class=\"wp-block-heading\">Atividade f\u00edsica traz benef\u00edcios em qualquer idade\u00a0<\/h3>\n\n\n\n<p>&#8211; Diminui a press\u00e3o arterial<br>&#8211; Preven\u00e7\u00e3o e diminui\u00e7\u00e3o de problemas cardiovasculares = Controla o peso corporal<br>&#8211; Diminua depress\u00e3o e estresse<br>&#8211; Melhora a for\u00e7a e a resist\u00eancia muscular, fortalece ossos e articula\u00e7\u00f5es \u2022 Melhora a postura e diminui a dor<br>&#8211; Melhora o desempenho cognitivo em todas as idades<br>&#8211; Promove o fortalecimento do Sistema Imunol\u00f3gico<\/p>\n\n\n\n<h3 class=\"wp-block-heading\">Frequ\u00eancia adequada para a pr\u00e1tica de atividade f\u00edsica\u00a0<\/h3>\n\n\n\n<p>A frequ\u00eancia e a intensidade de exerc\u00edcios adequados variam, basicamente de acordo com a idade de cada pessoa. Felizmente, a OMS j\u00e1 realizou essa divis\u00e3o, classificando da seguinte maneira: de 5 a 17 anos de idade.&nbsp;<\/p>\n\n\n\n<p>O ideal indicado pela OMS \u00e9 acima de 60 minutos semanais de atividade aer\u00f3bica, de intensidade moderada \u00e0 intensa: de 18 a 64 anos de idade.<\/p>\n\n\n\n<p>\u00c9 adequado manter por semana 150 minutos de exerc\u00edcios aer\u00f3bicos moderados e 75 minutos de exerc\u00edcios vigorosos; acima dos 64 anos.\u00a0<\/p>\n\n\n\n<p>Aqui, tamb\u00e9m \u00e9 recomendado manter 150 minutos de exerc\u00edcios aer\u00f3bicos moderados e 75 minutos de exerc\u00edcios vigorosos, ambos distribu\u00eddos durante a semana.&nbsp;<\/p>\n\n\n\n<h2 class=\"wp-block-heading\">Hist\u00f3ria\u00a0<\/h2>\n\n\n\n<p>A Funda\u00e7\u00e3o Manaus Esporte anteriormente teve outras denomina\u00e7\u00f5es e diretrizes: Secretaria Municipal de Desporto e Lazer (Semdej), Secretaria Municipal de Esporte e Lazer (Semesp), e por \u00faltimo, Subsecretaria de Esporte e Lazer. At\u00e9 se tornar funda\u00e7\u00e3o em junho de 2022.&nbsp;<\/p>\n\n\n\n<p>A primeira sede do \u00f3rg\u00e3o funcionava em um im\u00f3vel na rua Jo\u00e3o Val\u00e9rio, conjunto Vieiralves, bairro Nossa Senhora das Gra\u00e7as. Em janeiro de 1997, a secretaria foi transferida para o Centro Social Urbano (CSU) do bairro Parque Dez de Novembro. Em 2001, fixou-se no bairro Coroado (Alameda Cosme Ferreira, no 871), tendo permanecido nessa localidade at\u00e9 o primeiro semestre de 2014. No segundo semestre de 2014, iniciou suas atividades no bairro Centro. At\u00e9 retornar em 2021 para a Mini Vila Ol\u00edmpica do Coroado, onde funciona nos dias atuais.<\/p>\n\n\n\n<p>Com o crescimento da secretaria tamb\u00e9m foram criados diversos centros esportivos, chamados de Centros de Capacita\u00e7\u00e3o de Atletas (CCAs), hoje denominados de N\u00facleos de Esporte e Lazer NELs). S\u00e3o 18 NELs localizados em pontos estrat\u00e9gicos na cidade, oferecendo \u00e0 comunidade es- portes como a nata\u00e7\u00e3o, futebol de campo, sal\u00e3o, basquete e gin\u00e1stica, enfatizando projetos como o \u201cViver Bem na Terceira Idade\u201d, \u201cEscola de Artistas\u201d (bal\u00e9 e dan\u00e7a) e \u201cViva as diferen\u00e7as\u201d (Atividades F\u00edsicas para Pessoas Com Defici\u00eancia).\u00a0<\/p>\n","protected":false},"excerpt":{"rendered":"","protected":false},"author":27,"featured_media":0,"parent":226,"menu_order":0,"comment_status":"closed","ping_status":"closed","template":"templates\/turismo.php","meta":{"footnotes":""},"acf":[],"yoast_head":"<!-- This site is optimized with the Yoast SEO plugin v23.0 - https:\/\/yoast.com\/wordpress\/plugins\/seo\/ -->\n<title>Sobre - SEMJEL<\/title>\n<meta name=\"robots\" content=\"noindex, follow\" \/>\n<meta property=\"og:locale\" content=\"pt_BR\" \/>\n<meta property=\"og:type\" content=\"article\" \/>\n<meta property=\"og:title\" content=\"Sobre - SEMJEL\" \/>\n<meta property=\"og:url\" content=\"https:\/\/www.manaus.am.gov.br\/semjel\/manaus-esporte\/sobre\/\" \/>\n<meta property=\"og:site_name\" content=\"SEMJEL\" \/>\n<meta property=\"article:modified_time\" content=\"2023-06-22T18:15:18+00:00\" \/>\n<meta name=\"twitter:card\" content=\"summary_large_image\" \/>\n<meta name=\"twitter:label1\" content=\"Est. reading time\" \/>\n\t<meta name=\"twitter:data1\" content=\"6 minutos\" \/>\n<script type=\"application\/ld+json\" class=\"yoast-schema-graph\">{\"@context\":\"https:\/\/schema.org\",\"@graph\":[{\"@type\":\"WebPage\",\"@id\":\"https:\/\/www.manaus.am.gov.br\/semjel\/manaus-esporte\/sobre\/\",\"url\":\"https:\/\/www.manaus.am.gov.br\/semjel\/manaus-esporte\/sobre\/\",\"name\":\"Sobre - SEMJEL\",\"isPartOf\":{\"@id\":\"https:\/\/www.manaus.am.gov.br\/semjel\/#website\"},\"datePublished\":\"2023-05-30T01:39:42+00:00\",\"dateModified\":\"2023-06-22T18:15:18+00:00\",\"breadcrumb\":{\"@id\":\"https:\/\/www.manaus.am.gov.br\/semjel\/manaus-esporte\/sobre\/#breadcrumb\"},\"inLanguage\":\"pt-BR\",\"potentialAction\":[{\"@type\":\"ReadAction\",\"target\":[\"https:\/\/www.manaus.am.gov.br\/semjel\/manaus-esporte\/sobre\/\"]}]},{\"@type\":\"BreadcrumbList\",\"@id\":\"https:\/\/www.manaus.am.gov.br\/semjel\/manaus-esporte\/sobre\/#breadcrumb\",\"itemListElement\":[{\"@type\":\"ListItem\",\"position\":1,\"name\":\"Home\",\"item\":\"https:\/\/www.manaus.am.gov.br\/semjel\/\"},{\"@type\":\"ListItem\",\"position\":2,\"name\":\"Manaus Esporte\",\"item\":\"https:\/\/www.manaus.am.gov.br\/semjel\/manaus-esporte\/\"},{\"@type\":\"ListItem\",\"position\":3,\"name\":\"Sobre\"}]},{\"@type\":\"WebSite\",\"@id\":\"https:\/\/www.manaus.am.gov.br\/semjel\/#website\",\"url\":\"https:\/\/www.manaus.am.gov.br\/semjel\/\",\"name\":\"SEMJEL\",\"description\":\"Secretaria Municipal de Juventude, Esporte e Lazer\",\"potentialAction\":[{\"@type\":\"SearchAction\",\"target\":{\"@type\":\"EntryPoint\",\"urlTemplate\":\"https:\/\/www.manaus.am.gov.br\/semjel\/?s={search_term_string}\"},\"query-input\":\"required name=search_term_string\"}],\"inLanguage\":\"pt-BR\"}]}<\/script>\n<!-- \/ Yoast SEO plugin. -->","yoast_head_json":{"title":"Sobre - SEMJEL","robots":{"index":"noindex","follow":"follow"},"og_locale":"pt_BR","og_type":"article","og_title":"Sobre - SEMJEL","og_url":"https:\/\/www.manaus.am.gov.br\/semjel\/manaus-esporte\/sobre\/","og_site_name":"SEMJEL","article_modified_time":"2023-06-22T18:15:18+00:00","twitter_card":"summary_large_image","twitter_misc":{"Est. reading time":"6 minutos"},"schema":{"@context":"https:\/\/schema.org","@graph":[{"@type":"WebPage","@id":"https:\/\/www.manaus.am.gov.br\/semjel\/manaus-esporte\/sobre\/","url":"https:\/\/www.manaus.am.gov.br\/semjel\/manaus-esporte\/sobre\/","name":"Sobre - SEMJEL","isPartOf":{"@id":"https:\/\/www.manaus.am.gov.br\/semjel\/#website"},"datePublished":"2023-05-30T01:39:42+00:00","dateModified":"2023-06-22T18:15:18+00:00","breadcrumb":{"@id":"https:\/\/www.manaus.am.gov.br\/semjel\/manaus-esporte\/sobre\/#breadcrumb"},"inLanguage":"pt-BR","potentialAction":[{"@type":"ReadAction","target":["https:\/\/www.manaus.am.gov.br\/semjel\/manaus-esporte\/sobre\/"]}]},{"@type":"BreadcrumbList","@id":"https:\/\/www.manaus.am.gov.br\/semjel\/manaus-esporte\/sobre\/#breadcrumb","itemListElement":[{"@type":"ListItem","position":1,"name":"Home","item":"https:\/\/www.manaus.am.gov.br\/semjel\/"},{"@type":"ListItem","position":2,"name":"Manaus Esporte","item":"https:\/\/www.manaus.am.gov.br\/semjel\/manaus-esporte\/"},{"@type":"ListItem","position":3,"name":"Sobre"}]},{"@type":"WebSite","@id":"https:\/\/www.manaus.am.gov.br\/semjel\/#website","url":"https:\/\/www.manaus.am.gov.br\/semjel\/","name":"SEMJEL","description":"Secretaria Municipal de Juventude, Esporte e Lazer","potentialAction":[{"@type":"SearchAction","target":{"@type":"EntryPoint","urlTemplate":"https:\/\/www.manaus.am.gov.br\/semjel\/?s={search_term_string}"},"query-input":"required name=search_term_string"}],"inLanguage":"pt-BR"}]}},"_links":{"self":[{"href":"https:\/\/www.manaus.am.gov.br\/semjel\/wp-json\/wp\/v2\/pages\/228"}],"collection":[{"href":"https:\/\/www.manaus.am.gov.br\/semjel\/wp-json\/wp\/v2\/pages"}],"about":[{"href":"https:\/\/www.manaus.am.gov.br\/semjel\/wp-json\/wp\/v2\/types\/page"}],"author":[{"embeddable":true,"href":"https:\/\/www.manaus.am.gov.br\/semjel\/wp-json\/wp\/v2\/users\/27"}],"replies":[{"embeddable":true,"href":"https:\/\/www.manaus.am.gov.br\/semjel\/wp-json\/wp\/v2\/comments?post=228"}],"version-history":[{"count":4,"href":"https:\/\/www.manaus.am.gov.br\/semjel\/wp-json\/wp\/v2\/pages\/228\/revisions"}],"predecessor-version":[{"id":347,"href":"https:\/\/www.manaus.am.gov.br\/semjel\/wp-json\/wp\/v2\/pages\/228\/revisions\/347"}],"up":[{"embeddable":true,"href":"https:\/\/www.manaus.am.gov.br\/semjel\/wp-json\/wp\/v2\/pages\/226"}],"wp:attachment":[{"href":"https:\/\/www.manaus.am.gov.br\/semjel\/wp-json\/wp\/v2\/media?parent=228"}],"curies":[{"name":"wp","href":"https:\/\/api.w.org\/{rel}","templated":true}]}}