{"id":586,"date":"2024-01-16T22:19:12","date_gmt":"2024-01-17T02:19:12","guid":{"rendered":"https:\/\/www.manaus.am.gov.br\/semhaf\/?page_id=586"},"modified":"2024-06-26T10:30:40","modified_gmt":"2024-06-26T14:30:40","slug":"editais","status":"publish","type":"page","link":"https:\/\/www.manaus.am.gov.br\/semhaf\/editais\/","title":{"rendered":"Editais"},"content":{"rendered":"\n<h2 class=\"wp-block-heading\">2024<\/h2>\n\n\n\n<p><a href=\"https:\/\/www.manaus.am.gov.br\/semhaf\/wp-content\/uploads\/sites\/28\/2024\/05\/DOM-5831-22.05.2024_ERRATA-DO-EDITAL-DE-CHAMAMENTO-No-002-2024.pdf\">ERRATA DO EDITAL DE CHAMAMENTO P\u00daBLICO N\u00ba 002\/2024<\/a><br><a href=\"https:\/\/www.manaus.am.gov.br\/semhaf\/wp-content\/uploads\/sites\/28\/2024\/01\/EDITAL-DE-CHAMAMENTO-PUBLICO-No-001-2024.pdf\" target=\"_blank\" rel=\"noreferrer noopener\">Chamamento P\u00fablico para credenciamento de empresas<\/a><\/p>\n\n\n\n<div class=\"wp-block-file\"><a id=\"wp-block-file--media-77f25129-7b7b-4f1c-bcad-47d2be6d6214\" href=\"https:\/\/www.manaus.am.gov.br\/semhaf\/wp-content\/uploads\/sites\/28\/2024\/03\/PARECER_JULGAMENTO_RECURSO_SEMHAF_-_COM_ASSINATURA_assinado.pdf\">PARECER_JULGAMENTO_RECURSO_SEMHAF<\/a><\/div>\n\n\n\n<div class=\"wp-block-file\"><a id=\"wp-block-file--media-d8aed404-154a-4958-bf20-b8611eab1976\" href=\"https:\/\/www.manaus.am.gov.br\/semhaf\/wp-content\/uploads\/sites\/28\/2024\/03\/COMUNICADO_PRAZO_CONTRARRAZOES_assinado.pdf\">COMUNICADO_PRAZO_CONTRARRAZOES<\/a><\/div>\n\n\n\n<div class=\"wp-block-file\"><a id=\"wp-block-file--media-bc434fbc-2576-48d2-9b91-d3590acb22cb\" href=\"https:\/\/www.manaus.am.gov.br\/semhaf\/wp-content\/uploads\/sites\/28\/2024\/06\/Ata-de-julgamento-Chamamento-0022024-DOM-5853-25.06.2024.pdf\">Ata de julgamento Chamamento 0022024 DOM 5853 25.06.2024<\/a><\/div>\n\n\n\n<h2 class=\"wp-block-heading\">Recursos<\/h2>\n\n\n\n<ul>\n<li>Recurso Newenn<\/li>\n<\/ul>\n\n\n\n<div class=\"wp-block-file\"><a id=\"wp-block-file--media-d6353053-d719-4fc2-896b-f8c2bd10233d\" href=\"https:\/\/www.manaus.am.gov.br\/semhaf\/wp-content\/uploads\/sites\/28\/2024\/03\/Doc.-01-Recurso-Administrativo-Newen-28.02.2024_assinado.pdf\">Doc. 01 &#8211; Recurso Administrativo Newen &#8211; 28.02.2024_assinado<\/a><\/div>\n\n\n\n<div class=\"wp-block-file\"><a id=\"wp-block-file--media-ab8b2f48-721b-4360-be20-7d6827dff50a\" href=\"https:\/\/www.manaus.am.gov.br\/semhaf\/wp-content\/uploads\/sites\/28\/2024\/03\/3-2a-Alteracao-ContratualSaida-Albertina-3-Junho-2022.pdf\">3- 2\u00aa Altera\u00e7\u00e3o Contratual(Sa\u00edda Albertina) &#8211; 3 Junho 2022<\/a><\/div>\n\n\n\n<div class=\"wp-block-file\"><a id=\"wp-block-file--media-bdf3c6e8-9e2a-49f0-9242-05ace3b727bf\" href=\"https:\/\/www.manaus.am.gov.br\/semhaf\/wp-content\/uploads\/sites\/28\/2024\/03\/CNH-Digital-GERALDO.pdf\">CNH Digital (GERALDO)<\/a><\/div>\n\n\n\n<ul>\n<li>Recurso Elite Engenharia<\/li>\n<\/ul>\n\n\n\n<div class=\"wp-block-file\"><a id=\"wp-block-file--media-2b369a31-2460-4579-ac15-1c8a1e5bdf3d\" href=\"https:\/\/www.manaus.am.gov.br\/semhaf\/wp-content\/uploads\/sites\/28\/2024\/03\/Recurso-ass.pdf\">Recurso ass<\/a><\/div>\n\n\n\n<div class=\"wp-block-file\"><a id=\"wp-block-file--media-58e5cada-1b9a-4321-88d5-e680cc555df3\" href=\"https:\/\/www.manaus.am.gov.br\/semhaf\/wp-content\/uploads\/sites\/28\/2024\/03\/Recurso-ass-VALIDADOR.pdf\">Recurso ass &#8211; VALIDADOR<\/a><\/div>\n\n\n\n<div class=\"wp-block-file\"><a id=\"wp-block-file--media-68d16d46-734f-4d02-a0b4-e350006ba263\" href=\"https:\/\/www.manaus.am.gov.br\/semhaf\/wp-content\/uploads\/sites\/28\/2024\/03\/visualizar-arquivo-1.pdf\">visualizar-arquivo (1)<\/a><\/div>\n\n\n\n<div class=\"wp-block-file\"><a id=\"wp-block-file--media-7e406ce5-5ffc-4e05-9a92-31415f045a85\" href=\"https:\/\/www.manaus.am.gov.br\/semhaf\/wp-content\/uploads\/sites\/28\/2024\/03\/p-202201873194-25-pdfdecisaoministra-230315-2338371_160320232411_compressed.pdf\">p-202201873194-25-pdfdecisaoministra-230315-2338371_160320232411_compressed<\/a><\/div>\n\n\n\n<div class=\"wp-block-file\"><a id=\"wp-block-file--media-c80b7089-8903-4481-a371-7d4b6139e95e\" href=\"https:\/\/www.manaus.am.gov.br\/semhaf\/wp-content\/uploads\/sites\/28\/2024\/03\/ATA-DE-JULGAMENTO-DOS-DOCUMENTOS-DE-HABILITACAO-1.pdf\">ATA DE JULGAMENTO DOS DOCUMENTOS DE HABILITA\u00c7\u00c3O (1)<\/a><\/div>\n","protected":false},"excerpt":{"rendered":"","protected":false},"author":8,"featured_media":0,"parent":0,"menu_order":0,"comment_status":"closed","ping_status":"closed","template":"templates\/turismo.php","meta":{"footnotes":""},"acf":[],"yoast_head":"<!-- This site is optimized with the Yoast SEO plugin v23.0 - https:\/\/yoast.com\/wordpress\/plugins\/seo\/ -->\n<title>Editais - SEMHAF<\/title>\n<meta name=\"robots\" content=\"noindex, follow\" \/>\n<meta property=\"og:locale\" content=\"pt_BR\" \/>\n<meta property=\"og:type\" content=\"article\" \/>\n<meta property=\"og:title\" content=\"Editais - SEMHAF\" \/>\n<meta property=\"og:url\" content=\"https:\/\/www.manaus.am.gov.br\/semhaf\/editais\/\" \/>\n<meta property=\"og:site_name\" content=\"SEMHAF\" \/>\n<meta property=\"article:modified_time\" content=\"2024-06-26T14:30:40+00:00\" \/>\n<meta property=\"og:image\" content=\"https:\/\/www.manaus.am.gov.br\/semhaf\/wp-content\/uploads\/sites\/28\/2024\/07\/thumb-default-2.png\" \/>\n\t<meta property=\"og:image:width\" content=\"966\" \/>\n\t<meta property=\"og:image:height\" content=\"520\" \/>\n\t<meta property=\"og:image:type\" content=\"image\/png\" \/>\n<meta name=\"twitter:card\" content=\"summary_large_image\" \/>\n<meta name=\"twitter:label1\" content=\"Est. reading time\" \/>\n\t<meta name=\"twitter:data1\" content=\"1 minuto\" \/>\n<script type=\"application\/ld+json\" class=\"yoast-schema-graph\">{\"@context\":\"https:\/\/schema.org\",\"@graph\":[{\"@type\":\"WebPage\",\"@id\":\"https:\/\/www.manaus.am.gov.br\/semhaf\/editais\/\",\"url\":\"https:\/\/www.manaus.am.gov.br\/semhaf\/editais\/\",\"name\":\"Editais - SEMHAF\",\"isPartOf\":{\"@id\":\"https:\/\/www.manaus.am.gov.br\/semhaf\/#website\"},\"datePublished\":\"2024-01-17T02:19:12+00:00\",\"dateModified\":\"2024-06-26T14:30:40+00:00\",\"breadcrumb\":{\"@id\":\"https:\/\/www.manaus.am.gov.br\/semhaf\/editais\/#breadcrumb\"},\"inLanguage\":\"pt-BR\",\"potentialAction\":[{\"@type\":\"ReadAction\",\"target\":[\"https:\/\/www.manaus.am.gov.br\/semhaf\/editais\/\"]}]},{\"@type\":\"BreadcrumbList\",\"@id\":\"https:\/\/www.manaus.am.gov.br\/semhaf\/editais\/#breadcrumb\",\"itemListElement\":[{\"@type\":\"ListItem\",\"position\":1,\"name\":\"Home\",\"item\":\"https:\/\/www.manaus.am.gov.br\/semhaf\/\"},{\"@type\":\"ListItem\",\"position\":2,\"name\":\"Editais\"}]},{\"@type\":\"WebSite\",\"@id\":\"https:\/\/www.manaus.am.gov.br\/semhaf\/#website\",\"url\":\"https:\/\/www.manaus.am.gov.br\/semhaf\/\",\"name\":\"SENHAF\",\"description\":\"SENHAF\",\"publisher\":{\"@id\":\"https:\/\/www.manaus.am.gov.br\/semhaf\/#organization\"},\"alternateName\":\"Secretaria Municipal de Habita\u00e7\u00e3o e Assuntos Fundi\u00e1rios\",\"potentialAction\":[{\"@type\":\"SearchAction\",\"target\":{\"@type\":\"EntryPoint\",\"urlTemplate\":\"https:\/\/www.manaus.am.gov.br\/semhaf\/?s={search_term_string}\"},\"query-input\":\"required name=search_term_string\"}],\"inLanguage\":\"pt-BR\"},{\"@type\":\"Organization\",\"@id\":\"https:\/\/www.manaus.am.gov.br\/semhaf\/#organization\",\"name\":\"Prefeitura de Manaus\",\"alternateName\":\"Prefeitura Municipal de Manaus\",\"url\":\"https:\/\/www.manaus.am.gov.br\/semhaf\/\",\"logo\":{\"@type\":\"ImageObject\",\"inLanguage\":\"pt-BR\",\"@id\":\"https:\/\/www.manaus.am.gov.br\/semhaf\/#\/schema\/logo\/image\/\",\"url\":\"https:\/\/www.manaus.am.gov.br\/semhaf\/wp-content\/uploads\/sites\/28\/2023\/11\/cropped-favicon.png\",\"contentUrl\":\"https:\/\/www.manaus.am.gov.br\/semhaf\/wp-content\/uploads\/sites\/28\/2023\/11\/cropped-favicon.png\",\"width\":512,\"height\":512,\"caption\":\"Prefeitura de Manaus\"},\"image\":{\"@id\":\"https:\/\/www.manaus.am.gov.br\/semhaf\/#\/schema\/logo\/image\/\"}}]}<\/script>\n<!-- \/ Yoast SEO plugin. -->","yoast_head_json":{"title":"Editais - SEMHAF","robots":{"index":"noindex","follow":"follow"},"og_locale":"pt_BR","og_type":"article","og_title":"Editais - SEMHAF","og_url":"https:\/\/www.manaus.am.gov.br\/semhaf\/editais\/","og_site_name":"SEMHAF","article_modified_time":"2024-06-26T14:30:40+00:00","og_image":[{"width":966,"height":520,"url":"https:\/\/www.manaus.am.gov.br\/semhaf\/wp-content\/uploads\/sites\/28\/2024\/07\/thumb-default-2.png","type":"image\/png"}],"twitter_card":"summary_large_image","twitter_misc":{"Est. reading time":"1 minuto"},"schema":{"@context":"https:\/\/schema.org","@graph":[{"@type":"WebPage","@id":"https:\/\/www.manaus.am.gov.br\/semhaf\/editais\/","url":"https:\/\/www.manaus.am.gov.br\/semhaf\/editais\/","name":"Editais - SEMHAF","isPartOf":{"@id":"https:\/\/www.manaus.am.gov.br\/semhaf\/#website"},"datePublished":"2024-01-17T02:19:12+00:00","dateModified":"2024-06-26T14:30:40+00:00","breadcrumb":{"@id":"https:\/\/www.manaus.am.gov.br\/semhaf\/editais\/#breadcrumb"},"inLanguage":"pt-BR","potentialAction":[{"@type":"ReadAction","target":["https:\/\/www.manaus.am.gov.br\/semhaf\/editais\/"]}]},{"@type":"BreadcrumbList","@id":"https:\/\/www.manaus.am.gov.br\/semhaf\/editais\/#breadcrumb","itemListElement":[{"@type":"ListItem","position":1,"name":"Home","item":"https:\/\/www.manaus.am.gov.br\/semhaf\/"},{"@type":"ListItem","position":2,"name":"Editais"}]},{"@type":"WebSite","@id":"https:\/\/www.manaus.am.gov.br\/semhaf\/#website","url":"https:\/\/www.manaus.am.gov.br\/semhaf\/","name":"SENHAF","description":"SENHAF","publisher":{"@id":"https:\/\/www.manaus.am.gov.br\/semhaf\/#organization"},"alternateName":"Secretaria Municipal de Habita\u00e7\u00e3o e Assuntos Fundi\u00e1rios","potentialAction":[{"@type":"SearchAction","target":{"@type":"EntryPoint","urlTemplate":"https:\/\/www.manaus.am.gov.br\/semhaf\/?s={search_term_string}"},"query-input":"required name=search_term_string"}],"inLanguage":"pt-BR"},{"@type":"Organization","@id":"https:\/\/www.manaus.am.gov.br\/semhaf\/#organization","name":"Prefeitura de Manaus","alternateName":"Prefeitura Municipal de Manaus","url":"https:\/\/www.manaus.am.gov.br\/semhaf\/","logo":{"@type":"ImageObject","inLanguage":"pt-BR","@id":"https:\/\/www.manaus.am.gov.br\/semhaf\/#\/schema\/logo\/image\/","url":"https:\/\/www.manaus.am.gov.br\/semhaf\/wp-content\/uploads\/sites\/28\/2023\/11\/cropped-favicon.png","contentUrl":"https:\/\/www.manaus.am.gov.br\/semhaf\/wp-content\/uploads\/sites\/28\/2023\/11\/cropped-favicon.png","width":512,"height":512,"caption":"Prefeitura de Manaus"},"image":{"@id":"https:\/\/www.manaus.am.gov.br\/semhaf\/#\/schema\/logo\/image\/"}}]}},"_links":{"self":[{"href":"https:\/\/www.manaus.am.gov.br\/semhaf\/wp-json\/wp\/v2\/pages\/586"}],"collection":[{"href":"https:\/\/www.manaus.am.gov.br\/semhaf\/wp-json\/wp\/v2\/pages"}],"about":[{"href":"https:\/\/www.manaus.am.gov.br\/semhaf\/wp-json\/wp\/v2\/types\/page"}],"author":[{"embeddable":true,"href":"https:\/\/www.manaus.am.gov.br\/semhaf\/wp-json\/wp\/v2\/users\/8"}],"replies":[{"embeddable":true,"href":"https:\/\/www.manaus.am.gov.br\/semhaf\/wp-json\/wp\/v2\/comments?post=586"}],"version-history":[{"count":8,"href":"https:\/\/www.manaus.am.gov.br\/semhaf\/wp-json\/wp\/v2\/pages\/586\/revisions"}],"predecessor-version":[{"id":768,"href":"https:\/\/www.manaus.am.gov.br\/semhaf\/wp-json\/wp\/v2\/pages\/586\/revisions\/768"}],"wp:attachment":[{"href":"https:\/\/www.manaus.am.gov.br\/semhaf\/wp-json\/wp\/v2\/media?parent=586"}],"curies":[{"name":"wp","href":"https:\/\/api.w.org\/{rel}","templated":true}]}}

<h2 class="wp-block-heading">2024</h2>



<p><a href="https://www.manaus.am.gov.br/semhaf/wp-content/uploads/sites/28/2024/05/DOM-5831-22.05.2024_ERRATA-DO-EDITAL-DE-CHAMAMENTO-No-002-2024.pdf">ERRATA DO EDITAL DE CHAMAMENTO PÚBLICO Nº 002/2024</a><br><a href="https://www.manaus.am.gov.br/semhaf/wp-content/uploads/sites/28/2024/01/EDITAL-DE-CHAMAMENTO-PUBLICO-No-001-2024.pdf" target="_blank" rel="noreferrer noopener">Chamamento Público para credenciamento de empresas</a></p>



<div class="wp-block-file"><a id="wp-block-file--media-77f25129-7b7b-4f1c-bcad-47d2be6d6214" href="https://www.manaus.am.gov.br/semhaf/wp-content/uploads/sites/28/2024/03/PARECER_JULGAMENTO_RECURSO_SEMHAF_-_COM_ASSINATURA_assinado.pdf">PARECER_JULGAMENTO_RECURSO_SEMHAF</a></div>



<div class="wp-block-file"><a id="wp-block-file--media-d8aed404-154a-4958-bf20-b8611eab1976" href="https://www.manaus.am.gov.br/semhaf/wp-content/uploads/sites/28/2024/03/COMUNICADO_PRAZO_CONTRARRAZOES_assinado.pdf">COMUNICADO_PRAZO_CONTRARRAZOES</a></div>



<div class="wp-block-file"><a id="wp-block-file--media-bc434fbc-2576-48d2-9b91-d3590acb22cb" href="https://www.manaus.am.gov.br/semhaf/wp-content/uploads/sites/28/2024/06/Ata-de-julgamento-Chamamento-0022024-DOM-5853-25.06.2024.pdf">Ata de julgamento Chamamento 0022024 DOM 5853 25.06.2024</a></div>



<h2 class="wp-block-heading">Recursos</h2>



<ul>
<li>Recurso Newenn</li>
</ul>



<div class="wp-block-file"><a id="wp-block-file--media-d6353053-d719-4fc2-896b-f8c2bd10233d" href="https://www.manaus.am.gov.br/semhaf/wp-content/uploads/sites/28/2024/03/Doc.-01-Recurso-Administrativo-Newen-28.02.2024_assinado.pdf">Doc. 01 &#8211; Recurso Administrativo Newen &#8211; 28.02.2024_assinado</a></div>



<div class="wp-block-file"><a id="wp-block-file--media-ab8b2f48-721b-4360-be20-7d6827dff50a" href="https://www.manaus.am.gov.br/semhaf/wp-content/uploads/sites/28/2024/03/3-2a-Alteracao-ContratualSaida-Albertina-3-Junho-2022.pdf">3- 2ª Alteração Contratual(Saída Albertina) &#8211; 3 Junho 2022</a></div>



<div class="wp-block-file"><a id="wp-block-file--media-bdf3c6e8-9e2a-49f0-9242-05ace3b727bf" href="https://www.manaus.am.gov.br/semhaf/wp-content/uploads/sites/28/2024/03/CNH-Digital-GERALDO.pdf">CNH Digital (GERALDO)</a></div>



<ul>
<li>Recurso Elite Engenharia</li>
</ul>



<div class="wp-block-file"><a id="wp-block-file--media-2b369a31-2460-4579-ac15-1c8a1e5bdf3d" href="https://www.manaus.am.gov.br/semhaf/wp-content/uploads/sites/28/2024/03/Recurso-ass.pdf">Recurso ass</a></div>



<div class="wp-block-file"><a id="wp-block-file--media-58e5cada-1b9a-4321-88d5-e680cc555df3" href="https://www.manaus.am.gov.br/semhaf/wp-content/uploads/sites/28/2024/03/Recurso-ass-VALIDADOR.pdf">Recurso ass &#8211; VALIDADOR</a></div>



<div class="wp-block-file"><a id="wp-block-file--media-68d16d46-734f-4d02-a0b4-e350006ba263" href="https://www.manaus.am.gov.br/semhaf/wp-content/uploads/sites/28/2024/03/visualizar-arquivo-1.pdf">visualizar-arquivo (1)</a></div>



<div class="wp-block-file"><a id="wp-block-file--media-7e406ce5-5ffc-4e05-9a92-31415f045a85" href="https://www.manaus.am.gov.br/semhaf/wp-content/uploads/sites/28/2024/03/p-202201873194-25-pdfdecisaoministra-230315-2338371_160320232411_compressed.pdf">p-202201873194-25-pdfdecisaoministra-230315-2338371_160320232411_compressed</a></div>



<div class="wp-block-file"><a id="wp-block-file--media-c80b7089-8903-4481-a371-7d4b6139e95e" href="https://www.manaus.am.gov.br/semhaf/wp-content/uploads/sites/28/2024/03/ATA-DE-JULGAMENTO-DOS-DOCUMENTOS-DE-HABILITACAO-1.pdf">ATA DE JULGAMENTO DOS DOCUMENTOS DE HABILITAÇÃO (1)</a></div>

<!-- This site is optimized with the Yoast SEO plugin v23.0 - https://yoast.com/wordpress/plugins/seo/ -->
<title>Editais - SEMHAF</title>
<meta name="robots" content="noindex, follow" />
<meta property="og:locale" content="pt_BR" />
<meta property="og:type" content="article" />
<meta property="og:title" content="Editais - SEMHAF" />
<meta property="og:url" content="https://www.manaus.am.gov.br/semhaf/editais/" />
<meta property="og:site_name" content="SEMHAF" />
<meta property="article:modified_time" content="2024-06-26T14:30:40+00:00" />
<meta property="og:image" content="https://www.manaus.am.gov.br/semhaf/wp-content/uploads/sites/28/2024/07/thumb-default-2.png" />
	<meta property="og:image:width" content="966" />
	<meta property="og:image:height" content="520" />
	<meta property="og:image:type" content="image/png" />
<meta name="twitter:card" content="summary_large_image" />
<meta name="twitter:label1" content="Est. reading time" />
	<meta name="twitter:data1" content="1 minuto" />
<script type="application/ld+json" class="yoast-schema-graph">{"@context":"https://schema.org","@graph":[{"@type":"WebPage","@id":"https://www.manaus.am.gov.br/semhaf/editais/","url":"https://www.manaus.am.gov.br/semhaf/editais/","name":"Editais - SEMHAF","isPartOf":{"@id":"https://www.manaus.am.gov.br/semhaf/#website"},"datePublished":"2024-01-17T02:19:12+00:00","dateModified":"2024-06-26T14:30:40+00:00","breadcrumb":{"@id":"https://www.manaus.am.gov.br/semhaf/editais/#breadcrumb"},"inLanguage":"pt-BR","potentialAction":[{"@type":"ReadAction","target":["https://www.manaus.am.gov.br/semhaf/editais/"]}]},{"@type":"BreadcrumbList","@id":"https://www.manaus.am.gov.br/semhaf/editais/#breadcrumb","itemListElement":[{"@type":"ListItem","position":1,"name":"Home","item":"https://www.manaus.am.gov.br/semhaf/"},{"@type":"ListItem","position":2,"name":"Editais"}]},{"@type":"WebSite","@id":"https://www.manaus.am.gov.br/semhaf/#website","url":"https://www.manaus.am.gov.br/semhaf/","name":"SENHAF","description":"SENHAF","publisher":{"@id":"https://www.manaus.am.gov.br/semhaf/#organization"},"alternateName":"Secretaria Municipal de Habitação e Assuntos Fundiários","potentialAction":[{"@type":"SearchAction","target":{"@type":"EntryPoint","urlTemplate":"https://www.manaus.am.gov.br/semhaf/?s={search_term_string}"},"query-input":"required name=search_term_string"}],"inLanguage":"pt-BR"},{"@type":"Organization","@id":"https://www.manaus.am.gov.br/semhaf/#organization","name":"Prefeitura de Manaus","alternateName":"Prefeitura Municipal de Manaus","url":"https://www.manaus.am.gov.br/semhaf/","logo":{"@type":"ImageObject","inLanguage":"pt-BR","@id":"https://www.manaus.am.gov.br/semhaf/#/schema/logo/image/","url":"https://www.manaus.am.gov.br/semhaf/wp-content/uploads/sites/28/2023/11/cropped-favicon.png","contentUrl":"https://www.manaus.am.gov.br/semhaf/wp-content/uploads/sites/28/2023/11/cropped-favicon.png","width":512,"height":512,"caption":"Prefeitura de Manaus"},"image":{"@id":"https://www.manaus.am.gov.br/semhaf/#/schema/logo/image/"}}]}</script>
<!-- / Yoast SEO plugin. -->

Secretaria Municipal de Habitação e Assuntos Fundiários
