{"id":320,"date":"2023-11-09T14:51:30","date_gmt":"2023-11-09T18:51:30","guid":{"rendered":"https:\/\/www.manaus.am.gov.br\/semhaf\/?page_id=320"},"modified":"2024-06-26T09:24:12","modified_gmt":"2024-06-26T13:24:12","slug":"abertura-de-processos","status":"publish","type":"page","link":"https:\/\/www.manaus.am.gov.br\/semhaf\/abertura-de-processos\/","title":{"rendered":"Abertura de processos"},"content":{"rendered":"\n<p>Enviar documentos para: <a href=\"mailto:atendimento.semhaf@gmail.com\">atendimento.semhaf@gmail.com<\/a>.<\/p>\n\n\n\n<p><\/p>\n\n\n\n<p>Lista de Documentos<\/p>\n\n\n\n<ol>\n<li><a href=\"https:\/\/www.manaus.am.gov.br\/semhaf\/wp-content\/uploads\/sites\/28\/2024\/06\/REQUERIMENTO-PADRAO-PARA-ABERTURA-DE-PROCESSO-SECRETARIA-DE-HABITACAO-E-ASSUNTOS-FUNDIARIOS.pdf\">Requerimento padr\u00e3o de abertura de processos (habita\u00e7\u00e3o e assuntos fundi\u00e1rios)<\/a><\/li>\n\n\n\n<li><a href=\"https:\/\/www.manaus.am.gov.br\/semhaf\/wp-content\/uploads\/sites\/28\/2024\/06\/CHECK-LIST-E-DECLARACAO-AQUISICAO-SEMHAF.pdf\">Aquisi\u00e7\u00e3o de terras em \u00e1reas municipais<\/a><\/li>\n\n\n\n<li><a href=\"https:\/\/www.manaus.am.gov.br\/semhaf\/wp-content\/uploads\/sites\/28\/2024\/06\/CHECK-LIST-E-DECLARACAO-CANCELAMENTO-DE-CLAUSULA-RESOLUTIVA-SEMHAF.pdf\">Cancelamento de cl\u00e1usula resolutiva<\/a><\/li>\n\n\n\n<li><a href=\"https:\/\/www.manaus.am.gov.br\/semhaf\/wp-content\/uploads\/sites\/28\/2024\/06\/CHECK-LIST-E-DE-CLARACAO-CONCESSAODE-USO-DE-TERRAS-SEMHAF.pdf\">Concess\u00e3o de uso de terras em \u00e1reas municipais<\/a><\/li>\n\n\n\n<li><a href=\"https:\/\/www.manaus.am.gov.br\/semhaf\/wp-content\/uploads\/sites\/28\/2024\/06\/CHECK-LIST-E-DECLARACAO-ASSUNTOS-DIVERSOS-SEMHAF.pdf\">Assuntos diversos de habita\u00e7\u00e3o ou fundi\u00e1rio<\/a><\/li>\n<\/ol>\n\n\n\n<ul>\n<li><a href=\"https:\/\/sigedweb.manaus.am.gov.br\/protonweb\/\">Link para acompanhar o processo<\/a><\/li>\n<\/ul>\n","protected":false},"excerpt":{"rendered":"","protected":false},"author":27,"featured_media":0,"parent":0,"menu_order":0,"comment_status":"closed","ping_status":"closed","template":"page_servicos.php","meta":{"footnotes":""},"acf":[],"yoast_head":"<!-- This site is optimized with the Yoast SEO plugin v23.0 - https:\/\/yoast.com\/wordpress\/plugins\/seo\/ -->\n<title>Abertura de processos - SEMHAF<\/title>\n<meta name=\"robots\" content=\"noindex, follow\" \/>\n<meta property=\"og:locale\" content=\"pt_BR\" \/>\n<meta property=\"og:type\" content=\"article\" \/>\n<meta property=\"og:title\" content=\"Abertura de processos - SEMHAF\" \/>\n<meta property=\"og:url\" content=\"https:\/\/www.manaus.am.gov.br\/semhaf\/abertura-de-processos\/\" \/>\n<meta property=\"og:site_name\" content=\"SEMHAF\" \/>\n<meta property=\"article:modified_time\" content=\"2024-06-26T13:24:12+00:00\" \/>\n<meta property=\"og:image\" content=\"https:\/\/www.manaus.am.gov.br\/semhaf\/wp-content\/uploads\/sites\/28\/2024\/07\/thumb-default-2.png\" \/>\n\t<meta property=\"og:image:width\" content=\"966\" \/>\n\t<meta property=\"og:image:height\" content=\"520\" \/>\n\t<meta property=\"og:image:type\" content=\"image\/png\" \/>\n<meta name=\"twitter:card\" content=\"summary_large_image\" \/>\n<meta name=\"twitter:label1\" content=\"Est. reading time\" \/>\n\t<meta name=\"twitter:data1\" content=\"1 minuto\" \/>\n<script type=\"application\/ld+json\" class=\"yoast-schema-graph\">{\"@context\":\"https:\/\/schema.org\",\"@graph\":[{\"@type\":\"WebPage\",\"@id\":\"https:\/\/www.manaus.am.gov.br\/semhaf\/abertura-de-processos\/\",\"url\":\"https:\/\/www.manaus.am.gov.br\/semhaf\/abertura-de-processos\/\",\"name\":\"Abertura de processos - SEMHAF\",\"isPartOf\":{\"@id\":\"https:\/\/www.manaus.am.gov.br\/semhaf\/#website\"},\"datePublished\":\"2023-11-09T18:51:30+00:00\",\"dateModified\":\"2024-06-26T13:24:12+00:00\",\"breadcrumb\":{\"@id\":\"https:\/\/www.manaus.am.gov.br\/semhaf\/abertura-de-processos\/#breadcrumb\"},\"inLanguage\":\"pt-BR\",\"potentialAction\":[{\"@type\":\"ReadAction\",\"target\":[\"https:\/\/www.manaus.am.gov.br\/semhaf\/abertura-de-processos\/\"]}]},{\"@type\":\"BreadcrumbList\",\"@id\":\"https:\/\/www.manaus.am.gov.br\/semhaf\/abertura-de-processos\/#breadcrumb\",\"itemListElement\":[{\"@type\":\"ListItem\",\"position\":1,\"name\":\"Home\",\"item\":\"https:\/\/www.manaus.am.gov.br\/semhaf\/\"},{\"@type\":\"ListItem\",\"position\":2,\"name\":\"Abertura de processos\"}]},{\"@type\":\"WebSite\",\"@id\":\"https:\/\/www.manaus.am.gov.br\/semhaf\/#website\",\"url\":\"https:\/\/www.manaus.am.gov.br\/semhaf\/\",\"name\":\"SENHAF\",\"description\":\"SENHAF\",\"publisher\":{\"@id\":\"https:\/\/www.manaus.am.gov.br\/semhaf\/#organization\"},\"alternateName\":\"Secretaria Municipal de Habita\u00e7\u00e3o e Assuntos Fundi\u00e1rios\",\"potentialAction\":[{\"@type\":\"SearchAction\",\"target\":{\"@type\":\"EntryPoint\",\"urlTemplate\":\"https:\/\/www.manaus.am.gov.br\/semhaf\/?s={search_term_string}\"},\"query-input\":\"required name=search_term_string\"}],\"inLanguage\":\"pt-BR\"},{\"@type\":\"Organization\",\"@id\":\"https:\/\/www.manaus.am.gov.br\/semhaf\/#organization\",\"name\":\"Prefeitura de Manaus\",\"alternateName\":\"Prefeitura Municipal de Manaus\",\"url\":\"https:\/\/www.manaus.am.gov.br\/semhaf\/\",\"logo\":{\"@type\":\"ImageObject\",\"inLanguage\":\"pt-BR\",\"@id\":\"https:\/\/www.manaus.am.gov.br\/semhaf\/#\/schema\/logo\/image\/\",\"url\":\"https:\/\/www.manaus.am.gov.br\/semhaf\/wp-content\/uploads\/sites\/28\/2023\/11\/cropped-favicon.png\",\"contentUrl\":\"https:\/\/www.manaus.am.gov.br\/semhaf\/wp-content\/uploads\/sites\/28\/2023\/11\/cropped-favicon.png\",\"width\":512,\"height\":512,\"caption\":\"Prefeitura de Manaus\"},\"image\":{\"@id\":\"https:\/\/www.manaus.am.gov.br\/semhaf\/#\/schema\/logo\/image\/\"}}]}<\/script>\n<!-- \/ Yoast SEO plugin. -->","yoast_head_json":{"title":"Abertura de processos - SEMHAF","robots":{"index":"noindex","follow":"follow"},"og_locale":"pt_BR","og_type":"article","og_title":"Abertura de processos - SEMHAF","og_url":"https:\/\/www.manaus.am.gov.br\/semhaf\/abertura-de-processos\/","og_site_name":"SEMHAF","article_modified_time":"2024-06-26T13:24:12+00:00","og_image":[{"width":966,"height":520,"url":"https:\/\/www.manaus.am.gov.br\/semhaf\/wp-content\/uploads\/sites\/28\/2024\/07\/thumb-default-2.png","type":"image\/png"}],"twitter_card":"summary_large_image","twitter_misc":{"Est. reading time":"1 minuto"},"schema":{"@context":"https:\/\/schema.org","@graph":[{"@type":"WebPage","@id":"https:\/\/www.manaus.am.gov.br\/semhaf\/abertura-de-processos\/","url":"https:\/\/www.manaus.am.gov.br\/semhaf\/abertura-de-processos\/","name":"Abertura de processos - SEMHAF","isPartOf":{"@id":"https:\/\/www.manaus.am.gov.br\/semhaf\/#website"},"datePublished":"2023-11-09T18:51:30+00:00","dateModified":"2024-06-26T13:24:12+00:00","breadcrumb":{"@id":"https:\/\/www.manaus.am.gov.br\/semhaf\/abertura-de-processos\/#breadcrumb"},"inLanguage":"pt-BR","potentialAction":[{"@type":"ReadAction","target":["https:\/\/www.manaus.am.gov.br\/semhaf\/abertura-de-processos\/"]}]},{"@type":"BreadcrumbList","@id":"https:\/\/www.manaus.am.gov.br\/semhaf\/abertura-de-processos\/#breadcrumb","itemListElement":[{"@type":"ListItem","position":1,"name":"Home","item":"https:\/\/www.manaus.am.gov.br\/semhaf\/"},{"@type":"ListItem","position":2,"name":"Abertura de processos"}]},{"@type":"WebSite","@id":"https:\/\/www.manaus.am.gov.br\/semhaf\/#website","url":"https:\/\/www.manaus.am.gov.br\/semhaf\/","name":"SENHAF","description":"SENHAF","publisher":{"@id":"https:\/\/www.manaus.am.gov.br\/semhaf\/#organization"},"alternateName":"Secretaria Municipal de Habita\u00e7\u00e3o e Assuntos Fundi\u00e1rios","potentialAction":[{"@type":"SearchAction","target":{"@type":"EntryPoint","urlTemplate":"https:\/\/www.manaus.am.gov.br\/semhaf\/?s={search_term_string}"},"query-input":"required name=search_term_string"}],"inLanguage":"pt-BR"},{"@type":"Organization","@id":"https:\/\/www.manaus.am.gov.br\/semhaf\/#organization","name":"Prefeitura de Manaus","alternateName":"Prefeitura Municipal de Manaus","url":"https:\/\/www.manaus.am.gov.br\/semhaf\/","logo":{"@type":"ImageObject","inLanguage":"pt-BR","@id":"https:\/\/www.manaus.am.gov.br\/semhaf\/#\/schema\/logo\/image\/","url":"https:\/\/www.manaus.am.gov.br\/semhaf\/wp-content\/uploads\/sites\/28\/2023\/11\/cropped-favicon.png","contentUrl":"https:\/\/www.manaus.am.gov.br\/semhaf\/wp-content\/uploads\/sites\/28\/2023\/11\/cropped-favicon.png","width":512,"height":512,"caption":"Prefeitura de Manaus"},"image":{"@id":"https:\/\/www.manaus.am.gov.br\/semhaf\/#\/schema\/logo\/image\/"}}]}},"_links":{"self":[{"href":"https:\/\/www.manaus.am.gov.br\/semhaf\/wp-json\/wp\/v2\/pages\/320"}],"collection":[{"href":"https:\/\/www.manaus.am.gov.br\/semhaf\/wp-json\/wp\/v2\/pages"}],"about":[{"href":"https:\/\/www.manaus.am.gov.br\/semhaf\/wp-json\/wp\/v2\/types\/page"}],"author":[{"embeddable":true,"href":"https:\/\/www.manaus.am.gov.br\/semhaf\/wp-json\/wp\/v2\/users\/27"}],"replies":[{"embeddable":true,"href":"https:\/\/www.manaus.am.gov.br\/semhaf\/wp-json\/wp\/v2\/comments?post=320"}],"version-history":[{"count":10,"href":"https:\/\/www.manaus.am.gov.br\/semhaf\/wp-json\/wp\/v2\/pages\/320\/revisions"}],"predecessor-version":[{"id":766,"href":"https:\/\/www.manaus.am.gov.br\/semhaf\/wp-json\/wp\/v2\/pages\/320\/revisions\/766"}],"wp:attachment":[{"href":"https:\/\/www.manaus.am.gov.br\/semhaf\/wp-json\/wp\/v2\/media?parent=320"}],"curies":[{"name":"wp","href":"https:\/\/api.w.org\/{rel}","templated":true}]}}

<p>Enviar documentos para: <a href="mailto:atendimento.semhaf@gmail.com">atendimento.semhaf@gmail.com</a>.</p>



<p></p>



<p>Lista de Documentos</p>



<ol>
<li><a href="https://www.manaus.am.gov.br/semhaf/wp-content/uploads/sites/28/2024/06/REQUERIMENTO-PADRAO-PARA-ABERTURA-DE-PROCESSO-SECRETARIA-DE-HABITACAO-E-ASSUNTOS-FUNDIARIOS.pdf">Requerimento padrão de abertura de processos (habitação e assuntos fundiários)</a></li>



<li><a href="https://www.manaus.am.gov.br/semhaf/wp-content/uploads/sites/28/2024/06/CHECK-LIST-E-DECLARACAO-AQUISICAO-SEMHAF.pdf">Aquisição de terras em áreas municipais</a></li>



<li><a href="https://www.manaus.am.gov.br/semhaf/wp-content/uploads/sites/28/2024/06/CHECK-LIST-E-DECLARACAO-CANCELAMENTO-DE-CLAUSULA-RESOLUTIVA-SEMHAF.pdf">Cancelamento de cláusula resolutiva</a></li>



<li><a href="https://www.manaus.am.gov.br/semhaf/wp-content/uploads/sites/28/2024/06/CHECK-LIST-E-DE-CLARACAO-CONCESSAODE-USO-DE-TERRAS-SEMHAF.pdf">Concessão de uso de terras em áreas municipais</a></li>



<li><a href="https://www.manaus.am.gov.br/semhaf/wp-content/uploads/sites/28/2024/06/CHECK-LIST-E-DECLARACAO-ASSUNTOS-DIVERSOS-SEMHAF.pdf">Assuntos diversos de habitação ou fundiário</a></li>
</ol>



<ul>
<li><a href="https://sigedweb.manaus.am.gov.br/protonweb/">Link para acompanhar o processo</a></li>
</ul>

<!-- This site is optimized with the Yoast SEO plugin v23.0 - https://yoast.com/wordpress/plugins/seo/ -->
<title>Abertura de processos - SEMHAF</title>
<meta name="robots" content="noindex, follow" />
<meta property="og:locale" content="pt_BR" />
<meta property="og:type" content="article" />
<meta property="og:title" content="Abertura de processos - SEMHAF" />
<meta property="og:url" content="https://www.manaus.am.gov.br/semhaf/abertura-de-processos/" />
<meta property="og:site_name" content="SEMHAF" />
<meta property="article:modified_time" content="2024-06-26T13:24:12+00:00" />
<meta property="og:image" content="https://www.manaus.am.gov.br/semhaf/wp-content/uploads/sites/28/2024/07/thumb-default-2.png" />
	<meta property="og:image:width" content="966" />
	<meta property="og:image:height" content="520" />
	<meta property="og:image:type" content="image/png" />
<meta name="twitter:card" content="summary_large_image" />
<meta name="twitter:label1" content="Est. reading time" />
	<meta name="twitter:data1" content="1 minuto" />
<script type="application/ld+json" class="yoast-schema-graph">{"@context":"https://schema.org","@graph":[{"@type":"WebPage","@id":"https://www.manaus.am.gov.br/semhaf/abertura-de-processos/","url":"https://www.manaus.am.gov.br/semhaf/abertura-de-processos/","name":"Abertura de processos - SEMHAF","isPartOf":{"@id":"https://www.manaus.am.gov.br/semhaf/#website"},"datePublished":"2023-11-09T18:51:30+00:00","dateModified":"2024-06-26T13:24:12+00:00","breadcrumb":{"@id":"https://www.manaus.am.gov.br/semhaf/abertura-de-processos/#breadcrumb"},"inLanguage":"pt-BR","potentialAction":[{"@type":"ReadAction","target":["https://www.manaus.am.gov.br/semhaf/abertura-de-processos/"]}]},{"@type":"BreadcrumbList","@id":"https://www.manaus.am.gov.br/semhaf/abertura-de-processos/#breadcrumb","itemListElement":[{"@type":"ListItem","position":1,"name":"Home","item":"https://www.manaus.am.gov.br/semhaf/"},{"@type":"ListItem","position":2,"name":"Abertura de processos"}]},{"@type":"WebSite","@id":"https://www.manaus.am.gov.br/semhaf/#website","url":"https://www.manaus.am.gov.br/semhaf/","name":"SENHAF","description":"SENHAF","publisher":{"@id":"https://www.manaus.am.gov.br/semhaf/#organization"},"alternateName":"Secretaria Municipal de Habitação e Assuntos Fundiários","potentialAction":[{"@type":"SearchAction","target":{"@type":"EntryPoint","urlTemplate":"https://www.manaus.am.gov.br/semhaf/?s={search_term_string}"},"query-input":"required name=search_term_string"}],"inLanguage":"pt-BR"},{"@type":"Organization","@id":"https://www.manaus.am.gov.br/semhaf/#organization","name":"Prefeitura de Manaus","alternateName":"Prefeitura Municipal de Manaus","url":"https://www.manaus.am.gov.br/semhaf/","logo":{"@type":"ImageObject","inLanguage":"pt-BR","@id":"https://www.manaus.am.gov.br/semhaf/#/schema/logo/image/","url":"https://www.manaus.am.gov.br/semhaf/wp-content/uploads/sites/28/2023/11/cropped-favicon.png","contentUrl":"https://www.manaus.am.gov.br/semhaf/wp-content/uploads/sites/28/2023/11/cropped-favicon.png","width":512,"height":512,"caption":"Prefeitura de Manaus"},"image":{"@id":"https://www.manaus.am.gov.br/semhaf/#/schema/logo/image/"}}]}</script>
<!-- / Yoast SEO plugin. -->

Secretaria Municipal de Habitação e Assuntos Fundiários
