{"id":312,"date":"2023-11-09T14:41:50","date_gmt":"2023-11-09T18:41:50","guid":{"rendered":"https:\/\/www.manaus.am.gov.br\/semhaf\/?page_id=312"},"modified":"2025-04-11T12:12:47","modified_gmt":"2025-04-11T16:12:47","slug":"endereco","status":"publish","type":"page","link":"https:\/\/www.manaus.am.gov.br\/semhaf\/semhaf\/endereco\/","title":{"rendered":"Endere\u00e7o"},"content":{"rendered":"\n<p><strong>Atendimento Presencial<br><\/strong>Tv. Arthur Bernardes, N\u00ba 228 &#8211; S\u00e3o Geraldo<\/p>\n\n\n\n<p><strong>Hor\u00e1rio de atendimento<\/strong><br>Segunda a sexta-feira, 8h \u00e0s 14h<\/p>\n\n\n\n<p><strong>E-mail<\/strong><br>gabinete.semhaf@manaus.am.gov.br<\/p>\n\n\n\n<p><strong>Telefone para contato<\/strong><br>92 98844-2001<\/p>\n","protected":false},"excerpt":{"rendered":"","protected":false},"author":27,"featured_media":0,"parent":340,"menu_order":3,"comment_status":"closed","ping_status":"closed","template":"templates\/turismo.php","meta":{"footnotes":""},"acf":[],"yoast_head":"<!-- This site is optimized with the Yoast SEO plugin v23.0 - https:\/\/yoast.com\/wordpress\/plugins\/seo\/ -->\n<title>Endere\u00e7o - SEMHAF<\/title>\n<meta name=\"robots\" content=\"noindex, follow\" \/>\n<meta property=\"og:locale\" content=\"pt_BR\" \/>\n<meta property=\"og:type\" content=\"article\" \/>\n<meta property=\"og:title\" content=\"Endere\u00e7o - SEMHAF\" \/>\n<meta property=\"og:url\" content=\"https:\/\/www.manaus.am.gov.br\/semhaf\/semhaf\/endereco\/\" \/>\n<meta property=\"og:site_name\" content=\"SEMHAF\" \/>\n<meta property=\"article:modified_time\" content=\"2025-04-11T16:12:47+00:00\" \/>\n<meta property=\"og:image\" content=\"https:\/\/www.manaus.am.gov.br\/semhaf\/wp-content\/uploads\/sites\/28\/2024\/07\/thumb-default-2.png\" \/>\n\t<meta property=\"og:image:width\" content=\"966\" \/>\n\t<meta property=\"og:image:height\" content=\"520\" \/>\n\t<meta property=\"og:image:type\" content=\"image\/png\" \/>\n<meta name=\"twitter:card\" content=\"summary_large_image\" \/>\n<meta name=\"twitter:label1\" content=\"Est. reading time\" \/>\n\t<meta name=\"twitter:data1\" content=\"1 minuto\" \/>\n<script type=\"application\/ld+json\" class=\"yoast-schema-graph\">{\"@context\":\"https:\/\/schema.org\",\"@graph\":[{\"@type\":\"WebPage\",\"@id\":\"https:\/\/www.manaus.am.gov.br\/semhaf\/semhaf\/endereco\/\",\"url\":\"https:\/\/www.manaus.am.gov.br\/semhaf\/semhaf\/endereco\/\",\"name\":\"Endere\u00e7o - SEMHAF\",\"isPartOf\":{\"@id\":\"https:\/\/www.manaus.am.gov.br\/semhaf\/#website\"},\"datePublished\":\"2023-11-09T18:41:50+00:00\",\"dateModified\":\"2025-04-11T16:12:47+00:00\",\"breadcrumb\":{\"@id\":\"https:\/\/www.manaus.am.gov.br\/semhaf\/semhaf\/endereco\/#breadcrumb\"},\"inLanguage\":\"pt-BR\",\"potentialAction\":[{\"@type\":\"ReadAction\",\"target\":[\"https:\/\/www.manaus.am.gov.br\/semhaf\/semhaf\/endereco\/\"]}]},{\"@type\":\"BreadcrumbList\",\"@id\":\"https:\/\/www.manaus.am.gov.br\/semhaf\/semhaf\/endereco\/#breadcrumb\",\"itemListElement\":[{\"@type\":\"ListItem\",\"position\":1,\"name\":\"Home\",\"item\":\"https:\/\/www.manaus.am.gov.br\/semhaf\/\"},{\"@type\":\"ListItem\",\"position\":2,\"name\":\"Semhaf\",\"item\":\"https:\/\/www.manaus.am.gov.br\/semhaf\/semhaf\/\"},{\"@type\":\"ListItem\",\"position\":3,\"name\":\"Endere\u00e7o\"}]},{\"@type\":\"WebSite\",\"@id\":\"https:\/\/www.manaus.am.gov.br\/semhaf\/#website\",\"url\":\"https:\/\/www.manaus.am.gov.br\/semhaf\/\",\"name\":\"SENHAF\",\"description\":\"SENHAF\",\"publisher\":{\"@id\":\"https:\/\/www.manaus.am.gov.br\/semhaf\/#organization\"},\"alternateName\":\"Secretaria Municipal de Habita\u00e7\u00e3o e Assuntos Fundi\u00e1rios\",\"potentialAction\":[{\"@type\":\"SearchAction\",\"target\":{\"@type\":\"EntryPoint\",\"urlTemplate\":\"https:\/\/www.manaus.am.gov.br\/semhaf\/?s={search_term_string}\"},\"query-input\":\"required name=search_term_string\"}],\"inLanguage\":\"pt-BR\"},{\"@type\":\"Organization\",\"@id\":\"https:\/\/www.manaus.am.gov.br\/semhaf\/#organization\",\"name\":\"Prefeitura de Manaus\",\"alternateName\":\"Prefeitura Municipal de Manaus\",\"url\":\"https:\/\/www.manaus.am.gov.br\/semhaf\/\",\"logo\":{\"@type\":\"ImageObject\",\"inLanguage\":\"pt-BR\",\"@id\":\"https:\/\/www.manaus.am.gov.br\/semhaf\/#\/schema\/logo\/image\/\",\"url\":\"https:\/\/www.manaus.am.gov.br\/semhaf\/wp-content\/uploads\/sites\/28\/2023\/11\/cropped-favicon.png\",\"contentUrl\":\"https:\/\/www.manaus.am.gov.br\/semhaf\/wp-content\/uploads\/sites\/28\/2023\/11\/cropped-favicon.png\",\"width\":512,\"height\":512,\"caption\":\"Prefeitura de Manaus\"},\"image\":{\"@id\":\"https:\/\/www.manaus.am.gov.br\/semhaf\/#\/schema\/logo\/image\/\"}}]}<\/script>\n<!-- \/ Yoast SEO plugin. -->","yoast_head_json":{"title":"Endere\u00e7o - SEMHAF","robots":{"index":"noindex","follow":"follow"},"og_locale":"pt_BR","og_type":"article","og_title":"Endere\u00e7o - SEMHAF","og_url":"https:\/\/www.manaus.am.gov.br\/semhaf\/semhaf\/endereco\/","og_site_name":"SEMHAF","article_modified_time":"2025-04-11T16:12:47+00:00","og_image":[{"width":966,"height":520,"url":"https:\/\/www.manaus.am.gov.br\/semhaf\/wp-content\/uploads\/sites\/28\/2024\/07\/thumb-default-2.png","type":"image\/png"}],"twitter_card":"summary_large_image","twitter_misc":{"Est. reading time":"1 minuto"},"schema":{"@context":"https:\/\/schema.org","@graph":[{"@type":"WebPage","@id":"https:\/\/www.manaus.am.gov.br\/semhaf\/semhaf\/endereco\/","url":"https:\/\/www.manaus.am.gov.br\/semhaf\/semhaf\/endereco\/","name":"Endere\u00e7o - SEMHAF","isPartOf":{"@id":"https:\/\/www.manaus.am.gov.br\/semhaf\/#website"},"datePublished":"2023-11-09T18:41:50+00:00","dateModified":"2025-04-11T16:12:47+00:00","breadcrumb":{"@id":"https:\/\/www.manaus.am.gov.br\/semhaf\/semhaf\/endereco\/#breadcrumb"},"inLanguage":"pt-BR","potentialAction":[{"@type":"ReadAction","target":["https:\/\/www.manaus.am.gov.br\/semhaf\/semhaf\/endereco\/"]}]},{"@type":"BreadcrumbList","@id":"https:\/\/www.manaus.am.gov.br\/semhaf\/semhaf\/endereco\/#breadcrumb","itemListElement":[{"@type":"ListItem","position":1,"name":"Home","item":"https:\/\/www.manaus.am.gov.br\/semhaf\/"},{"@type":"ListItem","position":2,"name":"Semhaf","item":"https:\/\/www.manaus.am.gov.br\/semhaf\/semhaf\/"},{"@type":"ListItem","position":3,"name":"Endere\u00e7o"}]},{"@type":"WebSite","@id":"https:\/\/www.manaus.am.gov.br\/semhaf\/#website","url":"https:\/\/www.manaus.am.gov.br\/semhaf\/","name":"SENHAF","description":"SENHAF","publisher":{"@id":"https:\/\/www.manaus.am.gov.br\/semhaf\/#organization"},"alternateName":"Secretaria Municipal de Habita\u00e7\u00e3o e Assuntos Fundi\u00e1rios","potentialAction":[{"@type":"SearchAction","target":{"@type":"EntryPoint","urlTemplate":"https:\/\/www.manaus.am.gov.br\/semhaf\/?s={search_term_string}"},"query-input":"required name=search_term_string"}],"inLanguage":"pt-BR"},{"@type":"Organization","@id":"https:\/\/www.manaus.am.gov.br\/semhaf\/#organization","name":"Prefeitura de Manaus","alternateName":"Prefeitura Municipal de Manaus","url":"https:\/\/www.manaus.am.gov.br\/semhaf\/","logo":{"@type":"ImageObject","inLanguage":"pt-BR","@id":"https:\/\/www.manaus.am.gov.br\/semhaf\/#\/schema\/logo\/image\/","url":"https:\/\/www.manaus.am.gov.br\/semhaf\/wp-content\/uploads\/sites\/28\/2023\/11\/cropped-favicon.png","contentUrl":"https:\/\/www.manaus.am.gov.br\/semhaf\/wp-content\/uploads\/sites\/28\/2023\/11\/cropped-favicon.png","width":512,"height":512,"caption":"Prefeitura de Manaus"},"image":{"@id":"https:\/\/www.manaus.am.gov.br\/semhaf\/#\/schema\/logo\/image\/"}}]}},"_links":{"self":[{"href":"https:\/\/www.manaus.am.gov.br\/semhaf\/wp-json\/wp\/v2\/pages\/312"}],"collection":[{"href":"https:\/\/www.manaus.am.gov.br\/semhaf\/wp-json\/wp\/v2\/pages"}],"about":[{"href":"https:\/\/www.manaus.am.gov.br\/semhaf\/wp-json\/wp\/v2\/types\/page"}],"author":[{"embeddable":true,"href":"https:\/\/www.manaus.am.gov.br\/semhaf\/wp-json\/wp\/v2\/users\/27"}],"replies":[{"embeddable":true,"href":"https:\/\/www.manaus.am.gov.br\/semhaf\/wp-json\/wp\/v2\/comments?post=312"}],"version-history":[{"count":5,"href":"https:\/\/www.manaus.am.gov.br\/semhaf\/wp-json\/wp\/v2\/pages\/312\/revisions"}],"predecessor-version":[{"id":956,"href":"https:\/\/www.manaus.am.gov.br\/semhaf\/wp-json\/wp\/v2\/pages\/312\/revisions\/956"}],"up":[{"embeddable":true,"href":"https:\/\/www.manaus.am.gov.br\/semhaf\/wp-json\/wp\/v2\/pages\/340"}],"wp:attachment":[{"href":"https:\/\/www.manaus.am.gov.br\/semhaf\/wp-json\/wp\/v2\/media?parent=312"}],"curies":[{"name":"wp","href":"https:\/\/api.w.org\/{rel}","templated":true}]}}

Endereço

<p><strong>Atendimento Presencial<br></strong>Tv. Arthur Bernardes, Nº 228 &#8211; São Geraldo</p>



<p><strong>Horário de atendimento</strong><br>Segunda a sexta-feira, 8h às 14h</p>



<p><strong>E-mail</strong><br>gabinete.semhaf@manaus.am.gov.br</p>



<p><strong>Telefone para contato</strong><br>92 98844-2001</p>

<!-- This site is optimized with the Yoast SEO plugin v23.0 - https://yoast.com/wordpress/plugins/seo/ -->
<title>Endereço - SEMHAF</title>
<meta name="robots" content="noindex, follow" />
<meta property="og:locale" content="pt_BR" />
<meta property="og:type" content="article" />
<meta property="og:title" content="Endereço - SEMHAF" />
<meta property="og:url" content="https://www.manaus.am.gov.br/semhaf/semhaf/endereco/" />
<meta property="og:site_name" content="SEMHAF" />
<meta property="article:modified_time" content="2025-04-11T16:12:47+00:00" />
<meta property="og:image" content="https://www.manaus.am.gov.br/semhaf/wp-content/uploads/sites/28/2024/07/thumb-default-2.png" />
	<meta property="og:image:width" content="966" />
	<meta property="og:image:height" content="520" />
	<meta property="og:image:type" content="image/png" />
<meta name="twitter:card" content="summary_large_image" />
<meta name="twitter:label1" content="Est. reading time" />
	<meta name="twitter:data1" content="1 minuto" />
<script type="application/ld+json" class="yoast-schema-graph">{"@context":"https://schema.org","@graph":[{"@type":"WebPage","@id":"https://www.manaus.am.gov.br/semhaf/semhaf/endereco/","url":"https://www.manaus.am.gov.br/semhaf/semhaf/endereco/","name":"Endereço - SEMHAF","isPartOf":{"@id":"https://www.manaus.am.gov.br/semhaf/#website"},"datePublished":"2023-11-09T18:41:50+00:00","dateModified":"2025-04-11T16:12:47+00:00","breadcrumb":{"@id":"https://www.manaus.am.gov.br/semhaf/semhaf/endereco/#breadcrumb"},"inLanguage":"pt-BR","potentialAction":[{"@type":"ReadAction","target":["https://www.manaus.am.gov.br/semhaf/semhaf/endereco/"]}]},{"@type":"BreadcrumbList","@id":"https://www.manaus.am.gov.br/semhaf/semhaf/endereco/#breadcrumb","itemListElement":[{"@type":"ListItem","position":1,"name":"Home","item":"https://www.manaus.am.gov.br/semhaf/"},{"@type":"ListItem","position":2,"name":"Semhaf","item":"https://www.manaus.am.gov.br/semhaf/semhaf/"},{"@type":"ListItem","position":3,"name":"Endereço"}]},{"@type":"WebSite","@id":"https://www.manaus.am.gov.br/semhaf/#website","url":"https://www.manaus.am.gov.br/semhaf/","name":"SENHAF","description":"SENHAF","publisher":{"@id":"https://www.manaus.am.gov.br/semhaf/#organization"},"alternateName":"Secretaria Municipal de Habitação e Assuntos Fundiários","potentialAction":[{"@type":"SearchAction","target":{"@type":"EntryPoint","urlTemplate":"https://www.manaus.am.gov.br/semhaf/?s={search_term_string}"},"query-input":"required name=search_term_string"}],"inLanguage":"pt-BR"},{"@type":"Organization","@id":"https://www.manaus.am.gov.br/semhaf/#organization","name":"Prefeitura de Manaus","alternateName":"Prefeitura Municipal de Manaus","url":"https://www.manaus.am.gov.br/semhaf/","logo":{"@type":"ImageObject","inLanguage":"pt-BR","@id":"https://www.manaus.am.gov.br/semhaf/#/schema/logo/image/","url":"https://www.manaus.am.gov.br/semhaf/wp-content/uploads/sites/28/2023/11/cropped-favicon.png","contentUrl":"https://www.manaus.am.gov.br/semhaf/wp-content/uploads/sites/28/2023/11/cropped-favicon.png","width":512,"height":512,"caption":"Prefeitura de Manaus"},"image":{"@id":"https://www.manaus.am.gov.br/semhaf/#/schema/logo/image/"}}]}</script>
<!-- / Yoast SEO plugin. -->

Endereço - SEMHAF

Secretaria Municipal de Habitação e Assuntos Fundiários
