{"id":2906,"date":"2024-11-18T09:55:31","date_gmt":"2024-11-18T13:55:31","guid":{"rendered":"https:\/\/www.manaus.am.gov.br\/semef\/?page_id=2906"},"modified":"2024-11-18T15:21:38","modified_gmt":"2024-11-18T19:21:38","slug":"acordaos-2024","status":"publish","type":"page","link":"https:\/\/www.manaus.am.gov.br\/semef\/carf-m\/primeira-camara\/acordaos-2024\/","title":{"rendered":"Ac\u00f3rd\u00e3os 2024"},"content":{"rendered":"                <div id=\"wpdmtree\"><\/div>       <link rel=\"stylesheet\" href=\"https:\/\/www.manaus.am.gov.br\/semef\/wp-content\/plugins\/wpdm-extended-shortcodes\/css\/jqueryFileTree.css\" \/>              <div id=\"tree69deeb83925d7\"><\/div>    <script>        jQuery( function($) {                 var nw = 0;            $.getScript('https:\/\/www.manaus.am.gov.br\/semef\/wp-content\/plugins\/wpdm-extended-shortcodes\/js\/jqueryFileTree.js', function() {              $('#tree69deeb83925d7').fileTree({                script: 'https:\/\/www.manaus.am.gov.br\/semef\/?task=wpdm_tree&params=0-DuQpnauMG-gfTe6sX1myEi4LUToWUtMmPMW_6QQvChd14qaL9XoYov6bU9AIBMsVTZDtV1rkFDe-JoRHBDEcG8YsrQXH4nOoHrlvRDu8-kvxcpSdQ-x-7ZoyrFhj17I9pZNBAC0dWboHKxg2bXo61hFbVQ6iQieS_LDVAeKMXaGaNKkf5quW7j5L6XWT8dlzhI7RBGL7G9H3GEuGBV_m-TM9PAjR5ubHMHdehLNEM',                 expandSpeed: 1000,                collapseSpeed: 1000,                root: '\/',                multiFolder: false            }, function(file) {               if(nw === 1)                window.open(file);                else                location.href = file;                          });            });                    });    <\/script>    \n","protected":false},"excerpt":{"rendered":"","protected":false},"author":8,"featured_media":0,"parent":2904,"menu_order":0,"comment_status":"closed","ping_status":"closed","template":"templates\/turismo.php","meta":{"footnotes":""},"acf":[],"yoast_head":"<!-- This site is optimized with the Yoast SEO plugin v23.0 - https:\/\/yoast.com\/wordpress\/plugins\/seo\/ -->\n<title>Ac\u00f3rd\u00e3os 2024 - SEMEF<\/title>\n<meta name=\"robots\" content=\"index, follow, max-snippet:-1, max-image-preview:large, max-video-preview:-1\" \/>\n<link rel=\"canonical\" href=\"https:\/\/www.manaus.am.gov.br\/semef\/carf-m\/primeira-camara\/acordaos-2024\/\" \/>\n<meta property=\"og:locale\" content=\"pt_BR\" \/>\n<meta property=\"og:type\" content=\"article\" \/>\n<meta property=\"og:title\" content=\"Ac\u00f3rd\u00e3os 2024 - SEMEF\" \/>\n<meta property=\"og:url\" content=\"https:\/\/www.manaus.am.gov.br\/semef\/carf-m\/primeira-camara\/acordaos-2024\/\" \/>\n<meta property=\"og:site_name\" content=\"SEMEF\" \/>\n<meta property=\"article:modified_time\" content=\"2024-11-18T19:21:38+00:00\" \/>\n<meta name=\"twitter:card\" content=\"summary_large_image\" \/>\n<meta name=\"twitter:label1\" content=\"Est. reading time\" \/>\n\t<meta name=\"twitter:data1\" content=\"1 minuto\" \/>\n<script type=\"application\/ld+json\" class=\"yoast-schema-graph\">{\"@context\":\"https:\/\/schema.org\",\"@graph\":[{\"@type\":\"WebPage\",\"@id\":\"https:\/\/www.manaus.am.gov.br\/semef\/carf-m\/primeira-camara\/acordaos-2024\/\",\"url\":\"https:\/\/www.manaus.am.gov.br\/semef\/carf-m\/primeira-camara\/acordaos-2024\/\",\"name\":\"Ac\u00f3rd\u00e3os 2024 - SEMEF\",\"isPartOf\":{\"@id\":\"https:\/\/www.manaus.am.gov.br\/semef\/#website\"},\"datePublished\":\"2024-11-18T13:55:31+00:00\",\"dateModified\":\"2024-11-18T19:21:38+00:00\",\"breadcrumb\":{\"@id\":\"https:\/\/www.manaus.am.gov.br\/semef\/carf-m\/primeira-camara\/acordaos-2024\/#breadcrumb\"},\"inLanguage\":\"pt-BR\",\"potentialAction\":[{\"@type\":\"ReadAction\",\"target\":[\"https:\/\/www.manaus.am.gov.br\/semef\/carf-m\/primeira-camara\/acordaos-2024\/\"]}]},{\"@type\":\"BreadcrumbList\",\"@id\":\"https:\/\/www.manaus.am.gov.br\/semef\/carf-m\/primeira-camara\/acordaos-2024\/#breadcrumb\",\"itemListElement\":[{\"@type\":\"ListItem\",\"position\":1,\"name\":\"CARF-M\",\"item\":\"https:\/\/www.manaus.am.gov.br\/semef\/carf-m\/\"},{\"@type\":\"ListItem\",\"position\":2,\"name\":\"Primeira C\u00e2mara\",\"item\":\"https:\/\/www.manaus.am.gov.br\/semef\/carf-m\/primeira-camara\/\"},{\"@type\":\"ListItem\",\"position\":3,\"name\":\"Ac\u00f3rd\u00e3os 2024\"}]},{\"@type\":\"WebSite\",\"@id\":\"https:\/\/www.manaus.am.gov.br\/semef\/#website\",\"url\":\"https:\/\/www.manaus.am.gov.br\/semef\/\",\"name\":\"SEMEF\",\"description\":\"Secretaria Municipal de Finan\u00e7as e Tecnologia da Informa\u00e7\u00e3o\",\"potentialAction\":[{\"@type\":\"SearchAction\",\"target\":{\"@type\":\"EntryPoint\",\"urlTemplate\":\"https:\/\/www.manaus.am.gov.br\/semef\/?s={search_term_string}\"},\"query-input\":\"required name=search_term_string\"}],\"inLanguage\":\"pt-BR\"}]}<\/script>\n<!-- \/ Yoast SEO plugin. -->","yoast_head_json":{"title":"Ac\u00f3rd\u00e3os 2024 - SEMEF","robots":{"index":"index","follow":"follow","max-snippet":"max-snippet:-1","max-image-preview":"max-image-preview:large","max-video-preview":"max-video-preview:-1"},"canonical":"https:\/\/www.manaus.am.gov.br\/semef\/carf-m\/primeira-camara\/acordaos-2024\/","og_locale":"pt_BR","og_type":"article","og_title":"Ac\u00f3rd\u00e3os 2024 - SEMEF","og_url":"https:\/\/www.manaus.am.gov.br\/semef\/carf-m\/primeira-camara\/acordaos-2024\/","og_site_name":"SEMEF","article_modified_time":"2024-11-18T19:21:38+00:00","twitter_card":"summary_large_image","twitter_misc":{"Est. reading time":"1 minuto"},"schema":{"@context":"https:\/\/schema.org","@graph":[{"@type":"WebPage","@id":"https:\/\/www.manaus.am.gov.br\/semef\/carf-m\/primeira-camara\/acordaos-2024\/","url":"https:\/\/www.manaus.am.gov.br\/semef\/carf-m\/primeira-camara\/acordaos-2024\/","name":"Ac\u00f3rd\u00e3os 2024 - SEMEF","isPartOf":{"@id":"https:\/\/www.manaus.am.gov.br\/semef\/#website"},"datePublished":"2024-11-18T13:55:31+00:00","dateModified":"2024-11-18T19:21:38+00:00","breadcrumb":{"@id":"https:\/\/www.manaus.am.gov.br\/semef\/carf-m\/primeira-camara\/acordaos-2024\/#breadcrumb"},"inLanguage":"pt-BR","potentialAction":[{"@type":"ReadAction","target":["https:\/\/www.manaus.am.gov.br\/semef\/carf-m\/primeira-camara\/acordaos-2024\/"]}]},{"@type":"BreadcrumbList","@id":"https:\/\/www.manaus.am.gov.br\/semef\/carf-m\/primeira-camara\/acordaos-2024\/#breadcrumb","itemListElement":[{"@type":"ListItem","position":1,"name":"CARF-M","item":"https:\/\/www.manaus.am.gov.br\/semef\/carf-m\/"},{"@type":"ListItem","position":2,"name":"Primeira C\u00e2mara","item":"https:\/\/www.manaus.am.gov.br\/semef\/carf-m\/primeira-camara\/"},{"@type":"ListItem","position":3,"name":"Ac\u00f3rd\u00e3os 2024"}]},{"@type":"WebSite","@id":"https:\/\/www.manaus.am.gov.br\/semef\/#website","url":"https:\/\/www.manaus.am.gov.br\/semef\/","name":"SEMEF","description":"Secretaria Municipal de Finan\u00e7as e Tecnologia da Informa\u00e7\u00e3o","potentialAction":[{"@type":"SearchAction","target":{"@type":"EntryPoint","urlTemplate":"https:\/\/www.manaus.am.gov.br\/semef\/?s={search_term_string}"},"query-input":"required name=search_term_string"}],"inLanguage":"pt-BR"}]}},"_links":{"self":[{"href":"https:\/\/www.manaus.am.gov.br\/semef\/wp-json\/wp\/v2\/pages\/2906"}],"collection":[{"href":"https:\/\/www.manaus.am.gov.br\/semef\/wp-json\/wp\/v2\/pages"}],"about":[{"href":"https:\/\/www.manaus.am.gov.br\/semef\/wp-json\/wp\/v2\/types\/page"}],"author":[{"embeddable":true,"href":"https:\/\/www.manaus.am.gov.br\/semef\/wp-json\/wp\/v2\/users\/8"}],"replies":[{"embeddable":true,"href":"https:\/\/www.manaus.am.gov.br\/semef\/wp-json\/wp\/v2\/comments?post=2906"}],"version-history":[{"count":27,"href":"https:\/\/www.manaus.am.gov.br\/semef\/wp-json\/wp\/v2\/pages\/2906\/revisions"}],"predecessor-version":[{"id":3045,"href":"https:\/\/www.manaus.am.gov.br\/semef\/wp-json\/wp\/v2\/pages\/2906\/revisions\/3045"}],"up":[{"embeddable":true,"href":"https:\/\/www.manaus.am.gov.br\/semef\/wp-json\/wp\/v2\/pages\/2904"}],"wp:attachment":[{"href":"https:\/\/www.manaus.am.gov.br\/semef\/wp-json\/wp\/v2\/media?parent=2906"}],"curies":[{"name":"wp","href":"https:\/\/api.w.org\/{rel}","templated":true}]}}