{"id":2870,"date":"2024-11-04T14:28:43","date_gmt":"2024-11-04T18:28:43","guid":{"rendered":"https:\/\/www.manaus.am.gov.br\/semef\/?page_id=2870"},"modified":"2026-02-11T08:39:14","modified_gmt":"2026-02-11T12:39:14","slug":"emendas-parlamentares","status":"publish","type":"page","link":"https:\/\/www.manaus.am.gov.br\/semef\/emendas-parlamentares\/","title":{"rendered":"Emendas Parlamentares"},"content":{"rendered":"\n<p>Clique aqui tamb\u00e9m para acessar o Transferegov &#8211; <a href=\"https:\/\/dd-publico.serpro.gov.br\/extensions\/municipalista\/municipalista.html\">https:\/\/dd-publico.serpro.gov.br\/extensions\/municipalista\/municipalista.html<\/a><\/p>\n\n\n\n<p><\/p>\n\n\n\n<h2 class=\"wp-block-heading\"><a href=\"https:\/\/app-emenda.manaus.am.gov.br\/\" target=\"_blank\" rel=\"noreferrer noopener\">Emendas Parlamentares Municipais<\/a><\/h2>\n\n\n\n<p><\/p>\n\n\n\n<h2 class=\"wp-block-heading\">Emendas Parlamentares &#8211; Transfer\u00eancias Especiais<\/h2>\n\n\n\n<h2 class=\"wp-block-heading\">2025<\/h2>\n\n\n\n<p>Transfer\u00eancias Especiais da Uni\u00e3o \u2013 EC N\u00ba105<\/p>\n\n\n\n<div class=\"wp-block-file\"><a id=\"wp-block-file--media-6ad5a8a5-9029-48e7-8ed7-9ad59ea4172a\" href=\"https:\/\/www.manaus.am.gov.br\/semef\/wp-content\/uploads\/sites\/7\/2025\/05\/TRANSFERENCIAS-ESPECIAIS-EXECUCAO-2021-A-2024_2025.05.21-Para-CGM.xlsx\">TRANSFER\u00caNCIAS ESPECIAIS &#8211; EXECU\u00c7\u00c3O 2021 A 2024 2025.05.21<\/a><\/div>\n\n\n\n<div class=\"wp-block-file\"><a id=\"wp-block-file--media-d5670bb3-9e77-486f-86f3-dce57c2b6504\" href=\"https:\/\/www.manaus.am.gov.br\/semef\/wp-content\/uploads\/sites\/7\/2025\/09\/TRANSFERENCIAS-ESPECIAIS-2025_2025.09.10.xlsx\">TRANSFER\u00caNCIAS ESPECIAIS 2025 2025.09.10<\/a><\/div>\n\n\n\n<div class=\"wp-block-file\"><a id=\"wp-block-file--media-a3bea9ed-7d6a-4da2-911b-0868f08cd064\" href=\"https:\/\/www.manaus.am.gov.br\/semef\/wp-content\/uploads\/sites\/7\/2025\/09\/TRANSFERENCIAS-ESPECIAIS-2024_2025.09.10.xlsx\">TRANSFER\u00caNCIAS ESPECIAIS 2024 2025.09.10<\/a><\/div>\n\n\n\n<div class=\"wp-block-file\"><a id=\"wp-block-file--media-9d0b64ce-7635-4c0d-85ff-21724aa2855b\" href=\"https:\/\/www.manaus.am.gov.br\/semef\/wp-content\/uploads\/sites\/7\/2025\/09\/TRANSFERENCIAS-ESPECIAIS-2023_2025.09.10.xlsx\">TRANSFER\u00caNCIAS ESPECIAIS 2023 2025.09.10<\/a><\/div>\n\n\n\n<div class=\"wp-block-file\"><a id=\"wp-block-file--media-c08dc168-a0ad-40f2-84c4-6e024cec535f\" href=\"https:\/\/www.manaus.am.gov.br\/semef\/wp-content\/uploads\/sites\/7\/2025\/09\/TRANSFERENCIAS-ESPECIAIS-2022_2025.09.10.xlsx\">TRANSFER\u00caNCIAS ESPECIAIS 2022 2025.09.10<\/a><\/div>\n\n\n\n<div class=\"wp-block-file\"><a id=\"wp-block-file--media-292390ff-5f47-4830-97e5-4be51c8a23e1\" href=\"https:\/\/www.manaus.am.gov.br\/semef\/wp-content\/uploads\/sites\/7\/2025\/09\/TRANSFERENCIAS-ESPECIAIS-2021_2025.09.10.xlsx\">TRANSFER\u00caNCIAS ESPECIAIS 2021 2025.09.10<\/a><\/div>\n\n\n\n<p><\/p>\n\n\n\n<h2 class=\"wp-block-heading\">2024<\/h2>\n\n\n\n<div class=\"wp-block-file\"><a id=\"wp-block-file--media-e3379377-18ec-4535-8609-23b71d2e099f\" href=\"https:\/\/www.manaus.am.gov.br\/semef\/wp-content\/uploads\/sites\/7\/2025\/07\/TRANSFERENCIAS-ESPECIAIS-2024_2025.07.21-Para-CGM.xlsx\">TRANSFER\u00caNCIAS ESPECIAIS 2024<\/a><\/div>\n\n\n\n<p><\/p>\n\n\n\n<h2 class=\"wp-block-heading\">2023<\/h2>\n\n\n\n<div class=\"wp-block-file\"><a id=\"wp-block-file--media-c3bf3fd1-b6fd-4f00-816a-58cbf4cc32f5\" href=\"https:\/\/www.manaus.am.gov.br\/semef\/wp-content\/uploads\/sites\/7\/2025\/07\/TRANSFERENCIAS-ESPECIAIS-2023_2025.07.21-Para-CGM.xlsx\">TRANSFER\u00caNCIAS ESPECIAIS 2023<\/a><\/div>\n\n\n\n<p><\/p>\n\n\n\n<h2 class=\"wp-block-heading\">2022<\/h2>\n\n\n\n<div class=\"wp-block-file\"><a id=\"wp-block-file--media-f9a11bbb-c7e4-4c3c-bcde-73bee226dfdd\" href=\"https:\/\/www.manaus.am.gov.br\/semef\/wp-content\/uploads\/sites\/7\/2025\/07\/TRANSFERENCIAS-ESPECIAIS-2022_2025.07.21-Para-CGM.xlsx\">TRANSFER\u00caNCIAS ESPECIAIS 2022<\/a><\/div>\n\n\n\n<p><\/p>\n\n\n\n<h2 class=\"wp-block-heading\">2021<\/h2>\n\n\n\n<div class=\"wp-block-file\"><a id=\"wp-block-file--media-68a4b75f-d1ee-40a0-9288-bdefd2553eeb\" href=\"https:\/\/www.manaus.am.gov.br\/semef\/wp-content\/uploads\/sites\/7\/2025\/07\/TRANSFERENCIAS-ESPECIAIS-2021_2025.05.21-Para-CGM.xlsx\">TRANSFER\u00caNCIAS ESPECIAIS 2021<\/a><\/div>\n","protected":false},"excerpt":{"rendered":"","protected":false},"author":8,"featured_media":0,"parent":0,"menu_order":0,"comment_status":"closed","ping_status":"closed","template":"","meta":{"footnotes":""},"acf":[],"yoast_head":"<!-- This site is optimized with the Yoast SEO plugin v23.0 - https:\/\/yoast.com\/wordpress\/plugins\/seo\/ -->\n<title>Emendas Parlamentares - SEMEF<\/title>\n<meta name=\"robots\" content=\"index, follow, max-snippet:-1, max-image-preview:large, max-video-preview:-1\" \/>\n<link rel=\"canonical\" href=\"https:\/\/www.manaus.am.gov.br\/semef\/emendas-parlamentares\/\" \/>\n<meta property=\"og:locale\" content=\"pt_BR\" \/>\n<meta property=\"og:type\" content=\"article\" \/>\n<meta property=\"og:title\" content=\"Emendas Parlamentares - SEMEF\" \/>\n<meta property=\"og:url\" content=\"https:\/\/www.manaus.am.gov.br\/semef\/emendas-parlamentares\/\" \/>\n<meta property=\"og:site_name\" content=\"SEMEF\" \/>\n<meta property=\"article:modified_time\" content=\"2026-02-11T12:39:14+00:00\" \/>\n<meta name=\"twitter:card\" content=\"summary_large_image\" \/>\n<meta name=\"twitter:label1\" content=\"Est. reading time\" \/>\n\t<meta name=\"twitter:data1\" content=\"1 minuto\" \/>\n<script type=\"application\/ld+json\" class=\"yoast-schema-graph\">{\"@context\":\"https:\/\/schema.org\",\"@graph\":[{\"@type\":\"WebPage\",\"@id\":\"https:\/\/www.manaus.am.gov.br\/semef\/emendas-parlamentares\/\",\"url\":\"https:\/\/www.manaus.am.gov.br\/semef\/emendas-parlamentares\/\",\"name\":\"Emendas Parlamentares - SEMEF\",\"isPartOf\":{\"@id\":\"https:\/\/www.manaus.am.gov.br\/semef\/#website\"},\"datePublished\":\"2024-11-04T18:28:43+00:00\",\"dateModified\":\"2026-02-11T12:39:14+00:00\",\"inLanguage\":\"pt-BR\",\"potentialAction\":[{\"@type\":\"ReadAction\",\"target\":[\"https:\/\/www.manaus.am.gov.br\/semef\/emendas-parlamentares\/\"]}]},{\"@type\":\"WebSite\",\"@id\":\"https:\/\/www.manaus.am.gov.br\/semef\/#website\",\"url\":\"https:\/\/www.manaus.am.gov.br\/semef\/\",\"name\":\"SEMEF\",\"description\":\"Secretaria Municipal de Finan\u00e7as e Tecnologia da Informa\u00e7\u00e3o\",\"potentialAction\":[{\"@type\":\"SearchAction\",\"target\":{\"@type\":\"EntryPoint\",\"urlTemplate\":\"https:\/\/www.manaus.am.gov.br\/semef\/?s={search_term_string}\"},\"query-input\":\"required name=search_term_string\"}],\"inLanguage\":\"pt-BR\"}]}<\/script>\n<!-- \/ Yoast SEO plugin. -->","yoast_head_json":{"title":"Emendas Parlamentares - SEMEF","robots":{"index":"index","follow":"follow","max-snippet":"max-snippet:-1","max-image-preview":"max-image-preview:large","max-video-preview":"max-video-preview:-1"},"canonical":"https:\/\/www.manaus.am.gov.br\/semef\/emendas-parlamentares\/","og_locale":"pt_BR","og_type":"article","og_title":"Emendas Parlamentares - SEMEF","og_url":"https:\/\/www.manaus.am.gov.br\/semef\/emendas-parlamentares\/","og_site_name":"SEMEF","article_modified_time":"2026-02-11T12:39:14+00:00","twitter_card":"summary_large_image","twitter_misc":{"Est. reading time":"1 minuto"},"schema":{"@context":"https:\/\/schema.org","@graph":[{"@type":"WebPage","@id":"https:\/\/www.manaus.am.gov.br\/semef\/emendas-parlamentares\/","url":"https:\/\/www.manaus.am.gov.br\/semef\/emendas-parlamentares\/","name":"Emendas Parlamentares - SEMEF","isPartOf":{"@id":"https:\/\/www.manaus.am.gov.br\/semef\/#website"},"datePublished":"2024-11-04T18:28:43+00:00","dateModified":"2026-02-11T12:39:14+00:00","inLanguage":"pt-BR","potentialAction":[{"@type":"ReadAction","target":["https:\/\/www.manaus.am.gov.br\/semef\/emendas-parlamentares\/"]}]},{"@type":"WebSite","@id":"https:\/\/www.manaus.am.gov.br\/semef\/#website","url":"https:\/\/www.manaus.am.gov.br\/semef\/","name":"SEMEF","description":"Secretaria Municipal de Finan\u00e7as e Tecnologia da Informa\u00e7\u00e3o","potentialAction":[{"@type":"SearchAction","target":{"@type":"EntryPoint","urlTemplate":"https:\/\/www.manaus.am.gov.br\/semef\/?s={search_term_string}"},"query-input":"required name=search_term_string"}],"inLanguage":"pt-BR"}]}},"_links":{"self":[{"href":"https:\/\/www.manaus.am.gov.br\/semef\/wp-json\/wp\/v2\/pages\/2870"}],"collection":[{"href":"https:\/\/www.manaus.am.gov.br\/semef\/wp-json\/wp\/v2\/pages"}],"about":[{"href":"https:\/\/www.manaus.am.gov.br\/semef\/wp-json\/wp\/v2\/types\/page"}],"author":[{"embeddable":true,"href":"https:\/\/www.manaus.am.gov.br\/semef\/wp-json\/wp\/v2\/users\/8"}],"replies":[{"embeddable":true,"href":"https:\/\/www.manaus.am.gov.br\/semef\/wp-json\/wp\/v2\/comments?post=2870"}],"version-history":[{"count":32,"href":"https:\/\/www.manaus.am.gov.br\/semef\/wp-json\/wp\/v2\/pages\/2870\/revisions"}],"predecessor-version":[{"id":4992,"href":"https:\/\/www.manaus.am.gov.br\/semef\/wp-json\/wp\/v2\/pages\/2870\/revisions\/4992"}],"wp:attachment":[{"href":"https:\/\/www.manaus.am.gov.br\/semef\/wp-json\/wp\/v2\/media?parent=2870"}],"curies":[{"name":"wp","href":"https:\/\/api.w.org\/{rel}","templated":true}]}}

<p>Clique aqui também para acessar o Transferegov &#8211; <a href="https://dd-publico.serpro.gov.br/extensions/municipalista/municipalista.html">https://dd-publico.serpro.gov.br/extensions/municipalista/municipalista.html</a></p>



<p></p>



<h2 class="wp-block-heading"><a href="https://app-emenda.manaus.am.gov.br/" target="_blank" rel="noreferrer noopener">Emendas Parlamentares Municipais</a></h2>



<p></p>



<h2 class="wp-block-heading">Emendas Parlamentares &#8211; Transferências Especiais</h2>



<h2 class="wp-block-heading">2025</h2>



<p>Transferências Especiais da União – EC Nº105</p>



<div class="wp-block-file"><a id="wp-block-file--media-6ad5a8a5-9029-48e7-8ed7-9ad59ea4172a" href="https://www.manaus.am.gov.br/semef/wp-content/uploads/sites/7/2025/05/TRANSFERENCIAS-ESPECIAIS-EXECUCAO-2021-A-2024_2025.05.21-Para-CGM.xlsx">TRANSFERÊNCIAS ESPECIAIS &#8211; EXECUÇÃO 2021 A 2024 2025.05.21</a></div>



<div class="wp-block-file"><a id="wp-block-file--media-d5670bb3-9e77-486f-86f3-dce57c2b6504" href="https://www.manaus.am.gov.br/semef/wp-content/uploads/sites/7/2025/09/TRANSFERENCIAS-ESPECIAIS-2025_2025.09.10.xlsx">TRANSFERÊNCIAS ESPECIAIS 2025 2025.09.10</a></div>



<div class="wp-block-file"><a id="wp-block-file--media-a3bea9ed-7d6a-4da2-911b-0868f08cd064" href="https://www.manaus.am.gov.br/semef/wp-content/uploads/sites/7/2025/09/TRANSFERENCIAS-ESPECIAIS-2024_2025.09.10.xlsx">TRANSFERÊNCIAS ESPECIAIS 2024 2025.09.10</a></div>



<div class="wp-block-file"><a id="wp-block-file--media-9d0b64ce-7635-4c0d-85ff-21724aa2855b" href="https://www.manaus.am.gov.br/semef/wp-content/uploads/sites/7/2025/09/TRANSFERENCIAS-ESPECIAIS-2023_2025.09.10.xlsx">TRANSFERÊNCIAS ESPECIAIS 2023 2025.09.10</a></div>



<div class="wp-block-file"><a id="wp-block-file--media-c08dc168-a0ad-40f2-84c4-6e024cec535f" href="https://www.manaus.am.gov.br/semef/wp-content/uploads/sites/7/2025/09/TRANSFERENCIAS-ESPECIAIS-2022_2025.09.10.xlsx">TRANSFERÊNCIAS ESPECIAIS 2022 2025.09.10</a></div>



<div class="wp-block-file"><a id="wp-block-file--media-292390ff-5f47-4830-97e5-4be51c8a23e1" href="https://www.manaus.am.gov.br/semef/wp-content/uploads/sites/7/2025/09/TRANSFERENCIAS-ESPECIAIS-2021_2025.09.10.xlsx">TRANSFERÊNCIAS ESPECIAIS 2021 2025.09.10</a></div>



<p></p>



<h2 class="wp-block-heading">2024</h2>



<div class="wp-block-file"><a id="wp-block-file--media-e3379377-18ec-4535-8609-23b71d2e099f" href="https://www.manaus.am.gov.br/semef/wp-content/uploads/sites/7/2025/07/TRANSFERENCIAS-ESPECIAIS-2024_2025.07.21-Para-CGM.xlsx">TRANSFERÊNCIAS ESPECIAIS 2024</a></div>



<p></p>



<h2 class="wp-block-heading">2023</h2>



<div class="wp-block-file"><a id="wp-block-file--media-c3bf3fd1-b6fd-4f00-816a-58cbf4cc32f5" href="https://www.manaus.am.gov.br/semef/wp-content/uploads/sites/7/2025/07/TRANSFERENCIAS-ESPECIAIS-2023_2025.07.21-Para-CGM.xlsx">TRANSFERÊNCIAS ESPECIAIS 2023</a></div>



<p></p>



<h2 class="wp-block-heading">2022</h2>



<div class="wp-block-file"><a id="wp-block-file--media-f9a11bbb-c7e4-4c3c-bcde-73bee226dfdd" href="https://www.manaus.am.gov.br/semef/wp-content/uploads/sites/7/2025/07/TRANSFERENCIAS-ESPECIAIS-2022_2025.07.21-Para-CGM.xlsx">TRANSFERÊNCIAS ESPECIAIS 2022</a></div>



<p></p>



<h2 class="wp-block-heading">2021</h2>



<div class="wp-block-file"><a id="wp-block-file--media-68a4b75f-d1ee-40a0-9288-bdefd2553eeb" href="https://www.manaus.am.gov.br/semef/wp-content/uploads/sites/7/2025/07/TRANSFERENCIAS-ESPECIAIS-2021_2025.05.21-Para-CGM.xlsx">TRANSFERÊNCIAS ESPECIAIS 2021</a></div>

<!-- This site is optimized with the Yoast SEO plugin v23.0 - https://yoast.com/wordpress/plugins/seo/ -->
<title>Emendas Parlamentares - SEMEF</title>
<meta name="robots" content="index, follow, max-snippet:-1, max-image-preview:large, max-video-preview:-1" />
<link rel="canonical" href="https://www.manaus.am.gov.br/semef/emendas-parlamentares/" />
<meta property="og:locale" content="pt_BR" />
<meta property="og:type" content="article" />
<meta property="og:title" content="Emendas Parlamentares - SEMEF" />
<meta property="og:url" content="https://www.manaus.am.gov.br/semef/emendas-parlamentares/" />
<meta property="og:site_name" content="SEMEF" />
<meta property="article:modified_time" content="2026-02-11T12:39:14+00:00" />
<meta name="twitter:card" content="summary_large_image" />
<meta name="twitter:label1" content="Est. reading time" />
	<meta name="twitter:data1" content="1 minuto" />
<script type="application/ld+json" class="yoast-schema-graph">{"@context":"https://schema.org","@graph":[{"@type":"WebPage","@id":"https://www.manaus.am.gov.br/semef/emendas-parlamentares/","url":"https://www.manaus.am.gov.br/semef/emendas-parlamentares/","name":"Emendas Parlamentares - SEMEF","isPartOf":{"@id":"https://www.manaus.am.gov.br/semef/#website"},"datePublished":"2024-11-04T18:28:43+00:00","dateModified":"2026-02-11T12:39:14+00:00","inLanguage":"pt-BR","potentialAction":[{"@type":"ReadAction","target":["https://www.manaus.am.gov.br/semef/emendas-parlamentares/"]}]},{"@type":"WebSite","@id":"https://www.manaus.am.gov.br/semef/#website","url":"https://www.manaus.am.gov.br/semef/","name":"SEMEF","description":"Secretaria Municipal de Finanças e Tecnologia da Informação","potentialAction":[{"@type":"SearchAction","target":{"@type":"EntryPoint","urlTemplate":"https://www.manaus.am.gov.br/semef/?s={search_term_string}"},"query-input":"required name=search_term_string"}],"inLanguage":"pt-BR"}]}</script>
<!-- / Yoast SEO plugin. -->

Secretaria Municipal de Finanças e Tecnologia da Informação
