{"id":2402,"date":"2024-03-22T09:01:39","date_gmt":"2024-03-22T13:01:39","guid":{"rendered":"https:\/\/www.manaus.am.gov.br\/semef\/?page_id=2402"},"modified":"2025-03-10T08:47:31","modified_gmt":"2025-03-10T12:47:31","slug":"eu-sou-cidadao-solidario","status":"publish","type":"page","link":"https:\/\/www.manaus.am.gov.br\/semef\/eu-sou-cidadao-solidario\/","title":{"rendered":"Eu Sou Cidad\u00e3o Solid\u00e1rio"},"content":{"rendered":"\n<p>Saiba como destinar parte do seu Imposto de Renda aos fundos municipais dos idosos e dos direitos da crian\u00e7a e do adolescente. Participe da campanha de destina\u00e7\u00e3o da Prefeitura de Manaus \u201cEu sou cidad\u00e3o solid\u00e1rio\u201d<\/p>\n\n\n\n<p><strong>Imposto de Renda: entenda como funciona<\/strong><\/p>\n\n\n\n<p>O Imposto de Renda (IR) \u00e9 um tributo que incide sobre a renda dos cidad\u00e3os. Parte desse imposto \u00e9 recolhida mensalmente, diretamente na fonte pagadora, sob a forma de Imposto de Renda Retido na Fonte (IRRF), nos casos de sal\u00e1rios, alugu\u00e9is e outros rendimentos.<\/p>\n\n\n\n<p>Anualmente, ao realizar a Declara\u00e7\u00e3o de Ajuste Anual do Imposto de Renda, o contribuinte verifica se o valor total do IRRF pago ao longo do ano foi suficiente para quitar o imposto devido.<\/p>\n\n\n\n<p>Se o IRRF for menor que o imposto devido: o contribuinte dever\u00e1 pagar a diferen\u00e7a.<\/p>\n\n\n\n<p>Se o IRRF for maior que o imposto devido: o contribuinte ter\u00e1 direito \u00e0 restitui\u00e7\u00e3o do valor excedente.<\/p>\n\n\n\n<p><strong>Destine parte do seu Imposto de Renda para Manaus!<\/strong><\/p>\n\n\n\n<p>Normalmente, o Imposto de Renda (IR) \u00e9 destinado integralmente \u00e0 Uni\u00e3o. Mas voc\u00ea pode mudar isso! Destine parte do seu IR para os Fundos Municipais dos Direitos da Crian\u00e7a e do Adolescente e dos Direitos da Pessoa Idosa de Manaus e ajude a transformar a realidade local das nossas crian\u00e7as e idosos.<\/p>\n\n\n\n<p>Pessoas F\u00edsicas que utilizam o modelo completo de declara\u00e7\u00e3o do IR podem destinar at\u00e9 3% para cada fundo (limite total de 6%). Pessoas Jur\u00eddicas tributadas pelo regime de lucro real tamb\u00e9m podem destinar at\u00e9 1% para cada fundo.<\/p>\n\n\n\n<p>Voc\u00ea pode fazer isso de duas formas:<\/p>\n\n\n\n<p>1 &#8211; Doando um valor aos Fundos Municipais e lan\u00e7ando esta doa\u00e7\u00e3o como uma dedu\u00e7\u00e3o no pr\u00f3ximo IR;<\/p>\n\n\n\n<p>2 &#8211; Ou na pr\u00f3pria declara\u00e7\u00e3o, de forma r\u00e1pida e f\u00e1cil!<\/p>\n\n\n\n<p>Ao direcionar parte do seu IR para Manaus, voc\u00ea contribui para projetos sociais que impactam positivamente a vida de crian\u00e7as, adolescentes e idosos da nossa cidade.<\/p>\n\n\n\n<p><strong>E isso n\u00e3o vai te custar nada!<\/strong><\/p>\n\n\n\n<p>Ao destinar parte do seu Imposto de Renda aos Fundos Municipais, voc\u00ea reduz o valor a pagar ou aumenta sua restitui\u00e7\u00e3o. Se voc\u00ea tem imposto a pagar, o valor doado ser\u00e1 descontado do saldo devedor. Se tem direito \u00e0 restitui\u00e7\u00e3o, o valor doado ser\u00e1 adicionado ao montante a receber.<\/p>\n\n\n\n<p><strong>Aten\u00e7\u00e3o!<\/strong><\/p>\n\n\n\n<p>A destina\u00e7\u00e3o de Imposto de Renda s\u00f3 est\u00e1 dispon\u00edvel para quem preenche a declara\u00e7\u00e3o no modelo Completo.<\/p>\n\n\n\n<p>A declara\u00e7\u00e3o Simplificada n\u00e3o contempla esta possibilidade.<\/p>\n\n\n\n<p><strong>E para onde v\u00e3o esses valores?<\/strong><\/p>\n\n\n\n<p>Os valores ser\u00e3o destinados diretamente Fundos dos Direitos da Crian\u00e7a e do Adolescente e aos Fundos dos Direitos da Pessoa Idosa do munic\u00edpio de Manaus.<\/p>\n\n\n\n<p>Os recursos servir\u00e3o para investimento nas a\u00e7\u00f5es de cuidados e defesas das nossas crian\u00e7as, adolescentes e idosos de Manaus.<\/p>\n\n\n\n<p>O processo todo &#8211; repasse e aplica\u00e7\u00e3o &#8211; \u00e9 fiscalizado pelo Minist\u00e9rio P\u00fablico do Amazonas (MP-AM) e Tribunal de Contas do Estado do Amazonas (TCE-AM) e voc\u00ea mesmo pode acompanh\u00e1-lo por meio da internet, com as ferramentas de Transpar\u00eancia dispon\u00edveis em todo o Brasil.<\/p>\n\n\n\n<p><strong>Destina\u00e7\u00e3o \u00e9 cidadania<\/strong><\/p>\n\n\n\n<p>Os valores de IRPF destinados s\u00e3o impostos j\u00e1 devidos pelo cidad\u00e3o.<\/p>\n\n\n\n<p>Ao destinar, voc\u00ea escolhe manter esses recursos na sua cidade, ajudando os projetos sociais que voc\u00ea conhece.<\/p>\n\n\n\n<p>\u00c9 r\u00e1pido, f\u00e1cil, seguro, n\u00e3o custa absolutamente nada, ajuda a quem mais precisa e muda as vidas de muitas crian\u00e7as, jovens e idosos da nossa cidade.<\/p>\n\n\n\n<p>Veja como realizar a sua destina\u00e7\u00e3o passo a passo:<\/p>\n\n\n\n<figure class=\"wp-block-video\"><video controls src=\"https:\/\/www.manaus.am.gov.br\/semef\/wp-content\/uploads\/sites\/7\/2024\/03\/VT-PASSO-A-PASSO-EU-SOU-CIDADAO-SOLIDARIO.mp4\"><\/video><\/figure>\n","protected":false},"excerpt":{"rendered":"","protected":false},"author":8,"featured_media":2407,"parent":0,"menu_order":0,"comment_status":"closed","ping_status":"closed","template":"","meta":{"footnotes":""},"acf":[],"yoast_head":"<!-- This site is optimized with the Yoast SEO plugin v23.0 - https:\/\/yoast.com\/wordpress\/plugins\/seo\/ -->\n<title>Eu Sou Cidad\u00e3o Solid\u00e1rio - SEMEF<\/title>\n<meta name=\"robots\" content=\"index, follow, max-snippet:-1, max-image-preview:large, max-video-preview:-1\" \/>\n<link rel=\"canonical\" href=\"https:\/\/www.manaus.am.gov.br\/semef\/eu-sou-cidadao-solidario\/\" \/>\n<meta property=\"og:locale\" content=\"pt_BR\" \/>\n<meta property=\"og:type\" content=\"article\" \/>\n<meta property=\"og:title\" content=\"Eu Sou Cidad\u00e3o Solid\u00e1rio - SEMEF\" \/>\n<meta property=\"og:url\" content=\"https:\/\/www.manaus.am.gov.br\/semef\/eu-sou-cidadao-solidario\/\" \/>\n<meta property=\"og:site_name\" content=\"SEMEF\" \/>\n<meta property=\"article:modified_time\" content=\"2025-03-10T12:47:31+00:00\" \/>\n<meta property=\"og:image\" content=\"https:\/\/www.manaus.am.gov.br\/semef\/wp-content\/uploads\/sites\/7\/2024\/03\/LOGO-eu-sou-cidadao-solidario.png\" \/>\n\t<meta property=\"og:image:width\" content=\"1034\" \/>\n\t<meta property=\"og:image:height\" content=\"384\" \/>\n\t<meta property=\"og:image:type\" content=\"image\/png\" \/>\n<meta name=\"twitter:card\" content=\"summary_large_image\" \/>\n<meta name=\"twitter:label1\" content=\"Est. reading time\" \/>\n\t<meta name=\"twitter:data1\" content=\"4 minutos\" \/>\n<script type=\"application\/ld+json\" class=\"yoast-schema-graph\">{\"@context\":\"https:\/\/schema.org\",\"@graph\":[{\"@type\":\"WebPage\",\"@id\":\"https:\/\/www.manaus.am.gov.br\/semef\/eu-sou-cidadao-solidario\/\",\"url\":\"https:\/\/www.manaus.am.gov.br\/semef\/eu-sou-cidadao-solidario\/\",\"name\":\"Eu Sou Cidad\u00e3o Solid\u00e1rio - SEMEF\",\"isPartOf\":{\"@id\":\"https:\/\/www.manaus.am.gov.br\/semef\/#website\"},\"primaryImageOfPage\":{\"@id\":\"https:\/\/www.manaus.am.gov.br\/semef\/eu-sou-cidadao-solidario\/#primaryimage\"},\"image\":{\"@id\":\"https:\/\/www.manaus.am.gov.br\/semef\/eu-sou-cidadao-solidario\/#primaryimage\"},\"thumbnailUrl\":\"https:\/\/www.manaus.am.gov.br\/semef\/wp-content\/uploads\/sites\/7\/2024\/03\/LOGO-eu-sou-cidadao-solidario.png\",\"datePublished\":\"2024-03-22T13:01:39+00:00\",\"dateModified\":\"2025-03-10T12:47:31+00:00\",\"inLanguage\":\"pt-BR\",\"potentialAction\":[{\"@type\":\"ReadAction\",\"target\":[\"https:\/\/www.manaus.am.gov.br\/semef\/eu-sou-cidadao-solidario\/\"]}]},{\"@type\":\"ImageObject\",\"inLanguage\":\"pt-BR\",\"@id\":\"https:\/\/www.manaus.am.gov.br\/semef\/eu-sou-cidadao-solidario\/#primaryimage\",\"url\":\"https:\/\/www.manaus.am.gov.br\/semef\/wp-content\/uploads\/sites\/7\/2024\/03\/LOGO-eu-sou-cidadao-solidario.png\",\"contentUrl\":\"https:\/\/www.manaus.am.gov.br\/semef\/wp-content\/uploads\/sites\/7\/2024\/03\/LOGO-eu-sou-cidadao-solidario.png\",\"width\":1034,\"height\":384},{\"@type\":\"WebSite\",\"@id\":\"https:\/\/www.manaus.am.gov.br\/semef\/#website\",\"url\":\"https:\/\/www.manaus.am.gov.br\/semef\/\",\"name\":\"SEMEF\",\"description\":\"Secretaria Municipal de Finan\u00e7as e Tecnologia da Informa\u00e7\u00e3o\",\"potentialAction\":[{\"@type\":\"SearchAction\",\"target\":{\"@type\":\"EntryPoint\",\"urlTemplate\":\"https:\/\/www.manaus.am.gov.br\/semef\/?s={search_term_string}\"},\"query-input\":\"required name=search_term_string\"}],\"inLanguage\":\"pt-BR\"}]}<\/script>\n<!-- \/ Yoast SEO plugin. -->","yoast_head_json":{"title":"Eu Sou Cidad\u00e3o Solid\u00e1rio - SEMEF","robots":{"index":"index","follow":"follow","max-snippet":"max-snippet:-1","max-image-preview":"max-image-preview:large","max-video-preview":"max-video-preview:-1"},"canonical":"https:\/\/www.manaus.am.gov.br\/semef\/eu-sou-cidadao-solidario\/","og_locale":"pt_BR","og_type":"article","og_title":"Eu Sou Cidad\u00e3o Solid\u00e1rio - SEMEF","og_url":"https:\/\/www.manaus.am.gov.br\/semef\/eu-sou-cidadao-solidario\/","og_site_name":"SEMEF","article_modified_time":"2025-03-10T12:47:31+00:00","og_image":[{"width":1034,"height":384,"url":"https:\/\/www.manaus.am.gov.br\/semef\/wp-content\/uploads\/sites\/7\/2024\/03\/LOGO-eu-sou-cidadao-solidario.png","type":"image\/png"}],"twitter_card":"summary_large_image","twitter_misc":{"Est. reading time":"4 minutos"},"schema":{"@context":"https:\/\/schema.org","@graph":[{"@type":"WebPage","@id":"https:\/\/www.manaus.am.gov.br\/semef\/eu-sou-cidadao-solidario\/","url":"https:\/\/www.manaus.am.gov.br\/semef\/eu-sou-cidadao-solidario\/","name":"Eu Sou Cidad\u00e3o Solid\u00e1rio - SEMEF","isPartOf":{"@id":"https:\/\/www.manaus.am.gov.br\/semef\/#website"},"primaryImageOfPage":{"@id":"https:\/\/www.manaus.am.gov.br\/semef\/eu-sou-cidadao-solidario\/#primaryimage"},"image":{"@id":"https:\/\/www.manaus.am.gov.br\/semef\/eu-sou-cidadao-solidario\/#primaryimage"},"thumbnailUrl":"https:\/\/www.manaus.am.gov.br\/semef\/wp-content\/uploads\/sites\/7\/2024\/03\/LOGO-eu-sou-cidadao-solidario.png","datePublished":"2024-03-22T13:01:39+00:00","dateModified":"2025-03-10T12:47:31+00:00","inLanguage":"pt-BR","potentialAction":[{"@type":"ReadAction","target":["https:\/\/www.manaus.am.gov.br\/semef\/eu-sou-cidadao-solidario\/"]}]},{"@type":"ImageObject","inLanguage":"pt-BR","@id":"https:\/\/www.manaus.am.gov.br\/semef\/eu-sou-cidadao-solidario\/#primaryimage","url":"https:\/\/www.manaus.am.gov.br\/semef\/wp-content\/uploads\/sites\/7\/2024\/03\/LOGO-eu-sou-cidadao-solidario.png","contentUrl":"https:\/\/www.manaus.am.gov.br\/semef\/wp-content\/uploads\/sites\/7\/2024\/03\/LOGO-eu-sou-cidadao-solidario.png","width":1034,"height":384},{"@type":"WebSite","@id":"https:\/\/www.manaus.am.gov.br\/semef\/#website","url":"https:\/\/www.manaus.am.gov.br\/semef\/","name":"SEMEF","description":"Secretaria Municipal de Finan\u00e7as e Tecnologia da Informa\u00e7\u00e3o","potentialAction":[{"@type":"SearchAction","target":{"@type":"EntryPoint","urlTemplate":"https:\/\/www.manaus.am.gov.br\/semef\/?s={search_term_string}"},"query-input":"required name=search_term_string"}],"inLanguage":"pt-BR"}]}},"_links":{"self":[{"href":"https:\/\/www.manaus.am.gov.br\/semef\/wp-json\/wp\/v2\/pages\/2402"}],"collection":[{"href":"https:\/\/www.manaus.am.gov.br\/semef\/wp-json\/wp\/v2\/pages"}],"about":[{"href":"https:\/\/www.manaus.am.gov.br\/semef\/wp-json\/wp\/v2\/types\/page"}],"author":[{"embeddable":true,"href":"https:\/\/www.manaus.am.gov.br\/semef\/wp-json\/wp\/v2\/users\/8"}],"replies":[{"embeddable":true,"href":"https:\/\/www.manaus.am.gov.br\/semef\/wp-json\/wp\/v2\/comments?post=2402"}],"version-history":[{"count":6,"href":"https:\/\/www.manaus.am.gov.br\/semef\/wp-json\/wp\/v2\/pages\/2402\/revisions"}],"predecessor-version":[{"id":3836,"href":"https:\/\/www.manaus.am.gov.br\/semef\/wp-json\/wp\/v2\/pages\/2402\/revisions\/3836"}],"wp:featuredmedia":[{"embeddable":true,"href":"https:\/\/www.manaus.am.gov.br\/semef\/wp-json\/wp\/v2\/media\/2407"}],"wp:attachment":[{"href":"https:\/\/www.manaus.am.gov.br\/semef\/wp-json\/wp\/v2\/media?parent=2402"}],"curies":[{"name":"wp","href":"https:\/\/api.w.org\/{rel}","templated":true}]}}

Eu Sou Cidadão Solidário

<p>Saiba como destinar parte do seu Imposto de Renda aos fundos municipais dos idosos e dos direitos da criança e do adolescente. Participe da campanha de destinação da Prefeitura de Manaus “Eu sou cidadão solidário”</p>



<p><strong>Imposto de Renda: entenda como funciona</strong></p>



<p>O Imposto de Renda (IR) é um tributo que incide sobre a renda dos cidadãos. Parte desse imposto é recolhida mensalmente, diretamente na fonte pagadora, sob a forma de Imposto de Renda Retido na Fonte (IRRF), nos casos de salários, aluguéis e outros rendimentos.</p>



<p>Anualmente, ao realizar a Declaração de Ajuste Anual do Imposto de Renda, o contribuinte verifica se o valor total do IRRF pago ao longo do ano foi suficiente para quitar o imposto devido.</p>



<p>Se o IRRF for menor que o imposto devido: o contribuinte deverá pagar a diferença.</p>



<p>Se o IRRF for maior que o imposto devido: o contribuinte terá direito à restituição do valor excedente.</p>



<p><strong>Destine parte do seu Imposto de Renda para Manaus!</strong></p>



<p>Normalmente, o Imposto de Renda (IR) é destinado integralmente à União. Mas você pode mudar isso! Destine parte do seu IR para os Fundos Municipais dos Direitos da Criança e do Adolescente e dos Direitos da Pessoa Idosa de Manaus e ajude a transformar a realidade local das nossas crianças e idosos.</p>



<p>Pessoas Físicas que utilizam o modelo completo de declaração do IR podem destinar até 3% para cada fundo (limite total de 6%). Pessoas Jurídicas tributadas pelo regime de lucro real também podem destinar até 1% para cada fundo.</p>



<p>Você pode fazer isso de duas formas:</p>



<p>1 &#8211; Doando um valor aos Fundos Municipais e lançando esta doação como uma dedução no próximo IR;</p>



<p>2 &#8211; Ou na própria declaração, de forma rápida e fácil!</p>



<p>Ao direcionar parte do seu IR para Manaus, você contribui para projetos sociais que impactam positivamente a vida de crianças, adolescentes e idosos da nossa cidade.</p>



<p><strong>E isso não vai te custar nada!</strong></p>



<p>Ao destinar parte do seu Imposto de Renda aos Fundos Municipais, você reduz o valor a pagar ou aumenta sua restituição. Se você tem imposto a pagar, o valor doado será descontado do saldo devedor. Se tem direito à restituição, o valor doado será adicionado ao montante a receber.</p>



<p><strong>Atenção!</strong></p>



<p>A destinação de Imposto de Renda só está disponível para quem preenche a declaração no modelo Completo.</p>



<p>A declaração Simplificada não contempla esta possibilidade.</p>



<p><strong>E para onde vão esses valores?</strong></p>



<p>Os valores serão destinados diretamente Fundos dos Direitos da Criança e do Adolescente e aos Fundos dos Direitos da Pessoa Idosa do município de Manaus.</p>



<p>Os recursos servirão para investimento nas ações de cuidados e defesas das nossas crianças, adolescentes e idosos de Manaus.</p>



<p>O processo todo &#8211; repasse e aplicação &#8211; é fiscalizado pelo Ministério Público do Amazonas (MP-AM) e Tribunal de Contas do Estado do Amazonas (TCE-AM) e você mesmo pode acompanhá-lo por meio da internet, com as ferramentas de Transparência disponíveis em todo o Brasil.</p>



<p><strong>Destinação é cidadania</strong></p>



<p>Os valores de IRPF destinados são impostos já devidos pelo cidadão.</p>



<p>Ao destinar, você escolhe manter esses recursos na sua cidade, ajudando os projetos sociais que você conhece.</p>



<p>É rápido, fácil, seguro, não custa absolutamente nada, ajuda a quem mais precisa e muda as vidas de muitas crianças, jovens e idosos da nossa cidade.</p>



<p>Veja como realizar a sua destinação passo a passo:</p>



<figure class="wp-block-video"><video controls src="https://www.manaus.am.gov.br/semef/wp-content/uploads/sites/7/2024/03/VT-PASSO-A-PASSO-EU-SOU-CIDADAO-SOLIDARIO.mp4"></video></figure>

<!-- This site is optimized with the Yoast SEO plugin v23.0 - https://yoast.com/wordpress/plugins/seo/ -->
<title>Eu Sou Cidadão Solidário - SEMEF</title>
<meta name="robots" content="index, follow, max-snippet:-1, max-image-preview:large, max-video-preview:-1" />
<link rel="canonical" href="https://www.manaus.am.gov.br/semef/eu-sou-cidadao-solidario/" />
<meta property="og:locale" content="pt_BR" />
<meta property="og:type" content="article" />
<meta property="og:title" content="Eu Sou Cidadão Solidário - SEMEF" />
<meta property="og:url" content="https://www.manaus.am.gov.br/semef/eu-sou-cidadao-solidario/" />
<meta property="og:site_name" content="SEMEF" />
<meta property="article:modified_time" content="2025-03-10T12:47:31+00:00" />
<meta property="og:image" content="https://www.manaus.am.gov.br/semef/wp-content/uploads/sites/7/2024/03/LOGO-eu-sou-cidadao-solidario.png" />
	<meta property="og:image:width" content="1034" />
	<meta property="og:image:height" content="384" />
	<meta property="og:image:type" content="image/png" />
<meta name="twitter:card" content="summary_large_image" />
<meta name="twitter:label1" content="Est. reading time" />
	<meta name="twitter:data1" content="4 minutos" />
<script type="application/ld+json" class="yoast-schema-graph">{"@context":"https://schema.org","@graph":[{"@type":"WebPage","@id":"https://www.manaus.am.gov.br/semef/eu-sou-cidadao-solidario/","url":"https://www.manaus.am.gov.br/semef/eu-sou-cidadao-solidario/","name":"Eu Sou Cidadão Solidário - SEMEF","isPartOf":{"@id":"https://www.manaus.am.gov.br/semef/#website"},"primaryImageOfPage":{"@id":"https://www.manaus.am.gov.br/semef/eu-sou-cidadao-solidario/#primaryimage"},"image":{"@id":"https://www.manaus.am.gov.br/semef/eu-sou-cidadao-solidario/#primaryimage"},"thumbnailUrl":"https://www.manaus.am.gov.br/semef/wp-content/uploads/sites/7/2024/03/LOGO-eu-sou-cidadao-solidario.png","datePublished":"2024-03-22T13:01:39+00:00","dateModified":"2025-03-10T12:47:31+00:00","inLanguage":"pt-BR","potentialAction":[{"@type":"ReadAction","target":["https://www.manaus.am.gov.br/semef/eu-sou-cidadao-solidario/"]}]},{"@type":"ImageObject","inLanguage":"pt-BR","@id":"https://www.manaus.am.gov.br/semef/eu-sou-cidadao-solidario/#primaryimage","url":"https://www.manaus.am.gov.br/semef/wp-content/uploads/sites/7/2024/03/LOGO-eu-sou-cidadao-solidario.png","contentUrl":"https://www.manaus.am.gov.br/semef/wp-content/uploads/sites/7/2024/03/LOGO-eu-sou-cidadao-solidario.png","width":1034,"height":384},{"@type":"WebSite","@id":"https://www.manaus.am.gov.br/semef/#website","url":"https://www.manaus.am.gov.br/semef/","name":"SEMEF","description":"Secretaria Municipal de Finanças e Tecnologia da Informação","potentialAction":[{"@type":"SearchAction","target":{"@type":"EntryPoint","urlTemplate":"https://www.manaus.am.gov.br/semef/?s={search_term_string}"},"query-input":"required name=search_term_string"}],"inLanguage":"pt-BR"}]}</script>
<!-- / Yoast SEO plugin. -->

Eu Sou Cidadão Solidário - SEMEF

Secretaria Municipal de Finanças e Tecnologia da Informação
