{"id":196,"date":"2022-12-23T15:22:05","date_gmt":"2022-12-23T19:22:05","guid":{"rendered":"https:\/\/www.manaus.am.gov.br\/semef\/?page_id=196"},"modified":"2025-07-17T10:20:55","modified_gmt":"2025-07-17T14:20:55","slug":"acoes-e-metas","status":"publish","type":"page","link":"https:\/\/www.manaus.am.gov.br\/semef\/a-semef\/acoes-e-metas\/","title":{"rendered":"Objetivos e Metas"},"content":{"rendered":"\n<p>-Aumentar a arrecada\u00e7\u00e3o municipal, combatendo a sonega\u00e7\u00e3o tribut\u00e1ria, redu\u00e7\u00e3o da inadimpl\u00eancia dos tributos e crescente melhoria dos servi\u00e7os aos contribuintes;<\/p>\n\n\n\n<p>-Lan\u00e7ar o aplicativo SEMEF ATENDE DIGITAL para pagamento de tributos aos contribuintes e, ainda, que servir\u00e1 de base para o acesso a diversos servi\u00e7os tribut\u00e1rios;<\/p>\n\n\n\n<p>-Dar continuidade ao trabalho de melhoria dos relat\u00f3rios de malha fiscal;<\/p>\n\n\n\n<p>-Desenvolver os m\u00f3dulos IPTU ONLINE E ITBI ONLINE;<\/p>\n\n\n\n<p>-Ampliar as medidas de prote\u00e7\u00e3o do equil\u00edbrio fiscal de longo prazo, priorizando o financiamento de projetos que aumentem a arrecada\u00e7\u00e3o ou que facilitem o planejamento de curto e m\u00e9dio prazo pelas Secretarias quando da capta\u00e7\u00e3o de recursos por meio de opera\u00e7\u00f5es de cr\u00e9dito, com vista no aumento da capacidade de investimentos do Munic\u00edpio com recursos pr\u00f3prios;<\/p>\n\n\n\n<p>-Ampliar os recursos financeiros repassados pela Uni\u00e3o e Estado, derivados das transfer\u00eancias constitucionais e legais, atrav\u00e9s da corre\u00e7\u00e3o de valores, bem como, por conv\u00eanios, transfer\u00eancias fundo a fundo e emendas parlamentares, buscando o fortalecimento de servi\u00e7os e aperfei\u00e7oamentos de capital de interesse comum;<\/p>\n\n\n\n<p>-Aperfei\u00e7oar o Planejamento de curto e m\u00e9dio prazo, com a implanta\u00e7\u00e3o do PPA Participativo e de novo Plano Plurianual \u2013 PPA 2026-2029, al\u00e9m de efetuar melhorias continuas no novo portal PPA Manaus, com inicia\u00e7\u00e3o de pr\u00e1ticas de regionaliza\u00e7\u00e3o;<\/p>\n\n\n\n<p>-Implantar o Sistema Municipal de Pagamento ao Fornecedor (Simpaf);<\/p>\n\n\n\n<p>-Otimizar relat\u00f3rios de gest\u00e3o cont\u00e1bil e fiscal, e aperfei\u00e7oar o sistema gerencial de d\u00edvida p\u00fablica;<\/p>\n\n\n\n<p>-Aumentar a capacidade de armazenamento e processamento no datacenter da Prefeitura de Manaus;<\/p>\n\n\n\n<p>-Fortalecer o uso do ambiente de geocolabora\u00e7\u00e3o gest\u00e3o municipal;<\/p>\n\n\n\n<p>-Implantar o Plano Diretor de Tecnologia da Informa\u00e7\u00e3o na Prefeitura de Manaus;<\/p>\n\n\n\n<p>-Consolidar a Seguran\u00e7a da informa\u00e7\u00e3o na Prefeitura de Manaus;<\/p>\n\n\n\n<p>-Implantar o Cadastro Integrado Municipal na Prefeitura de Manaus;<\/p>\n\n\n\n<p>-Implantar o Governo Digital da Prefeitura de Manaus;<\/p>\n\n\n\n<p>-Ampliar as funcionalidades e servi\u00e7os do Sistema de Licenciamento Integrado Municipal (Slim);<\/p>\n\n\n\n<p>-Atualizar e ampliar a automa\u00e7\u00e3o das informa\u00e7\u00f5es da Rede Nacional para a Simplifica\u00e7\u00e3o do Registro e da Legaliza\u00e7\u00e3o de Empresas e Neg\u00f3cios (RedeSim) para redu\u00e7\u00e3o cont\u00ednua do tempo de abertura de empresas em Manaus;<\/p>\n\n\n\n<p>-Amplia\u00e7\u00e3o da desburocratiza\u00e7\u00e3o, redesenho dos processos internos e melhoria do Ambiente de Neg\u00f3cios em Manaus;<\/p>\n\n\n\n<p>-Consolidar os processos de gest\u00e3o estrat\u00e9gica e de metas do munic\u00edpio.<\/p>\n","protected":false},"excerpt":{"rendered":"","protected":false},"author":27,"featured_media":0,"parent":143,"menu_order":4,"comment_status":"closed","ping_status":"closed","template":"templates\/turismo.php","meta":{"footnotes":""},"acf":[],"yoast_head":"<!-- This site is optimized with the Yoast SEO plugin v23.0 - https:\/\/yoast.com\/wordpress\/plugins\/seo\/ -->\n<title>Objetivos e Metas - SEMEF<\/title>\n<meta name=\"robots\" content=\"index, follow, max-snippet:-1, max-image-preview:large, max-video-preview:-1\" \/>\n<link rel=\"canonical\" href=\"https:\/\/www.manaus.am.gov.br\/semef\/a-semef\/acoes-e-metas\/\" \/>\n<meta property=\"og:locale\" content=\"pt_BR\" \/>\n<meta property=\"og:type\" content=\"article\" \/>\n<meta property=\"og:title\" content=\"Objetivos e Metas - SEMEF\" \/>\n<meta property=\"og:url\" content=\"https:\/\/www.manaus.am.gov.br\/semef\/a-semef\/acoes-e-metas\/\" \/>\n<meta property=\"og:site_name\" content=\"SEMEF\" \/>\n<meta property=\"article:modified_time\" content=\"2025-07-17T14:20:55+00:00\" \/>\n<meta name=\"twitter:card\" content=\"summary_large_image\" \/>\n<meta name=\"twitter:label1\" content=\"Est. reading time\" \/>\n\t<meta name=\"twitter:data1\" content=\"2 minutos\" \/>\n<script type=\"application\/ld+json\" class=\"yoast-schema-graph\">{\"@context\":\"https:\/\/schema.org\",\"@graph\":[{\"@type\":\"WebPage\",\"@id\":\"https:\/\/www.manaus.am.gov.br\/semef\/a-semef\/acoes-e-metas\/\",\"url\":\"https:\/\/www.manaus.am.gov.br\/semef\/a-semef\/acoes-e-metas\/\",\"name\":\"Objetivos e Metas - SEMEF\",\"isPartOf\":{\"@id\":\"https:\/\/www.manaus.am.gov.br\/semef\/#website\"},\"datePublished\":\"2022-12-23T19:22:05+00:00\",\"dateModified\":\"2025-07-17T14:20:55+00:00\",\"breadcrumb\":{\"@id\":\"https:\/\/www.manaus.am.gov.br\/semef\/a-semef\/acoes-e-metas\/#breadcrumb\"},\"inLanguage\":\"pt-BR\",\"potentialAction\":[{\"@type\":\"ReadAction\",\"target\":[\"https:\/\/www.manaus.am.gov.br\/semef\/a-semef\/acoes-e-metas\/\"]}]},{\"@type\":\"BreadcrumbList\",\"@id\":\"https:\/\/www.manaus.am.gov.br\/semef\/a-semef\/acoes-e-metas\/#breadcrumb\",\"itemListElement\":[{\"@type\":\"ListItem\",\"position\":1,\"name\":\"A Semef\",\"item\":\"https:\/\/www.manaus.am.gov.br\/semef\/a-semef\/\"},{\"@type\":\"ListItem\",\"position\":2,\"name\":\"Objetivos e Metas\"}]},{\"@type\":\"WebSite\",\"@id\":\"https:\/\/www.manaus.am.gov.br\/semef\/#website\",\"url\":\"https:\/\/www.manaus.am.gov.br\/semef\/\",\"name\":\"SEMEF\",\"description\":\"Secretaria Municipal de Finan\u00e7as e Tecnologia da Informa\u00e7\u00e3o\",\"potentialAction\":[{\"@type\":\"SearchAction\",\"target\":{\"@type\":\"EntryPoint\",\"urlTemplate\":\"https:\/\/www.manaus.am.gov.br\/semef\/?s={search_term_string}\"},\"query-input\":\"required name=search_term_string\"}],\"inLanguage\":\"pt-BR\"}]}<\/script>\n<!-- \/ Yoast SEO plugin. -->","yoast_head_json":{"title":"Objetivos e Metas - SEMEF","robots":{"index":"index","follow":"follow","max-snippet":"max-snippet:-1","max-image-preview":"max-image-preview:large","max-video-preview":"max-video-preview:-1"},"canonical":"https:\/\/www.manaus.am.gov.br\/semef\/a-semef\/acoes-e-metas\/","og_locale":"pt_BR","og_type":"article","og_title":"Objetivos e Metas - SEMEF","og_url":"https:\/\/www.manaus.am.gov.br\/semef\/a-semef\/acoes-e-metas\/","og_site_name":"SEMEF","article_modified_time":"2025-07-17T14:20:55+00:00","twitter_card":"summary_large_image","twitter_misc":{"Est. reading time":"2 minutos"},"schema":{"@context":"https:\/\/schema.org","@graph":[{"@type":"WebPage","@id":"https:\/\/www.manaus.am.gov.br\/semef\/a-semef\/acoes-e-metas\/","url":"https:\/\/www.manaus.am.gov.br\/semef\/a-semef\/acoes-e-metas\/","name":"Objetivos e Metas - SEMEF","isPartOf":{"@id":"https:\/\/www.manaus.am.gov.br\/semef\/#website"},"datePublished":"2022-12-23T19:22:05+00:00","dateModified":"2025-07-17T14:20:55+00:00","breadcrumb":{"@id":"https:\/\/www.manaus.am.gov.br\/semef\/a-semef\/acoes-e-metas\/#breadcrumb"},"inLanguage":"pt-BR","potentialAction":[{"@type":"ReadAction","target":["https:\/\/www.manaus.am.gov.br\/semef\/a-semef\/acoes-e-metas\/"]}]},{"@type":"BreadcrumbList","@id":"https:\/\/www.manaus.am.gov.br\/semef\/a-semef\/acoes-e-metas\/#breadcrumb","itemListElement":[{"@type":"ListItem","position":1,"name":"A Semef","item":"https:\/\/www.manaus.am.gov.br\/semef\/a-semef\/"},{"@type":"ListItem","position":2,"name":"Objetivos e Metas"}]},{"@type":"WebSite","@id":"https:\/\/www.manaus.am.gov.br\/semef\/#website","url":"https:\/\/www.manaus.am.gov.br\/semef\/","name":"SEMEF","description":"Secretaria Municipal de Finan\u00e7as e Tecnologia da Informa\u00e7\u00e3o","potentialAction":[{"@type":"SearchAction","target":{"@type":"EntryPoint","urlTemplate":"https:\/\/www.manaus.am.gov.br\/semef\/?s={search_term_string}"},"query-input":"required name=search_term_string"}],"inLanguage":"pt-BR"}]}},"_links":{"self":[{"href":"https:\/\/www.manaus.am.gov.br\/semef\/wp-json\/wp\/v2\/pages\/196"}],"collection":[{"href":"https:\/\/www.manaus.am.gov.br\/semef\/wp-json\/wp\/v2\/pages"}],"about":[{"href":"https:\/\/www.manaus.am.gov.br\/semef\/wp-json\/wp\/v2\/types\/page"}],"author":[{"embeddable":true,"href":"https:\/\/www.manaus.am.gov.br\/semef\/wp-json\/wp\/v2\/users\/27"}],"replies":[{"embeddable":true,"href":"https:\/\/www.manaus.am.gov.br\/semef\/wp-json\/wp\/v2\/comments?post=196"}],"version-history":[{"count":14,"href":"https:\/\/www.manaus.am.gov.br\/semef\/wp-json\/wp\/v2\/pages\/196\/revisions"}],"predecessor-version":[{"id":4335,"href":"https:\/\/www.manaus.am.gov.br\/semef\/wp-json\/wp\/v2\/pages\/196\/revisions\/4335"}],"up":[{"embeddable":true,"href":"https:\/\/www.manaus.am.gov.br\/semef\/wp-json\/wp\/v2\/pages\/143"}],"wp:attachment":[{"href":"https:\/\/www.manaus.am.gov.br\/semef\/wp-json\/wp\/v2\/media?parent=196"}],"curies":[{"name":"wp","href":"https:\/\/api.w.org\/{rel}","templated":true}]}}

<p>-Aumentar a arrecadação municipal, combatendo a sonegação tributária, redução da inadimplência dos tributos e crescente melhoria dos serviços aos contribuintes;</p>



<p>-Lançar o aplicativo SEMEF ATENDE DIGITAL para pagamento de tributos aos contribuintes e, ainda, que servirá de base para o acesso a diversos serviços tributários;</p>



<p>-Dar continuidade ao trabalho de melhoria dos relatórios de malha fiscal;</p>



<p>-Desenvolver os módulos IPTU ONLINE E ITBI ONLINE;</p>



<p>-Ampliar as medidas de proteção do equilíbrio fiscal de longo prazo, priorizando o financiamento de projetos que aumentem a arrecadação ou que facilitem o planejamento de curto e médio prazo pelas Secretarias quando da captação de recursos por meio de operações de crédito, com vista no aumento da capacidade de investimentos do Município com recursos próprios;</p>



<p>-Ampliar os recursos financeiros repassados pela União e Estado, derivados das transferências constitucionais e legais, através da correção de valores, bem como, por convênios, transferências fundo a fundo e emendas parlamentares, buscando o fortalecimento de serviços e aperfeiçoamentos de capital de interesse comum;</p>



<p>-Aperfeiçoar o Planejamento de curto e médio prazo, com a implantação do PPA Participativo e de novo Plano Plurianual – PPA 2026-2029, além de efetuar melhorias continuas no novo portal PPA Manaus, com iniciação de práticas de regionalização;</p>



<p>-Implantar o Sistema Municipal de Pagamento ao Fornecedor (Simpaf);</p>



<p>-Otimizar relatórios de gestão contábil e fiscal, e aperfeiçoar o sistema gerencial de dívida pública;</p>



<p>-Aumentar a capacidade de armazenamento e processamento no datacenter da Prefeitura de Manaus;</p>



<p>-Fortalecer o uso do ambiente de geocolaboração gestão municipal;</p>



<p>-Implantar o Plano Diretor de Tecnologia da Informação na Prefeitura de Manaus;</p>



<p>-Consolidar a Segurança da informação na Prefeitura de Manaus;</p>



<p>-Implantar o Cadastro Integrado Municipal na Prefeitura de Manaus;</p>



<p>-Implantar o Governo Digital da Prefeitura de Manaus;</p>



<p>-Ampliar as funcionalidades e serviços do Sistema de Licenciamento Integrado Municipal (Slim);</p>



<p>-Atualizar e ampliar a automação das informações da Rede Nacional para a Simplificação do Registro e da Legalização de Empresas e Negócios (RedeSim) para redução contínua do tempo de abertura de empresas em Manaus;</p>



<p>-Ampliação da desburocratização, redesenho dos processos internos e melhoria do Ambiente de Negócios em Manaus;</p>



<p>-Consolidar os processos de gestão estratégica e de metas do município.</p>

<!-- This site is optimized with the Yoast SEO plugin v23.0 - https://yoast.com/wordpress/plugins/seo/ -->
<title>Objetivos e Metas - SEMEF</title>
<meta name="robots" content="index, follow, max-snippet:-1, max-image-preview:large, max-video-preview:-1" />
<link rel="canonical" href="https://www.manaus.am.gov.br/semef/a-semef/acoes-e-metas/" />
<meta property="og:locale" content="pt_BR" />
<meta property="og:type" content="article" />
<meta property="og:title" content="Objetivos e Metas - SEMEF" />
<meta property="og:url" content="https://www.manaus.am.gov.br/semef/a-semef/acoes-e-metas/" />
<meta property="og:site_name" content="SEMEF" />
<meta property="article:modified_time" content="2025-07-17T14:20:55+00:00" />
<meta name="twitter:card" content="summary_large_image" />
<meta name="twitter:label1" content="Est. reading time" />
	<meta name="twitter:data1" content="2 minutos" />
<script type="application/ld+json" class="yoast-schema-graph">{"@context":"https://schema.org","@graph":[{"@type":"WebPage","@id":"https://www.manaus.am.gov.br/semef/a-semef/acoes-e-metas/","url":"https://www.manaus.am.gov.br/semef/a-semef/acoes-e-metas/","name":"Objetivos e Metas - SEMEF","isPartOf":{"@id":"https://www.manaus.am.gov.br/semef/#website"},"datePublished":"2022-12-23T19:22:05+00:00","dateModified":"2025-07-17T14:20:55+00:00","breadcrumb":{"@id":"https://www.manaus.am.gov.br/semef/a-semef/acoes-e-metas/#breadcrumb"},"inLanguage":"pt-BR","potentialAction":[{"@type":"ReadAction","target":["https://www.manaus.am.gov.br/semef/a-semef/acoes-e-metas/"]}]},{"@type":"BreadcrumbList","@id":"https://www.manaus.am.gov.br/semef/a-semef/acoes-e-metas/#breadcrumb","itemListElement":[{"@type":"ListItem","position":1,"name":"A Semef","item":"https://www.manaus.am.gov.br/semef/a-semef/"},{"@type":"ListItem","position":2,"name":"Objetivos e Metas"}]},{"@type":"WebSite","@id":"https://www.manaus.am.gov.br/semef/#website","url":"https://www.manaus.am.gov.br/semef/","name":"SEMEF","description":"Secretaria Municipal de Finanças e Tecnologia da Informação","potentialAction":[{"@type":"SearchAction","target":{"@type":"EntryPoint","urlTemplate":"https://www.manaus.am.gov.br/semef/?s={search_term_string}"},"query-input":"required name=search_term_string"}],"inLanguage":"pt-BR"}]}</script>
<!-- / Yoast SEO plugin. -->

Secretaria Municipal de Finanças e Tecnologia da Informação
