{"id":1171,"date":"2023-04-04T09:57:35","date_gmt":"2023-04-04T13:57:35","guid":{"rendered":"https:\/\/www.manaus.am.gov.br\/semef\/?page_id=1171"},"modified":"2026-01-30T12:11:29","modified_gmt":"2026-01-30T16:11:29","slug":"calendario-fiscal","status":"publish","type":"page","link":"https:\/\/www.manaus.am.gov.br\/semef\/calendario-fiscal\/","title":{"rendered":"Calend\u00e1rio Fiscal"},"content":{"rendered":"<div class=\"wp-block-image\">\n<figure class=\"aligncenter size-full\"><a href=\"https:\/\/www.manaus.am.gov.br\/semef\/wp-content\/uploads\/sites\/7\/2026\/01\/CALENDARIOFISCAL2026-A4.png\"><img loading=\"lazy\" decoding=\"async\" width=\"878\" height=\"621\" src=\"https:\/\/www.manaus.am.gov.br\/semef\/wp-content\/uploads\/sites\/7\/2026\/01\/CALENDARIOFISCAL2026-A4.png\" alt=\"\" class=\"wp-image-4914\" srcset=\"https:\/\/www.manaus.am.gov.br\/semef\/wp-content\/uploads\/sites\/7\/2026\/01\/CALENDARIOFISCAL2026-A4.png 878w, https:\/\/www.manaus.am.gov.br\/semef\/wp-content\/uploads\/sites\/7\/2026\/01\/CALENDARIOFISCAL2026-A4-300x212.png 300w, https:\/\/www.manaus.am.gov.br\/semef\/wp-content\/uploads\/sites\/7\/2026\/01\/CALENDARIOFISCAL2026-A4-768x543.png 768w\" sizes=\"(max-width: 878px) 100vw, 878px\" \/><\/a><\/figure><\/div>","protected":false},"excerpt":{"rendered":"","protected":false},"author":27,"featured_media":0,"parent":0,"menu_order":0,"comment_status":"closed","ping_status":"closed","template":"templates\/prefeitura.php","meta":{"footnotes":""},"acf":[],"yoast_head":"<!-- This site is optimized with the Yoast SEO plugin v23.0 - https:\/\/yoast.com\/wordpress\/plugins\/seo\/ -->\n<title>Calend\u00e1rio Fiscal - SEMEF<\/title>\n<meta name=\"robots\" content=\"index, follow, max-snippet:-1, max-image-preview:large, max-video-preview:-1\" \/>\n<link rel=\"canonical\" href=\"https:\/\/www.manaus.am.gov.br\/semef\/calendario-fiscal\/\" \/>\n<meta property=\"og:locale\" content=\"pt_BR\" \/>\n<meta property=\"og:type\" content=\"article\" \/>\n<meta property=\"og:title\" content=\"Calend\u00e1rio Fiscal - SEMEF\" \/>\n<meta property=\"og:url\" content=\"https:\/\/www.manaus.am.gov.br\/semef\/calendario-fiscal\/\" \/>\n<meta property=\"og:site_name\" content=\"SEMEF\" \/>\n<meta property=\"article:modified_time\" content=\"2026-01-30T16:11:29+00:00\" \/>\n<meta property=\"og:image\" content=\"https:\/\/www.manaus.am.gov.br\/semef\/wp-content\/uploads\/sites\/7\/2026\/01\/CALENDARIOFISCAL2026-A4.png\" \/>\n<meta name=\"twitter:card\" content=\"summary_large_image\" \/>\n<meta name=\"twitter:label1\" content=\"Est. reading time\" \/>\n\t<meta name=\"twitter:data1\" content=\"1 minuto\" \/>\n<script type=\"application\/ld+json\" class=\"yoast-schema-graph\">{\"@context\":\"https:\/\/schema.org\",\"@graph\":[{\"@type\":\"WebPage\",\"@id\":\"https:\/\/www.manaus.am.gov.br\/semef\/calendario-fiscal\/\",\"url\":\"https:\/\/www.manaus.am.gov.br\/semef\/calendario-fiscal\/\",\"name\":\"Calend\u00e1rio Fiscal - SEMEF\",\"isPartOf\":{\"@id\":\"https:\/\/www.manaus.am.gov.br\/semef\/#website\"},\"primaryImageOfPage\":{\"@id\":\"https:\/\/www.manaus.am.gov.br\/semef\/calendario-fiscal\/#primaryimage\"},\"image\":{\"@id\":\"https:\/\/www.manaus.am.gov.br\/semef\/calendario-fiscal\/#primaryimage\"},\"thumbnailUrl\":\"https:\/\/www.manaus.am.gov.br\/semef\/wp-content\/uploads\/sites\/7\/2026\/01\/CALENDARIOFISCAL2026-A4.png\",\"datePublished\":\"2023-04-04T13:57:35+00:00\",\"dateModified\":\"2026-01-30T16:11:29+00:00\",\"inLanguage\":\"pt-BR\",\"potentialAction\":[{\"@type\":\"ReadAction\",\"target\":[\"https:\/\/www.manaus.am.gov.br\/semef\/calendario-fiscal\/\"]}]},{\"@type\":\"ImageObject\",\"inLanguage\":\"pt-BR\",\"@id\":\"https:\/\/www.manaus.am.gov.br\/semef\/calendario-fiscal\/#primaryimage\",\"url\":\"https:\/\/www.manaus.am.gov.br\/semef\/wp-content\/uploads\/sites\/7\/2026\/01\/CALENDARIOFISCAL2026-A4.png\",\"contentUrl\":\"https:\/\/www.manaus.am.gov.br\/semef\/wp-content\/uploads\/sites\/7\/2026\/01\/CALENDARIOFISCAL2026-A4.png\"},{\"@type\":\"WebSite\",\"@id\":\"https:\/\/www.manaus.am.gov.br\/semef\/#website\",\"url\":\"https:\/\/www.manaus.am.gov.br\/semef\/\",\"name\":\"SEMEF\",\"description\":\"Secretaria Municipal de Finan\u00e7as e Tecnologia da Informa\u00e7\u00e3o\",\"potentialAction\":[{\"@type\":\"SearchAction\",\"target\":{\"@type\":\"EntryPoint\",\"urlTemplate\":\"https:\/\/www.manaus.am.gov.br\/semef\/?s={search_term_string}\"},\"query-input\":\"required name=search_term_string\"}],\"inLanguage\":\"pt-BR\"}]}<\/script>\n<!-- \/ Yoast SEO plugin. -->","yoast_head_json":{"title":"Calend\u00e1rio Fiscal - SEMEF","robots":{"index":"index","follow":"follow","max-snippet":"max-snippet:-1","max-image-preview":"max-image-preview:large","max-video-preview":"max-video-preview:-1"},"canonical":"https:\/\/www.manaus.am.gov.br\/semef\/calendario-fiscal\/","og_locale":"pt_BR","og_type":"article","og_title":"Calend\u00e1rio Fiscal - SEMEF","og_url":"https:\/\/www.manaus.am.gov.br\/semef\/calendario-fiscal\/","og_site_name":"SEMEF","article_modified_time":"2026-01-30T16:11:29+00:00","og_image":[{"url":"https:\/\/www.manaus.am.gov.br\/semef\/wp-content\/uploads\/sites\/7\/2026\/01\/CALENDARIOFISCAL2026-A4.png"}],"twitter_card":"summary_large_image","twitter_misc":{"Est. reading time":"1 minuto"},"schema":{"@context":"https:\/\/schema.org","@graph":[{"@type":"WebPage","@id":"https:\/\/www.manaus.am.gov.br\/semef\/calendario-fiscal\/","url":"https:\/\/www.manaus.am.gov.br\/semef\/calendario-fiscal\/","name":"Calend\u00e1rio Fiscal - SEMEF","isPartOf":{"@id":"https:\/\/www.manaus.am.gov.br\/semef\/#website"},"primaryImageOfPage":{"@id":"https:\/\/www.manaus.am.gov.br\/semef\/calendario-fiscal\/#primaryimage"},"image":{"@id":"https:\/\/www.manaus.am.gov.br\/semef\/calendario-fiscal\/#primaryimage"},"thumbnailUrl":"https:\/\/www.manaus.am.gov.br\/semef\/wp-content\/uploads\/sites\/7\/2026\/01\/CALENDARIOFISCAL2026-A4.png","datePublished":"2023-04-04T13:57:35+00:00","dateModified":"2026-01-30T16:11:29+00:00","inLanguage":"pt-BR","potentialAction":[{"@type":"ReadAction","target":["https:\/\/www.manaus.am.gov.br\/semef\/calendario-fiscal\/"]}]},{"@type":"ImageObject","inLanguage":"pt-BR","@id":"https:\/\/www.manaus.am.gov.br\/semef\/calendario-fiscal\/#primaryimage","url":"https:\/\/www.manaus.am.gov.br\/semef\/wp-content\/uploads\/sites\/7\/2026\/01\/CALENDARIOFISCAL2026-A4.png","contentUrl":"https:\/\/www.manaus.am.gov.br\/semef\/wp-content\/uploads\/sites\/7\/2026\/01\/CALENDARIOFISCAL2026-A4.png"},{"@type":"WebSite","@id":"https:\/\/www.manaus.am.gov.br\/semef\/#website","url":"https:\/\/www.manaus.am.gov.br\/semef\/","name":"SEMEF","description":"Secretaria Municipal de Finan\u00e7as e Tecnologia da Informa\u00e7\u00e3o","potentialAction":[{"@type":"SearchAction","target":{"@type":"EntryPoint","urlTemplate":"https:\/\/www.manaus.am.gov.br\/semef\/?s={search_term_string}"},"query-input":"required name=search_term_string"}],"inLanguage":"pt-BR"}]}},"_links":{"self":[{"href":"https:\/\/www.manaus.am.gov.br\/semef\/wp-json\/wp\/v2\/pages\/1171"}],"collection":[{"href":"https:\/\/www.manaus.am.gov.br\/semef\/wp-json\/wp\/v2\/pages"}],"about":[{"href":"https:\/\/www.manaus.am.gov.br\/semef\/wp-json\/wp\/v2\/types\/page"}],"author":[{"embeddable":true,"href":"https:\/\/www.manaus.am.gov.br\/semef\/wp-json\/wp\/v2\/users\/27"}],"replies":[{"embeddable":true,"href":"https:\/\/www.manaus.am.gov.br\/semef\/wp-json\/wp\/v2\/comments?post=1171"}],"version-history":[{"count":8,"href":"https:\/\/www.manaus.am.gov.br\/semef\/wp-json\/wp\/v2\/pages\/1171\/revisions"}],"predecessor-version":[{"id":4915,"href":"https:\/\/www.manaus.am.gov.br\/semef\/wp-json\/wp\/v2\/pages\/1171\/revisions\/4915"}],"wp:attachment":[{"href":"https:\/\/www.manaus.am.gov.br\/semef\/wp-json\/wp\/v2\/media?parent=1171"}],"curies":[{"name":"wp","href":"https:\/\/api.w.org\/{rel}","templated":true}]}}

Calendário Fiscal

<!-- This site is optimized with the Yoast SEO plugin v23.0 - https://yoast.com/wordpress/plugins/seo/ -->
<title>Calendário Fiscal - SEMEF</title>
<meta name="robots" content="index, follow, max-snippet:-1, max-image-preview:large, max-video-preview:-1" />
<link rel="canonical" href="https://www.manaus.am.gov.br/semef/calendario-fiscal/" />
<meta property="og:locale" content="pt_BR" />
<meta property="og:type" content="article" />
<meta property="og:title" content="Calendário Fiscal - SEMEF" />
<meta property="og:url" content="https://www.manaus.am.gov.br/semef/calendario-fiscal/" />
<meta property="og:site_name" content="SEMEF" />
<meta property="article:modified_time" content="2026-01-30T16:11:29+00:00" />
<meta property="og:image" content="https://www.manaus.am.gov.br/semef/wp-content/uploads/sites/7/2026/01/CALENDARIOFISCAL2026-A4.png" />
<meta name="twitter:card" content="summary_large_image" />
<meta name="twitter:label1" content="Est. reading time" />
	<meta name="twitter:data1" content="1 minuto" />
<script type="application/ld+json" class="yoast-schema-graph">{"@context":"https://schema.org","@graph":[{"@type":"WebPage","@id":"https://www.manaus.am.gov.br/semef/calendario-fiscal/","url":"https://www.manaus.am.gov.br/semef/calendario-fiscal/","name":"Calendário Fiscal - SEMEF","isPartOf":{"@id":"https://www.manaus.am.gov.br/semef/#website"},"primaryImageOfPage":{"@id":"https://www.manaus.am.gov.br/semef/calendario-fiscal/#primaryimage"},"image":{"@id":"https://www.manaus.am.gov.br/semef/calendario-fiscal/#primaryimage"},"thumbnailUrl":"https://www.manaus.am.gov.br/semef/wp-content/uploads/sites/7/2026/01/CALENDARIOFISCAL2026-A4.png","datePublished":"2023-04-04T13:57:35+00:00","dateModified":"2026-01-30T16:11:29+00:00","inLanguage":"pt-BR","potentialAction":[{"@type":"ReadAction","target":["https://www.manaus.am.gov.br/semef/calendario-fiscal/"]}]},{"@type":"ImageObject","inLanguage":"pt-BR","@id":"https://www.manaus.am.gov.br/semef/calendario-fiscal/#primaryimage","url":"https://www.manaus.am.gov.br/semef/wp-content/uploads/sites/7/2026/01/CALENDARIOFISCAL2026-A4.png","contentUrl":"https://www.manaus.am.gov.br/semef/wp-content/uploads/sites/7/2026/01/CALENDARIOFISCAL2026-A4.png"},{"@type":"WebSite","@id":"https://www.manaus.am.gov.br/semef/#website","url":"https://www.manaus.am.gov.br/semef/","name":"SEMEF","description":"Secretaria Municipal de Finanças e Tecnologia da Informação","potentialAction":[{"@type":"SearchAction","target":{"@type":"EntryPoint","urlTemplate":"https://www.manaus.am.gov.br/semef/?s={search_term_string}"},"query-input":"required name=search_term_string"}],"inLanguage":"pt-BR"}]}</script>
<!-- / Yoast SEO plugin. -->

Calendário Fiscal - SEMEF

Secretaria Municipal de Finanças e Tecnologia da Informação
